000
CDUS41 KBTV 210550
CLIMSS


CLIMATE REPORT
NATIONAL WEATHER SERVICE BURLINGTON VT
1246 AM EST SAT JAN 21 2017


...................................

...THE MASSENA NY CLIMATE SUMMARY FOR JANUARY 20 2017...

CLIMATE NORMAL PERIOD 1981 TO 2010
CLIMATE RECORD PERIOD 1948 TO 2017


WEATHER ITEM   OBSERVED TIME   RECORD YEAR NORMAL DEPARTURE LAST
                VALUE   (LST)  VALUE       VALUE  FROM      YEAR
                                                  NORMAL
..................................................................
TEMPERATURE (F)
 YESTERDAY
  MAXIMUM         38    237 PM  47    2013  24     14       23
                                      2006
  MINIMUM         33    905 AM -21    1974   4     29        2
  AVERAGE         36                        14     22       13

PRECIPITATION (IN)
  YESTERDAY        T             1.17        0.07  -0.07      T
  MONTH TO DATE    1.43                      1.47  -0.04     0.38
  SINCE DEC 1      3.76                      3.90  -0.14     3.03
  SINCE JAN 1      1.43                      1.47  -0.04     0.38

DEGREE DAYS
 HEATING
  YESTERDAY       29                        51    -22       52
  MONTH TO DATE  805                      1007   -202      910
  SINCE DEC 1   2028                      2337   -309     1781
  SINCE JUL 1   3434                      4106   -672     3255

 COOLING
  YESTERDAY        0                         0      0        0
  MONTH TO DATE    0                         0      0        0
  SINCE DEC 1      0                         0      0        0
  SINCE JAN 1      0                         0      0        0
..................................................................


WIND (MPH)
  HIGHEST WIND SPEED     9   HIGHEST WIND DIRECTION    SE (120)
  HIGHEST GUST SPEED    12   HIGHEST GUST DIRECTION    SE (140)
  AVERAGE WIND SPEED     2.5


SKY COVER
  AVERAGE SKY COVER 1.0


WEATHER CONDITIONS
 THE FOLLOWING WEATHER WAS RECORDED YESTERDAY.
  LIGHT RAIN
  FOG


RELATIVE HUMIDITY (PERCENT)
 HIGHEST   100           100 AM
 LOWEST     76          1200 PM
 AVERAGE    88

..........................................................


THE MASSENA NY CLIMATE NORMALS FOR TODAY
                         NORMAL    RECORD    YEAR
 MAXIMUM TEMPERATURE (F)   24        57      1959
 MINIMUM TEMPERATURE (F)    4       -27      2005


SUNRISE AND SUNSET
JANUARY 21 2017.......SUNRISE   730 AM EST   SUNSET   452 PM EST
JANUARY 22 2017.......SUNRISE   729 AM EST   SUNSET   454 PM EST


-  INDICATES NEGATIVE NUMBERS.
R  INDICATES RECORD WAS SET OR TIED.
MM INDICATES DATA IS MISSING.
T  INDICATES TRACE AMOUNT.




$$
