000
CDUS41 KBTV 010603
CLIMSS


CLIMATE REPORT
NATIONAL WEATHER SERVICE BURLINGTON VT
156 AM EDT SUN MAY 1 2016


...................................

...THE MASSENA NY CLIMATE SUMMARY FOR APRIL 30 2016...

CLIMATE NORMAL PERIOD 1981 TO 2010
CLIMATE RECORD PERIOD 1948 TO 2016


WEATHER ITEM   OBSERVED TIME   RECORD YEAR NORMAL DEPARTURE LAST
                VALUE   (LST)  VALUE       VALUE  FROM      YEAR
                                                  NORMAL
..................................................................
TEMPERATURE (F)
 YESTERDAY
  MAXIMUM         60    323 PM  82    2004  61     -1       65
  MINIMUM         26    446 AM  24    2012  38    -12       39
  AVERAGE         43                        50     -7       52

PRECIPITATION (IN)
  YESTERDAY        0.00          1.08        0.10  -0.10     0.00
  MONTH TO DATE    1.66                      2.82  -1.16     2.48
  SINCE MAR 1      3.89                      4.91  -1.02     3.02
  SINCE JAN 1      8.55                      8.86  -0.31     4.44

DEGREE DAYS
 HEATING
  YESTERDAY       22                        15      7       13
  MONTH TO DATE  760                       650    110      640
  SINCE MAR 1   1766                      1795    -29     1935
  SINCE JUL 1   6812                      7782   -970     8101

 COOLING
  YESTERDAY        0                         0      0        0
  MONTH TO DATE    0                         1     -1        0
  SINCE MAR 1      0                         1     -1        0
  SINCE JAN 1      0                         1     -1        0
..................................................................


WIND (MPH)
  HIGHEST WIND SPEED    14   HIGHEST WIND DIRECTION    NE (50)
  HIGHEST GUST SPEED    20   HIGHEST GUST DIRECTION    NE (50)
  AVERAGE WIND SPEED     5.9


SKY COVER
  AVERAGE SKY COVER 0.0


WEATHER CONDITIONS
 THE FOLLOWING WEATHER WAS RECORDED YESTERDAY.
  NO SIGNIFICANT WEATHER WAS OBSERVED.


RELATIVE HUMIDITY (PERCENT)
 HIGHEST    85           200 AM
 LOWEST     19           400 PM
 AVERAGE    52

..........................................................


THE MASSENA NY CLIMATE NORMALS FOR TODAY
                         NORMAL    RECORD    YEAR
 MAXIMUM TEMPERATURE (F)   62        86      1970
 MINIMUM TEMPERATURE (F)   39        26      1969


SUNRISE AND SUNSET
MAY  1 2016...........SUNRISE   548 AM EDT   SUNSET   805 PM EDT
MAY  2 2016...........SUNRISE   547 AM EDT   SUNSET   807 PM EDT


-  INDICATES NEGATIVE NUMBERS.
R  INDICATES RECORD WAS SET OR TIED.
MM INDICATES DATA IS MISSING.
T  INDICATES TRACE AMOUNT.




$$
