000
CDUS41 KBTV 030614
CLIMSS


CLIMATE REPORT
NATIONAL WEATHER SERVICE BURLINGTON VT
213 AM EDT MON AUG 3 2015


...................................

...THE MASSENA NY CLIMATE SUMMARY FOR AUGUST 2 2015...

CLIMATE NORMAL PERIOD 1981 TO 2010
CLIMATE RECORD PERIOD 1948 TO 2015


WEATHER ITEM   OBSERVED TIME   RECORD YEAR NORMAL DEPARTURE LAST
                VALUE   (LST)  VALUE       VALUE  FROM      YEAR
                                                  NORMAL
..................................................................
TEMPERATURE (F)
 YESTERDAY
  MAXIMUM         82    342 PM  98    1975  79      3       84
  MINIMUM         56    132 AM  40    1956  58     -2       56
  AVERAGE         69                        68      1       70

PRECIPITATION (IN)
  YESTERDAY        T             0.82        0.12  -0.12     0.51
  MONTH TO DATE    0.71                      0.24   0.47     0.51
  SINCE JUN 1      9.25                      7.33   1.92    10.91
  SINCE JAN 1     15.24                     19.26  -4.02    20.84

DEGREE DAYS
 HEATING
  YESTERDAY        0                         1     -1        0
  MONTH TO DATE    0                         2     -2        0
  SINCE JUN 1    123                       121      2       60
  SINCE JUL 1     22                        25     -3       22

 COOLING
  YESTERDAY        4                         4      0        5
  MONTH TO DATE    7                         8     -1        7
  SINCE JUN 1    210                       228    -18      198
  SINCE JAN 1    255                       242     13      213
..................................................................


WIND (MPH)
  HIGHEST WIND SPEED    21   HIGHEST WIND DIRECTION    SW (220)
  HIGHEST GUST SPEED    28   HIGHEST GUST DIRECTION    SW (240)
  AVERAGE WIND SPEED    10.4


SKY COVER
  AVERAGE SKY COVER 0.1


WEATHER CONDITIONS
 THE FOLLOWING WEATHER WAS RECORDED YESTERDAY.
  LIGHT RAIN


RELATIVE HUMIDITY (PERCENT)
 HIGHEST    93           200 AM
 LOWEST     42           400 PM
 AVERAGE    68

..........................................................


THE MASSENA NY CLIMATE NORMALS FOR TODAY
                         NORMAL    RECORD    YEAR
 MAXIMUM TEMPERATURE (F)   79        96      1988
 MINIMUM TEMPERATURE (F)   58        39      1953


SUNRISE AND SUNSET
AUGUST  3 2015........SUNRISE   547 AM EDT   SUNSET   824 PM EDT
AUGUST  4 2015........SUNRISE   548 AM EDT   SUNSET   822 PM EDT


-  INDICATES NEGATIVE NUMBERS.
R  INDICATES RECORD WAS SET OR TIED.
MM INDICATES DATA IS MISSING.
T  INDICATES TRACE AMOUNT.




$$
