000
CDUS41 KBTV 260541
CLIMSS


CLIMATE REPORT
NATIONAL WEATHER SERVICE BURLINGTON VT
137 AM EDT WED JUL 26 2017


...................................

...THE MASSENA NY CLIMATE SUMMARY FOR JULY 25 2017...

CLIMATE NORMAL PERIOD 1981 TO 2010
CLIMATE RECORD PERIOD 1948 TO 2017


WEATHER ITEM   OBSERVED TIME   RECORD YEAR NORMAL DEPARTURE LAST
                VALUE   (LST)  VALUE       VALUE  FROM      YEAR
                                                  NORMAL
..................................................................
TEMPERATURE (F)
 YESTERDAY
  MAXIMUM         72    454 PM  92    1989  80     -8       81
  MINIMUM         54   1159 PM  43    1953  58     -4       57
  AVERAGE         63                        69     -6       69

PRECIPITATION (IN)
  YESTERDAY        0.18          2.04        0.12   0.06     0.88
  MONTH TO DATE    5.18                      2.86   2.32     2.97
  SINCE JUN 1     11.28                      6.38   4.90     7.66
  SINCE JAN 1     25.93                     18.31   7.62    17.00

DEGREE DAYS
 HEATING
  YESTERDAY        2                         1      1        0
  MONTH TO DATE    5                        25    -20        9
  SINCE JUN 1     99                       121    -22       74
  SINCE JUL 1      5                        25    -20        9

 COOLING
  YESTERDAY        0                         5     -5        4
  MONTH TO DATE  110                       122    -12      126
  SINCE JUN 1    188                       197     -9      193
  SINCE JAN 1    204                       211     -7      239
..................................................................


WIND (MPH)
  HIGHEST WIND SPEED    17   HIGHEST WIND DIRECTION    NE (50)
  HIGHEST GUST SPEED    23   HIGHEST GUST DIRECTION    NE (60)
  AVERAGE WIND SPEED     8.2


SKY COVER
  AVERAGE SKY COVER 0.7


WEATHER CONDITIONS
 THE FOLLOWING WEATHER WAS RECORDED YESTERDAY.
  RAIN
  LIGHT RAIN
  FOG


RELATIVE HUMIDITY (PERCENT)
 HIGHEST   100          1200 AM
 LOWEST     61           500 PM
 AVERAGE    81

..........................................................


THE MASSENA NY CLIMATE NORMALS FOR TODAY
                         NORMAL    RECORD    YEAR
 MAXIMUM TEMPERATURE (F)   80        92      1989
 MINIMUM TEMPERATURE (F)   58        44      2013


SUNRISE AND SUNSET
JULY 26 2017..........SUNRISE   539 AM EDT   SUNSET   833 PM EDT
JULY 27 2017..........SUNRISE   540 AM EDT   SUNSET   832 PM EDT


-  INDICATES NEGATIVE NUMBERS.
R  INDICATES RECORD WAS SET OR TIED.
MM INDICATES DATA IS MISSING.
T  INDICATES TRACE AMOUNT.




$$
