000
CDUS41 KBTV 230602
CLIMSS


CLIMATE REPORT
NATIONAL WEATHER SERVICE BURLINGTON VT
159 AM EDT SAT JUL 23 2016


...................................

...THE MASSENA NY CLIMATE SUMMARY FOR JULY 22 2016...

CLIMATE NORMAL PERIOD 1981 TO 2010
CLIMATE RECORD PERIOD 1948 TO 2016


WEATHER ITEM   OBSERVED TIME   RECORD YEAR NORMAL DEPARTURE LAST
                VALUE   (LST)  VALUE       VALUE  FROM      YEAR
                                                  NORMAL
..................................................................
TEMPERATURE (F)
 YESTERDAY
  MAXIMUM         91    400 PM  96    1955  80     11       75
  MINIMUM         65   1153 PM  44    1992  58      7       55
  AVERAGE         78                        69      9       65

PRECIPITATION (IN)
  YESTERDAY        0.19          0.95        0.12   0.07     0.04
  MONTH TO DATE    2.09                      2.49  -0.40     3.02
  SINCE JUN 1      6.78                      6.01   0.77     8.14
  SINCE JAN 1     16.12                     17.94  -1.82    14.13

DEGREE DAYS
 HEATING
  YESTERDAY        0                         1     -1        0
  MONTH TO DATE    9                        22    -13       22
  SINCE JUN 1     74                       118    -44      123
  SINCE JUL 1      9                        22    -13       22

 COOLING
  YESTERDAY       13                         5      8        0
  MONTH TO DATE  114                       107      7       89
  SINCE JUN 1    181                       182     -1      136
  SINCE JAN 1    227                       196     31      181
..................................................................


WIND (MPH)
  HIGHEST WIND SPEED    23   HIGHEST WIND DIRECTION    NW (300)
  HIGHEST GUST SPEED    32   HIGHEST GUST DIRECTION    NW (310)
  AVERAGE WIND SPEED    12.3


SKY COVER
  AVERAGE SKY COVER 0.3


WEATHER CONDITIONS
 THE FOLLOWING WEATHER WAS RECORDED YESTERDAY.
  THUNDERSTORM
  RAIN
  LIGHT RAIN


RELATIVE HUMIDITY (PERCENT)
 HIGHEST    81          1100 PM
 LOWEST     41           300 PM
 AVERAGE    61

..........................................................


THE MASSENA NY CLIMATE NORMALS FOR TODAY
                         NORMAL    RECORD    YEAR
 MAXIMUM TEMPERATURE (F)   80        92      2012
                                             1952
 MINIMUM TEMPERATURE (F)   58        47      1962


SUNRISE AND SUNSET
JULY 23 2016..........SUNRISE   536 AM EDT   SUNSET   836 PM EDT
JULY 24 2016..........SUNRISE   537 AM EDT   SUNSET   835 PM EDT


-  INDICATES NEGATIVE NUMBERS.
R  INDICATES RECORD WAS SET OR TIED.
MM INDICATES DATA IS MISSING.
T  INDICATES TRACE AMOUNT.




$$
