000
CDUS41 KBTV 180649
CLIMSS


CLIMATE REPORT
NATIONAL WEATHER SERVICE BURLINGTON VT
249 AM EDT THU SEP 18 2014


...................................

...THE MASSENA NY CLIMATE SUMMARY FOR SEPTEMBER 17 2014...

CLIMATE NORMAL PERIOD 1981 TO 2010
CLIMATE RECORD PERIOD 1948 TO 2014


WEATHER ITEM   OBSERVED TIME   RECORD YEAR NORMAL DEPARTURE LAST
                VALUE   (LST)  VALUE       VALUE  FROM      YEAR
                                                  NORMAL
..................................................................
TEMPERATURE (F)
 YESTERDAY
  MAXIMUM         66    236 PM  84    1972  69     -3       63
  MINIMUM         42    602 AM  30    1973  47     -5       35
  AVERAGE         54                        58     -4       49

PRECIPITATION (IN)
  YESTERDAY        T             1.40        0.12  -0.12     0.00
  MONTH TO DATE    1.03                      1.99  -0.96     3.73
  SINCE SEP 1      1.03                      1.99  -0.96     3.73
  SINCE JAN 1     26.49                     24.53   1.96    26.85

DEGREE DAYS
 HEATING
  YESTERDAY       11                         8      3       16
  MONTH TO DATE   98                        90      8      122
  SINCE SEP 1     98                        90      8      122
  SINCE JUL 1    158                       165     -7      178

 COOLING
  YESTERDAY        0                         1     -1        0
  MONTH TO DATE   39                        22     17       30
  SINCE SEP 1     39                        22     17       30
  SINCE JAN 1    327                       358    -31      417
..................................................................


WIND (MPH)
  HIGHEST WIND SPEED    18   HIGHEST WIND DIRECTION    SW (210)
  HIGHEST GUST SPEED    23   HIGHEST GUST DIRECTION    SW (210)
  AVERAGE WIND SPEED     8.7


SKY COVER
  AVERAGE SKY COVER 0.5


WEATHER CONDITIONS
 THE FOLLOWING WEATHER WAS RECORDED YESTERDAY.
  LIGHT RAIN


RELATIVE HUMIDITY (PERCENT)
 HIGHEST   100          1200 AM
 LOWEST     52           200 PM
 AVERAGE    76

..........................................................


THE MASSENA NY CLIMATE NORMALS FOR TODAY
                         NORMAL    RECORD    YEAR
 MAXIMUM TEMPERATURE (F)   69        86      1955
 MINIMUM TEMPERATURE (F)   47        33      1969


SUNRISE AND SUNSET
SEPTEMBER 18 2014.....SUNRISE   642 AM EDT   SUNSET   705 PM EDT
SEPTEMBER 19 2014.....SUNRISE   643 AM EDT   SUNSET   703 PM EDT


-  INDICATES NEGATIVE NUMBERS.
R  INDICATES RECORD WAS SET OR TIED.
MM INDICATES DATA IS MISSING.
T  INDICATES TRACE AMOUNT.




$$
