000
CDUS41 KBTV 250542
CLIMSS


CLIMATE REPORT
NATIONAL WEATHER SERVICE BURLINGTON VT
1237 AM EST TUE NOV 25 2014


...................................

...THE MASSENA NY CLIMATE SUMMARY FOR NOVEMBER 24 2014...

CLIMATE NORMAL PERIOD 1981 TO 2010
CLIMATE RECORD PERIOD 1948 TO 2014


WEATHER ITEM   OBSERVED TIME   RECORD YEAR NORMAL DEPARTURE LAST
                VALUE   (LST)  VALUE       VALUE  FROM      YEAR
                                                  NORMAL
..................................................................
TEMPERATURE (F)
 YESTERDAY
  MAXIMUM         70R   153 PM  69    2003  40     30       20
  MINIMUM         41   1229 AM  -8    2000  24     17       11
  AVERAGE         56                        32     24       16

PRECIPITATION (IN)
  YESTERDAY        0.51          0.78        0.09   0.42      T
  MONTH TO DATE    1.44                      2.47  -1.03     1.74
  SINCE SEP 1      4.69                      9.43  -4.74     9.84
  SINCE JAN 1     30.15                     31.97  -1.82    32.96

DEGREE DAYS
 HEATING
  YESTERDAY        9                        33    -24       49
  MONTH TO DATE  668                       682    -14      696
  SINCE SEP 1   1297                      1488   -191     1421
  SINCE JUL 1   1357                      1563   -206     1477

 COOLING
  YESTERDAY        0                         0      0        0
  MONTH TO DATE    0                         0      0        0
  SINCE SEP 1     48                        27     21       31
  SINCE JAN 1    336                       363    -27      418
..................................................................


WIND (MPH)
  HIGHEST WIND SPEED    37   HIGHEST WIND DIRECTION    SW (220)
  HIGHEST GUST SPEED    50   HIGHEST GUST DIRECTION    SW (230)
  AVERAGE WIND SPEED    18.3


SKY COVER
  AVERAGE SKY COVER 0.5


WEATHER CONDITIONS
 THE FOLLOWING WEATHER WAS RECORDED YESTERDAY.
  HEAVY RAIN
  RAIN
  LIGHT RAIN
  FOG


RELATIVE HUMIDITY (PERCENT)
 HIGHEST    89          1200 AM
 LOWEST     53           200 PM
 AVERAGE    71

..........................................................


THE MASSENA NY CLIMATE NORMALS FOR TODAY
                         NORMAL    RECORD    YEAR
 MAXIMUM TEMPERATURE (F)   39        67      2001
 MINIMUM TEMPERATURE (F)   24         5      2005


SUNRISE AND SUNSET
NOVEMBER 25 2014......SUNRISE   710 AM EST   SUNSET   423 PM EST
NOVEMBER 26 2014......SUNRISE   711 AM EST   SUNSET   422 PM EST


-  INDICATES NEGATIVE NUMBERS.
R  INDICATES RECORD WAS SET OR TIED.
MM INDICATES DATA IS MISSING.
T  INDICATES TRACE AMOUNT.




$$
