000
CDUS42 KKEY 310733
CLIMTH

CLIMATE REPORT
NATIONAL WEATHER SERVICE KEY WEST FL
335 AM EDT THU JUL 31 2014

...................................

...THE MARATHON CLIMATE SUMMARY FOR JULY 30 2014...

CLIMATE NORMAL PERIOD 1981 TO 2010

WEATHER ITEM   OBSERVED TIME   NORMAL DEPARTURE LAST
                VALUE   (LST)  VALUE  FROM      YEAR
                                      NORMAL
......................................................
TEMPERATURE (F)
 YESTERDAY
  MAXIMUM         95   1144 AM  91      4       92
  MINIMUM         77   1130 PM  80     -3       82
  AVERAGE         86            85      1       87

PRECIPITATION (IN)
  YESTERDAY        0.12          0.15  -0.03     0.00
  MONTH TO DATE    2.13          4.12  -1.99     7.94
  SINCE JUN 1      6.00          9.73  -3.73    17.19
  SINCE JAN 1     12.58         21.67  -9.09    36.95

SNOWFALL (IN)
  YESTERDAY        0.0
  MONTH TO DATE    0.0
  SINCE JUN 1      0.0
  SINCE JUL 1      0.0
  SNOW DEPTH       0

DEGREE DAYS
 HEATING
  YESTERDAY        0             0      0        0
  MONTH TO DATE    0             0      0        0
  SINCE JUN 1      0             0      0        0
  SINCE JUL 1      0             0      0        0

 COOLING
  YESTERDAY       21            20      1       22
  MONTH TO DATE  650           600     50      601
  SINCE JUN 1   1213          1194     19     1217
  SINCE JAN 1   2998          2737    261     3047
......................................................

WIND (MPH)
  HIGHEST WIND SPEED    13   HIGHEST WIND DIRECTION    SW (210)
  HIGHEST GUST SPEED    21   HIGHEST GUST DIRECTION    SW (230)
  AVERAGE WIND SPEED     5.0

SKY COVER
  POSSIBLE SUNSHINE  MM
  AVERAGE SKY COVER 0.2

WEATHER CONDITIONS
 THE FOLLOWING WEATHER WAS RECORDED YESTERDAY.
  THUNDERSTORM
  HEAVY RAIN

RELATIVE HUMIDITY (PERCENT)
 HIGHEST    79
 LOWEST     56
 AVERAGE    68
..........................................................

THE MARATHON CLIMATE NORMALS FOR TODAY
                         NORMAL
 MAXIMUM TEMPERATURE (F)   91
 MINIMUM TEMPERATURE (F)   80

SUNRISE AND SUNSET
JULY 31 2014..........SUNRISE   652 AM EDT   SUNSET   809 PM EDT
AUGUST  1 2014........SUNRISE   652 AM EDT   SUNSET   809 PM EDT

-  INDICATES NEGATIVE NUMBERS.
R  INDICATES RECORD WAS SET OR TIED.
MM INDICATES DATA IS MISSING.
T  INDICATES TRACE AMOUNT.

$$
BS
