000
CDUS45 KGJT 302330
CLIMTJ


CLIMATE REPORT
NATIONAL WEATHER SERVICE GRAND JUNCTION CO
530 PM MDT SAT AUG 30 2014


...................................

...THE MONTROSE CO CLIMATE SUMMARY FOR AUGUST 30 2014...
VALID TODAY AS OF 0500 PM LOCAL TIME.

CLIMATE NORMAL PERIOD 1981 TO 2010
CLIMATE RECORD PERIOD 9999 TO 9999


WEATHER ITEM   OBSERVED TIME   RECORD YEAR NORMAL DEPARTURE LAST
                VALUE   (LST)  VALUE       VALUE  FROM      YEAR
                                                  NORMAL
..................................................................
TEMPERATURE (F)
 TODAY
  MAXIMUM         85    158 PM  MM      MM  83      2       89
  MINIMUM         51    520 AM  MM      MM  53     -2       63
  AVERAGE         68                        68      0       76

PRECIPITATION (IN)
  TODAY            0.00         MM      MM   0.05  -0.05      T
  MONTH TO DATE    1.47                      1.22   0.25     1.29
  SINCE JUN 1      2.30                      2.99  -0.69     3.37
  SINCE JAN 1      5.57                      7.29  -1.72     6.02

SNOWFALL (IN)
  TODAY           MM            MM      MM  MM     MM       MM
  MONTH TO DATE   MM                        MM     MM       MM
  SINCE JUN 1     MM                        MM     MM       MM
  SINCE JUL 1     MM                        MM     MM       MM
  SNOW DEPTH      MM

DEGREE DAYS
 HEATING
  TODAY            0                         1     -1        0
  MONTH TO DATE    7                         2      5        2
  SINCE JUN 1     25                        41    -16       11
  SINCE JUL 1      7                         2      5        2

 COOLING
  TODAY            3                         3      0       11
  MONTH TO DATE  169                       180    -11      175
  SINCE JUN 1    650                       585     65      766
  SINCE JAN 1    691                       602     89      791
..................................................................


WIND (MPH)
  HIGHEST WIND SPEED    14   HIGHEST WIND DIRECTION    SE (140)
  HIGHEST GUST SPEED    16   HIGHEST GUST DIRECTION     W (270)
  AVERAGE WIND SPEED     6.6


SKY COVER
  POSSIBLE SUNSHINE  MM
  AVERAGE SKY COVER 0.0


WEATHER CONDITIONS
 THE FOLLOWING WEATHER WAS RECORDED TODAY.
  NO SIGNIFICANT WEATHER WAS OBSERVED.


RELATIVE HUMIDITY (PERCENT)
 HIGHEST    77           500 AM
 LOWEST     20           400 PM
 AVERAGE    49

..........................................................


THE MONTROSE CO CLIMATE NORMALS FOR TOMORROW
                         NORMAL    RECORD    YEAR
 MAXIMUM TEMPERATURE (F)   83        MM        MM
 MINIMUM TEMPERATURE (F)   52        MM        MM


SUNRISE AND SUNSET
AUGUST 30 2014........SUNRISE   639 AM MDT   SUNSET   744 PM MDT
AUGUST 31 2014........SUNRISE   640 AM MDT   SUNSET   743 PM MDT


-  INDICATES NEGATIVE NUMBERS.
R  INDICATES RECORD WAS SET OR TIED.
MM INDICATES DATA IS MISSING.
T  INDICATES TRACE AMOUNT.




$$
