000
CDUS43 KILX 270657
CLIMTO


CLIMATE REPORT
NATIONAL WEATHER SERVICE LINCOLN IL
151 AM CDT SAT AUG 27 2016


...................................

...THE MATTOON IL AIRPORT CLIMATE SUMMARY FOR AUGUST 26 2016...

CLIMATE NORMAL PERIOD 1981 TO 2010
CLIMATE RECORD PERIOD 9999 TO 9999


WEATHER ITEM   OBSERVED TIME   RECORD YEAR NORMAL DEPARTURE LAST
                VALUE   (LST)  VALUE       VALUE  FROM      YEAR
                                                  NORMAL
..................................................................
TEMPERATURE (F)
 YESTERDAY
  MAXIMUM         87    106 PM  MM      MM  84      3       79
  MINIMUM         71   1159 PM  MM      MM  62      9       54
  AVERAGE         79                        73      6       67

PRECIPITATION (IN)
  YESTERDAY        0.50         MM      MM   0.11   0.39     0.00
  MONTH TO DATE    4.39                      2.55   1.84     1.28
  SINCE JUN 1     11.61                     11.04   0.57    13.60
  SINCE JAN 1     23.35                     25.39  -2.04    24.15

DEGREE DAYS
 HEATING
  YESTERDAY        0                         0      0        0
  MONTH TO DATE    0                         0      0        0
  SINCE JUN 1      5                        18    -13        8
  SINCE JUL 1      5                         1      4        0

 COOLING
  YESTERDAY       14                         8      6        2
  MONTH TO DATE  279                       242     37      206
  SINCE JUN 1    925                       795    130      739
  SINCE JAN 1   1000                       883    117      866
..................................................................


WIND (MPH)
  HIGHEST WIND SPEED    20   HIGHEST WIND DIRECTION     E (110)
  HIGHEST GUST SPEED    24   HIGHEST GUST DIRECTION     E (110)
  AVERAGE WIND SPEED     4.5


SKY COVER
  POSSIBLE SUNSHINE  MM
  AVERAGE SKY COVER 0.2


WEATHER CONDITIONS
 THE FOLLOWING WEATHER WAS RECORDED YESTERDAY.
  THUNDERSTORM
  HEAVY RAIN
  RAIN
  LIGHT RAIN
  FOG
  HAZE


RELATIVE HUMIDITY (PERCENT)
 HIGHEST    93           200 AM
 LOWEST     65           100 PM
 AVERAGE    79

..........................................................


THE MATTOON IL AIRPORT CLIMATE NORMALS FOR TODAY
                         NORMAL    RECORD    YEAR
 MAXIMUM TEMPERATURE (F)   84        MM        MM
 MINIMUM TEMPERATURE (F)   62        MM        MM


SUNRISE AND SUNSET
AUGUST 27 2016........SUNRISE   617 AM CDT   SUNSET   731 PM CDT
AUGUST 28 2016........SUNRISE   618 AM CDT   SUNSET   729 PM CDT


-  INDICATES NEGATIVE NUMBERS.
R  INDICATES RECORD WAS SET OR TIED.
MM INDICATES DATA IS MISSING.
T  INDICATES TRACE AMOUNT.




$$
