000
CDUS43 KILX 262150
CLIMTO


CLIMATE REPORT
NATIONAL WEATHER SERVICE LINCOLN IL
448 PM CDT WED JUL 26 2017


...................................

...THE MATTOON IL AIRPORT CLIMATE SUMMARY FOR JULY 26 2017...
VALID TODAY AS OF 0400 PM LOCAL TIME.

CLIMATE NORMAL PERIOD 1981 TO 2010
CLIMATE RECORD PERIOD 9999 TO 9999


WEATHER ITEM   OBSERVED TIME   RECORD YEAR NORMAL DEPARTURE LAST
                VALUE   (LST)  VALUE       VALUE  FROM      YEAR
                                                  NORMAL
..................................................................
TEMPERATURE (F)
 TODAY
  MAXIMUM         88    249 PM  MM      MM  86      2       83
  MINIMUM         66    419 AM  MM      MM  65      1       69
  AVERAGE         77                        75      2       76

PRECIPITATION (IN)
  TODAY            0.00         MM      MM   0.11  -0.11     0.39
  MONTH TO DATE    2.04                      3.73  -1.69     4.39
  SINCE JUN 1      6.27                      7.97  -1.70     6.53
  SINCE JAN 1     22.65                     22.32   0.33    18.27

DEGREE DAYS
 HEATING
  TODAY            0                         0      0        0
  MONTH TO DATE    0                         0      0        5
  SINCE JUN 1      1                        17    -16        5
  SINCE JUL 1      0                         0      0        5

 COOLING
  TODAY           12                        10      2       11
  MONTH TO DATE  341                       282     59      282
  SINCE JUN 1    601                       505     96      595
  SINCE JAN 1    707                       593    114      670
..................................................................


WIND (MPH)
  HIGHEST WIND SPEED    13   HIGHEST WIND DIRECTION    SE (150)
  HIGHEST GUST SPEED    16   HIGHEST GUST DIRECTION     S (170)
  AVERAGE WIND SPEED     7.2


SKY COVER
  POSSIBLE SUNSHINE  MM
  AVERAGE SKY COVER 0.1


WEATHER CONDITIONS
 THE FOLLOWING WEATHER WAS RECORDED TODAY.
  NO SIGNIFICANT WEATHER WAS OBSERVED.


RELATIVE HUMIDITY (PERCENT)
 HIGHEST    93           100 AM
 LOWEST     72           100 PM
 AVERAGE    83

..........................................................


THE MATTOON IL AIRPORT CLIMATE NORMALS FOR TOMORROW
                         NORMAL    RECORD    YEAR
 MAXIMUM TEMPERATURE (F)   86        MM        MM
 MINIMUM TEMPERATURE (F)   65        MM        MM


SUNRISE AND SUNSET
JULY 26 2017..........SUNRISE   548 AM CDT   SUNSET   811 PM CDT
JULY 27 2017..........SUNRISE   549 AM CDT   SUNSET   810 PM CDT


-  INDICATES NEGATIVE NUMBERS.
R  INDICATES RECORD WAS SET OR TIED.
MM INDICATES DATA IS MISSING.
T  INDICATES TRACE AMOUNT.




$$
