000
CDUS43 KILX 210646
CLIMTO


CLIMATE REPORT
NATIONAL WEATHER SERVICE LINCOLN IL
1238 AM CST SUN DEC 21 2014


...................................

...THE MATTOON IL AIRPORT CLIMATE SUMMARY FOR DECEMBER 20 2014...

CLIMATE NORMAL PERIOD 1981 TO 2010
CLIMATE RECORD PERIOD 9999 TO 9999


WEATHER ITEM   OBSERVED TIME   RECORD YEAR NORMAL DEPARTURE LAST
                VALUE   (LST)  VALUE       VALUE  FROM      YEAR
                                                  NORMAL
..................................................................
TEMPERATURE (F)
 YESTERDAY
  MAXIMUM         35    409 PM  MM      MM  37     -2       61
  MINIMUM         28    714 PM  MM      MM  23      5       36
  AVERAGE         32                        30      2       49

PRECIPITATION (IN)
  YESTERDAY        0.00         MM      MM   0.08  -0.08     0.10
  MONTH TO DATE    0.63                      1.61  -0.98     0.36
  SINCE DEC 1      0.63                      1.61  -0.98     0.36
  SINCE JAN 1     31.26                     36.89  -5.63    41.12

DEGREE DAYS
 HEATING
  YESTERDAY       33                        35     -2       16
  MONTH TO DATE  628                       646    -18      711
  SINCE DEC 1    628                       646    -18      711
  SINCE JUL 1   1924                      1705    219     1828

 COOLING
  YESTERDAY        0                         0      0        0
  MONTH TO DATE    0                         0      0        0
  SINCE DEC 1      0                         0      0        0
  SINCE JAN 1    932                      1057   -125     1007
..................................................................


WIND (MPH)
  HIGHEST WIND SPEED    10   HIGHEST WIND DIRECTION    SE (140)
  HIGHEST GUST SPEED    13   HIGHEST GUST DIRECTION    SE (140)
  AVERAGE WIND SPEED     4.4


SKY COVER
  POSSIBLE SUNSHINE  MM
  AVERAGE SKY COVER 0.9


WEATHER CONDITIONS
 THE FOLLOWING WEATHER WAS RECORDED YESTERDAY.
  NO SIGNIFICANT WEATHER WAS OBSERVED.


RELATIVE HUMIDITY (PERCENT)
 HIGHEST    85          1200 AM
 LOWEST     64           200 PM
 AVERAGE    75

..........................................................


THE MATTOON IL AIRPORT CLIMATE NORMALS FOR TODAY
                         NORMAL    RECORD    YEAR
 MAXIMUM TEMPERATURE (F)   37        MM        MM
 MINIMUM TEMPERATURE (F)   23        MM        MM


SUNRISE AND SUNSET
DECEMBER 21 2014......SUNRISE   710 AM CST   SUNSET   433 PM CST
DECEMBER 22 2014......SUNRISE   710 AM CST   SUNSET   433 PM CST


-  INDICATES NEGATIVE NUMBERS.
R  INDICATES RECORD WAS SET OR TIED.
MM INDICATES DATA IS MISSING.
T  INDICATES TRACE AMOUNT.




$$
