277
CDUS43 KILX 062135
CLIMTO


CLIMATE REPORT
NATIONAL WEATHER SERVICE LINCOLN IL
434 PM CDT FRI MAY 6 2016


...................................

...THE MATTOON IL AIRPORT CLIMATE SUMMARY FOR MAY 6 2016...
VALID TODAY AS OF 0400 PM LOCAL TIME.

CLIMATE NORMAL PERIOD 1981 TO 2010
CLIMATE RECORD PERIOD 9999 TO 9999


WEATHER ITEM   OBSERVED TIME   RECORD YEAR NORMAL DEPARTURE LAST
                VALUE   (LST)  VALUE       VALUE  FROM      YEAR
                                                  NORMAL
..................................................................
TEMPERATURE (F)
 TODAY
  MAXIMUM         73    245 PM  MM      MM  70      3       84
  MINIMUM         45    312 AM  MM      MM  50     -5       61
  AVERAGE         59                        60     -1       73

PRECIPITATION (IN)
  TODAY            0.00         MM      MM   0.15  -0.15     0.00
  MONTH TO DATE    0.18                      0.94  -0.76      T
  SINCE MAR 1      8.66                      6.94   1.72     6.31
  SINCE JAN 1      9.39                     10.92  -1.53     7.66

DEGREE DAYS
 HEATING
  TODAY            6                         6      0        0
  MONTH TO DATE   54                        38     16       15
  SINCE MAR 1    910                      1096   -186     1135
  SINCE JUL 1   4432                      5300   -868     5828

 COOLING
  TODAY            0                         1     -1        8
  MONTH TO DATE    0                         6     -6       26
  SINCE MAR 1      7                        20    -13       28
  SINCE JAN 1      7                        20    -13       28
..................................................................


WIND (MPH)
  HIGHEST WIND SPEED    16   HIGHEST WIND DIRECTION    NW (310)
  HIGHEST GUST SPEED    21   HIGHEST GUST DIRECTION    NW (310)
  AVERAGE WIND SPEED     6.8


SKY COVER
  POSSIBLE SUNSHINE  MM
  AVERAGE SKY COVER 0.1


WEATHER CONDITIONS
 THE FOLLOWING WEATHER WAS RECORDED TODAY.
  NO SIGNIFICANT WEATHER WAS OBSERVED.


RELATIVE HUMIDITY (PERCENT)
 HIGHEST    82           200 AM
 LOWEST     31           100 PM
 AVERAGE    57

..........................................................


THE MATTOON IL AIRPORT CLIMATE NORMALS FOR TOMORROW
                         NORMAL    RECORD    YEAR
 MAXIMUM TEMPERATURE (F)   71        MM        MM
 MINIMUM TEMPERATURE (F)   51        MM        MM


SUNRISE AND SUNSET
MAY  6 2016...........SUNRISE   548 AM CDT   SUNSET   752 PM CDT
MAY  7 2016...........SUNRISE   547 AM CDT   SUNSET   753 PM CDT


-  INDICATES NEGATIVE NUMBERS.
R  INDICATES RECORD WAS SET OR TIED.
MM INDICATES DATA IS MISSING.
T  INDICATES TRACE AMOUNT.




$$
