000
CDUS41 KBTV 221245
CLIMVL


CLIMATE REPORT
NATIONAL WEATHER SERVICE BURLINGTON VT
845 AM EDT WED OCT 22 2014


...................................

...THE MORRISVILLE VT CLIMATE SUMMARY FOR OCTOBER 21 2014...

CLIMATE NORMAL PERIOD 1981 TO 2010
CLIMATE RECORD PERIOD 9999 TO 9999


WEATHER ITEM   OBSERVED TIME   NORMAL DEPARTURE LAST
                VALUE   (LST)  VALUE  FROM      YEAR
                                      NORMAL
......................................................
TEMPERATURE (F)
 YESTERDAY
  MAXIMUM         48    351 PM  54     -6       63
  MINIMUM         38    107 AM  33      5       33
  AVERAGE         43            44     -1       48

PRECIPITATION (IN)
  YESTERDAY        0.39          0.08   0.31     0.00
  MONTH TO DATE    2.84          2.13   0.71     1.18
  SINCE SEP 1      5.50          5.50   0.00     3.96
  SINCE JAN 1     31.91         29.26   2.65    34.22

DEGREE DAYS
 HEATING
  YESTERDAY       22            21      1       17
  MONTH TO DATE  257           370   -113      228
  SINCE SEP 1    485           607   -122      473
  SINCE JUL 1    556           702   -146      542

 COOLING
  YESTERDAY        0             0      0        0
  MONTH TO DATE    3             0      3        0
  SINCE SEP 1     35            18     17       38
  SINCE JAN 1    249           265    -16      401
......................................................


WIND (MPH)
  HIGHEST WIND SPEED     6   HIGHEST WIND DIRECTION     N (360)
  HIGHEST GUST SPEED     7   HIGHEST GUST DIRECTION    NE (40)
  AVERAGE WIND SPEED     0.6


SKY COVER
  AVERAGE SKY COVER 1.0


WEATHER CONDITIONS
 THE FOLLOWING WEATHER WAS RECORDED YESTERDAY.
  RAIN
  LIGHT RAIN
  FOG


RELATIVE HUMIDITY (PERCENT)
 HIGHEST   100           500 PM
 LOWEST     85           200 AM
 AVERAGE    93

..........................................................


THE MORRISVILLE VT CLIMATE NORMALS FOR TODAY
                         NORMAL    RECORD    YEAR
 MAXIMUM TEMPERATURE (F)   54        MM        MM
 MINIMUM TEMPERATURE (F)   33        MM        MM


SUNRISE AND SUNSET
OCTOBER 22 2014.......SUNRISE   715 AM EDT   SUNSET   555 PM EDT
OCTOBER 23 2014.......SUNRISE   716 AM EDT   SUNSET   553 PM EDT


-  INDICATES NEGATIVE NUMBERS.
R  INDICATES RECORD WAS SET OR TIED.
MM INDICATES DATA IS MISSING.
T  INDICATES TRACE AMOUNT.




$$
