000
CDUS41 KBTV 020529
CLIMVL


CLIMATE REPORT
NATIONAL WEATHER SERVICE BURLINGTON VT
127 AM EDT WED SEP 2 2015


...................................

...THE MORRISVILLE VT CLIMATE SUMMARY FOR SEPTEMBER 1 2015...

CLIMATE NORMAL PERIOD 1981 TO 2010
CLIMATE RECORD PERIOD 9999 TO 9999


WEATHER ITEM   OBSERVED TIME   NORMAL DEPARTURE LAST
                VALUE   (LST)  VALUE  FROM      YEAR
                                      NORMAL
......................................................
TEMPERATURE (F)
 YESTERDAY
  MAXIMUM         84    400 PM  75      9       84
  MINIMUM         56    418 AM  51      5       61
  AVERAGE         70            63      7       73

PRECIPITATION (IN)
  YESTERDAY        0.00          0.09  -0.09     0.00
  MONTH TO DATE    0.00          0.09  -0.09     0.00
  SINCE SEP 1      0.00          0.09  -0.09     0.00
  SINCE JAN 1     15.93         23.85  -7.92    26.41

DEGREE DAYS
 HEATING
  YESTERDAY        0             4     -4        0
  MONTH TO DATE    0             4     -4        0
  SINCE SEP 1      0             4     -4        0
  SINCE JUL 1     30            99    -69       71

 COOLING
  YESTERDAY        5             1      4        8
  MONTH TO DATE    5             1      4        8
  SINCE SEP 1      5             1      4        8
  SINCE JAN 1    418           248    170      222
......................................................


WIND (MPH)
  HIGHEST WIND SPEED     7   HIGHEST WIND DIRECTION    SW (210)
  HIGHEST GUST SPEED    10   HIGHEST GUST DIRECTION     S (180)
  AVERAGE WIND SPEED     1.4


SKY COVER
  AVERAGE SKY COVER 0.3


WEATHER CONDITIONS
 THE FOLLOWING WEATHER WAS RECORDED YESTERDAY.
  FOG
  FOG W/VISIBILITY <= 1/4 MILE
  HAZE


RELATIVE HUMIDITY (PERCENT)
 HIGHEST    93           500 AM
 LOWEST     37           300 PM
 AVERAGE    65

..........................................................


THE MORRISVILLE VT CLIMATE NORMALS FOR TODAY
                         NORMAL    RECORD    YEAR
 MAXIMUM TEMPERATURE (F)   75        90      2010
 MINIMUM TEMPERATURE (F)   50        38      2001


SUNRISE AND SUNSET
SEPTEMBER  2 2015.....SUNRISE   614 AM EDT   SUNSET   726 PM EDT
SEPTEMBER  3 2015.....SUNRISE   615 AM EDT   SUNSET   724 PM EDT


-  INDICATES NEGATIVE NUMBERS.
R  INDICATES RECORD WAS SET OR TIED.
MM INDICATES DATA IS MISSING.
T  INDICATES TRACE AMOUNT.




$$
