000
CDUS41 KBTV 190543
CLIMVL


CLIMATE REPORT
NATIONAL WEATHER SERVICE BURLINGTON VT
1240 AM EST THU JAN 19 2017


...................................

...THE MORRISVILLE VT CLIMATE SUMMARY FOR JANUARY 18 2017...

CLIMATE NORMAL PERIOD 1981 TO 2010
CLIMATE RECORD PERIOD 9999 TO 9999


WEATHER ITEM   OBSERVED TIME   NORMAL DEPARTURE LAST
                VALUE   (LST)  VALUE  FROM      YEAR
                                      NORMAL
......................................................
TEMPERATURE (F)
 YESTERDAY
  MAXIMUM         34    855 PM  26      8       23
  MINIMUM         30    830 AM   5     25       10
  AVERAGE         32            15     17       17

PRECIPITATION (IN)
  YESTERDAY        0.06          0.08  -0.02      T
  MONTH TO DATE    0.75          1.58  -0.83     0.69
  SINCE DEC 1      3.96          4.22  -0.26     2.63
  SINCE JAN 1      0.75          1.58  -0.83     0.69

DEGREE DAYS
 HEATING
  YESTERDAY       33            50    -17       48
  MONTH TO DATE  777           878   -101      778
  SINCE DEC 1   2047          2188   -141     1625
  SINCE JUL 1   3638          4016   -378     3040

 COOLING
  YESTERDAY        0             0      0        0
  MONTH TO DATE    0             0      0        0
  SINCE DEC 1      0             0      0        0
  SINCE JAN 1      0             0      0        0
......................................................


WIND (MPH)
  HIGHEST WIND SPEED    12   HIGHEST WIND DIRECTION    SW (220)
  HIGHEST GUST SPEED    18   HIGHEST GUST DIRECTION    SW (220)
  AVERAGE WIND SPEED     4.8


SKY COVER
  AVERAGE SKY COVER 1.0


WEATHER CONDITIONS
 THE FOLLOWING WEATHER WAS RECORDED YESTERDAY.
  LIGHT SNOW
  FOG


RELATIVE HUMIDITY (PERCENT)
 HIGHEST    92           100 AM
 LOWEST     75           900 PM
 AVERAGE    84

..........................................................


THE MORRISVILLE VT CLIMATE NORMALS FOR TODAY
                         NORMAL    RECORD    YEAR
 MAXIMUM TEMPERATURE (F)   26        41      1990
 MINIMUM TEMPERATURE (F)    4       -33      1997


SUNRISE AND SUNSET
JANUARY 19 2017.......SUNRISE   721 AM EST   SUNSET   442 PM EST
JANUARY 20 2017.......SUNRISE   720 AM EST   SUNSET   443 PM EST


-  INDICATES NEGATIVE NUMBERS.
R  INDICATES RECORD WAS SET OR TIED.
MM INDICATES DATA IS MISSING.
T  INDICATES TRACE AMOUNT.




$$
