000
CDUS41 KBTV 250556
CLIMVL

CLIMATE REPORT
NATIONAL WEATHER SERVICE BURLINGTON VT
153 AM EDT WED MAY 25 2016

...................................

...THE MORRISVILLE VT CLIMATE SUMMARY FOR MAY 24 2016...

CLIMATE NORMAL PERIOD 1981 TO 2010
CLIMATE RECORD PERIOD 9999 TO 9999


WEATHER ITEM   OBSERVED TIME   NORMAL DEPARTURE LAST
                VALUE   (LST)  VALUE  FROM      YEAR
                                      NORMAL
......................................................
TEMPERATURE (F)
 YESTERDAY
  MAXIMUM         78    145 PM  69      9       80
  MINIMUM         39    430 AM  44     -5       48
  AVERAGE         59            56      3       64

PRECIPITATION (IN)
  YESTERDAY        0.00          0.12  -0.12      T
  MONTH TO DATE    0.84          2.37  -1.53     1.46
  SINCE MAR 1      3.66          6.44  -2.78     2.96
  SINCE JAN 1      6.81         10.72  -3.91     4.08

DEGREE DAYS
 HEATING
  YESTERDAY        6             9     -3        1
  MONTH TO DATE  351           295     56      171
  SINCE MAR 1   2128          2115     13     2187
  SINCE JUL 1   6701          8075  -1374     7869

 COOLING
  YESTERDAY        0             0      0        0
  MONTH TO DATE    0             0      0       18
  SINCE MAR 1      0             1     -1       18
  SINCE JAN 1      0             1     -1       18
......................................................


WIND (MPH)
  HIGHEST WIND SPEED    14   HIGHEST WIND DIRECTION    SW (220)
  HIGHEST GUST SPEED    22   HIGHEST GUST DIRECTION    SW (220)
  AVERAGE WIND SPEED     3.8


SKY COVER
  AVERAGE SKY COVER 0.5


WEATHER CONDITIONS
 THE FOLLOWING WEATHER WAS RECORDED YESTERDAY.
  FOG


RELATIVE HUMIDITY (PERCENT)
 HIGHEST   100           400 AM
 LOWEST     33          1200 PM
 AVERAGE    67

..........................................................


THE MORRISVILLE VT CLIMATE NORMALS FOR TODAY
                         NORMAL    RECORD    YEAR
 MAXIMUM TEMPERATURE (F)   69        88      2010
 MINIMUM TEMPERATURE (F)   44        29      2002


SUNRISE AND SUNSET
MAY 25 2016...........SUNRISE   513 AM EDT   SUNSET   822 PM EDT
MAY 26 2016...........SUNRISE   512 AM EDT   SUNSET   823 PM EDT


-  INDICATES NEGATIVE NUMBERS.
R  INDICATES RECORD WAS SET OR TIED.
MM INDICATES DATA IS MISSING.
T  INDICATES TRACE AMOUNT.

$$
