000
CDUS45 KBOI 240932
CLIMYL


CLIMATE REPORT
NATIONAL WEATHER SERVICE BOISE ID
332 AM MDT SUN SEP 24 2017


...................................

...THE MCCALL ID CLIMATE SUMMARY FOR SEPTEMBER 23 2017...

CLIMATE NORMAL PERIOD 1981 TO 2010
CLIMATE RECORD PERIOD 1930 TO 2017


WEATHER ITEM   OBSERVED TIME   RECORD YEAR NORMAL DEPARTURE LAST
                VALUE   (LST)  VALUE       VALUE  FROM      YEAR
                                                  NORMAL
..................................................................
TEMPERATURE (F)
 YESTERDAY
  MAXIMUM         49    245 PM  86    1987  65    -16       58
  MINIMUM         26    638 AM  13    1909  31     -5       46
  AVERAGE         38                        48    -10       52

PRECIPITATION (IN)
  YESTERDAY        0.00          0.40 1931   0.03  -0.03     0.00
  MONTH TO DATE    0.83                      0.65   0.18     1.05
  SINCE OCT 1     30.68                     19.87  10.81    26.28
  SINCE JAN 1     22.19                     13.69   8.50    15.71

DEGREE DAYS
 HEATING
  YESTERDAY       27                        17     10       13
  MONTH TO DATE  207                       304    -97      298
  SINCE SEP 1    207                       304    -97      298
  SINCE JUL 1    237                       632   -395      491

 COOLING
  YESTERDAY        0                         0      0        0
  MONTH TO DATE   31                         0     31        0
  SINCE SEP 1     31                         0     31        0
  SINCE JAN 1    229                        25    204      108
..................................................................


WIND (MPH)
  HIGHEST WIND SPEED    15   HIGHEST WIND DIRECTION     N (350)
  HIGHEST GUST SPEED    19   HIGHEST GUST DIRECTION     N (10)
  AVERAGE WIND SPEED     4.4


SKY COVER
  AVERAGE SKY COVER 0.3


WEATHER CONDITIONS
 THE FOLLOWING WEATHER WAS RECORDED YESTERDAY.
  FOG


RELATIVE HUMIDITY (PERCENT)
 HIGHEST    92           200 AM
 LOWEST     42           200 PM
 AVERAGE    67

..........................................................


THE MCCALL ID CLIMATE NORMALS FOR TODAY
                         NORMAL    RECORD    YEAR
 MAXIMUM TEMPERATURE (F)   64        88      1928
 MINIMUM TEMPERATURE (F)   30        17      1926


SUNRISE AND SUNSET
SEPTEMBER 24 2017.....SUNRISE   734 AM MDT   SUNSET   737 PM MDT
SEPTEMBER 25 2017.....SUNRISE   735 AM MDT   SUNSET   736 PM MDT


-  INDICATES NEGATIVE NUMBERS.
R  INDICATES RECORD WAS SET OR TIED.
MM INDICATES DATA IS MISSING.
T  INDICATES TRACE AMOUNT.




$$
