000
CDUS45 KBOI 270937
CLIMYL


CLIMATE REPORT
NATIONAL WEATHER SERVICE BOISE ID
337 AM MDT MON MAR 27 2017


...................................

...THE MCCALL ID CLIMATE SUMMARY FOR MARCH 26 2017...

CLIMATE NORMAL PERIOD 1981 TO 2010
CLIMATE RECORD PERIOD 1930 TO 2017


WEATHER ITEM   OBSERVED TIME   RECORD YEAR NORMAL DEPARTURE LAST
                VALUE   (LST)  VALUE       VALUE  FROM      YEAR
                                                  NORMAL
..................................................................
TEMPERATURE (F)
 YESTERDAY
  MAXIMUM         42    148 PM  60    1992  42      0       39
  MINIMUM         25    638 AM  -4    1955  21      4        9
  AVERAGE         34                        32      2       24

PRECIPITATION (IN)
  YESTERDAY        0.06          0.59 1936   0.09  -0.03     0.00
  MONTH TO DATE    4.50                      1.77   2.73     4.68
  SINCE OCT 1     21.61                     11.42  10.19    19.97
  SINCE JAN 1     13.12                      5.24   7.88     9.40

DEGREE DAYS
 HEATING
  YESTERDAY       31                        33     -2       41
  MONTH TO DATE  810                       951   -141      847
  SINCE MAR 1    810                       951   -141      847
  SINCE JUL 1   7013                      7626   -613     6716

 COOLING
  YESTERDAY        0                         0      0        0
  MONTH TO DATE    0                         0      0        0
  SINCE MAR 1      0                         0      0        0
  SINCE JAN 1      0                         0      0        0
..................................................................


WIND (MPH)
  HIGHEST WIND SPEED    23   HIGHEST WIND DIRECTION     S (180)
  HIGHEST GUST SPEED    26   HIGHEST GUST DIRECTION     S (180)
  AVERAGE WIND SPEED     3.1


SKY COVER
  AVERAGE SKY COVER 0.9


WEATHER CONDITIONS
 THE FOLLOWING WEATHER WAS RECORDED YESTERDAY.
  LIGHT RAIN
  SNOW
  LIGHT SNOW
  FOG


RELATIVE HUMIDITY (PERCENT)
 HIGHEST    92           200 AM
 LOWEST     53           100 PM
 AVERAGE    73

..........................................................


THE MCCALL ID CLIMATE NORMALS FOR TODAY
                         NORMAL    RECORD    YEAR
 MAXIMUM TEMPERATURE (F)   42        66      2015
 MINIMUM TEMPERATURE (F)   21        -8      1975


SUNRISE AND SUNSET
MARCH 27 2017.........SUNRISE   734 AM MDT   SUNSET   806 PM MDT
MARCH 28 2017.........SUNRISE   732 AM MDT   SUNSET   807 PM MDT


-  INDICATES NEGATIVE NUMBERS.
R  INDICATES RECORD WAS SET OR TIED.
MM INDICATES DATA IS MISSING.
T  INDICATES TRACE AMOUNT.




$$
