000
CDUS45 KBOI 270931
CLIMYL


CLIMATE REPORT
NATIONAL WEATHER SERVICE BOISE ID
231 AM MST FRI FEB 27 2015


...................................

...THE MCCALL ID CLIMATE SUMMARY FOR FEBRUARY 26 2015...

CLIMATE NORMAL PERIOD 1981 TO 2010
CLIMATE RECORD PERIOD 1930 TO 2015


WEATHER ITEM   OBSERVED TIME   RECORD YEAR NORMAL DEPARTURE LAST
                VALUE   (LST)  VALUE       VALUE  FROM      YEAR
                                                  NORMAL
..................................................................
TEMPERATURE (F)
 YESTERDAY
  MAXIMUM         39    121 PM  56    1995  36      3       47
  MINIMUM         27    708 AM -16    2011  13     14       17
  AVERAGE         33                        24      9       32

PRECIPITATION (IN)
  YESTERDAY        0.05          0.78 1940   0.06  -0.01     0.00
  MONTH TO DATE    2.41                      1.62   0.79     2.77
  SINCE OCT 1     12.95                      9.53   3.42     8.50
  SINCE JAN 1      4.19                      3.35   0.84     4.43

DEGREE DAYS
 HEATING
  YESTERDAY       32                        41     -9       33
  MONTH TO DATE  826                      1119   -293     1041
  SINCE DEC 1   3240                      3955   -715     3843
  SINCE JUL 1   5304                      6593  -1289     5933

 COOLING
  YESTERDAY        0                         0      0        0
  MONTH TO DATE    0                         0      0        0
  SINCE DEC 1      0                         0      0        0
  SINCE JAN 1      0                         0      0        0
..................................................................


WIND (MPH)
  HIGHEST WIND SPEED    13   HIGHEST WIND DIRECTION     W (250)
  HIGHEST GUST SPEED    15   HIGHEST GUST DIRECTION    NW (330)
  AVERAGE WIND SPEED     2.6


SKY COVER
  AVERAGE SKY COVER 1.0


WEATHER CONDITIONS
 THE FOLLOWING WEATHER WAS RECORDED YESTERDAY.
  LIGHT SNOW
  FOG


RELATIVE HUMIDITY (PERCENT)
 HIGHEST    92           300 AM
 LOWEST     59          1200 AM
 AVERAGE    76

..........................................................


THE MCCALL ID CLIMATE NORMALS FOR TODAY
                         NORMAL    RECORD    YEAR
 MAXIMUM TEMPERATURE (F)   36        55      1992
 MINIMUM TEMPERATURE (F)   13       -22      1962


SUNRISE AND SUNSET
FEBRUARY 27 2015......SUNRISE   726 AM MST   SUNSET   629 PM MST
FEBRUARY 28 2015......SUNRISE   724 AM MST   SUNSET   630 PM MST


-  INDICATES NEGATIVE NUMBERS.
R  INDICATES RECORD WAS SET OR TIED.
MM INDICATES DATA IS MISSING.
T  INDICATES TRACE AMOUNT.




$$
