000
CDUS45 KBOI 140931
CLIMYL


CLIMATE REPORT
NATIONAL WEATHER SERVICE BOISE ID
231 AM MST THU DEC 14 2017


...................................

...THE MCCALL ID CLIMATE SUMMARY FOR DECEMBER 13 2017...

CLIMATE NORMAL PERIOD 1981 TO 2010
CLIMATE RECORD PERIOD 1930 TO 2017


WEATHER ITEM   OBSERVED TIME   RECORD YEAR NORMAL DEPARTURE LAST
                VALUE   (LST)  VALUE       VALUE  FROM      YEAR
                                                  NORMAL
..................................................................
TEMPERATURE (F)
 YESTERDAY
  MAXIMUM         35    709 PM  48    1937  27      8       22
                                      1929
  MINIMUM         18   1159 PM -31    1919   9      9        4
  AVERAGE         27                        18      9       13

PRECIPITATION (IN)
  YESTERDAY        0.04          1.04 1977   0.06  -0.02     0.00
  MONTH TO DATE    0.46                      0.73  -0.27     1.29
  SINCE OCT 1      5.76                      4.85   0.91     6.02
  SINCE JAN 1     28.55                     18.77   9.78    21.73

DEGREE DAYS
 HEATING
  YESTERDAY       38                        47     -9       52
  MONTH TO DATE  584                       589     -5      615
  SINCE DEC 1    584                       589     -5      615
  SINCE JUL 1   2710                      3227   -517     2652

 COOLING
  YESTERDAY        0                         0      0        0
  MONTH TO DATE    0                         0      0        0
  SINCE DEC 1      0                         0      0        0
  SINCE JAN 1    229                        25    204      108
..................................................................


WIND (MPH)
  HIGHEST WIND SPEED    14   HIGHEST WIND DIRECTION     N (10)
  HIGHEST GUST SPEED    20   HIGHEST GUST DIRECTION     N (360)
  AVERAGE WIND SPEED     2.3


SKY COVER
  AVERAGE SKY COVER 0.7


WEATHER CONDITIONS
 THE FOLLOWING WEATHER WAS RECORDED YESTERDAY.
  LIGHT SNOW
  FOG


RELATIVE HUMIDITY (PERCENT)
 HIGHEST    92          1200 PM
 LOWEST     70           700 PM
 AVERAGE    81

..........................................................


THE MCCALL ID CLIMATE NORMALS FOR TODAY
                         NORMAL    RECORD    YEAR
 MAXIMUM TEMPERATURE (F)   27        49      1929
 MINIMUM TEMPERATURE (F)    9       -23      1919


SUNRISE AND SUNSET
DECEMBER 14 2017......SUNRISE   815 AM MST   SUNSET   504 PM MST
DECEMBER 15 2017......SUNRISE   816 AM MST   SUNSET   504 PM MST


-  INDICATES NEGATIVE NUMBERS.
R  INDICATES RECORD WAS SET OR TIED.
MM INDICATES DATA IS MISSING.
T  INDICATES TRACE AMOUNT.




$$
