000
CDUS45 KBOI 190932
CLIMYL


CLIMATE REPORT
NATIONAL WEATHER SERVICE BOISE ID
231 AM MST SUN FEB 19 2017


...................................

...THE MCCALL ID CLIMATE SUMMARY FOR FEBRUARY 18 2017...

CLIMATE NORMAL PERIOD 1981 TO 2010
CLIMATE RECORD PERIOD 1930 TO 2017


WEATHER ITEM   OBSERVED TIME   RECORD YEAR NORMAL DEPARTURE LAST
                VALUE   (LST)  VALUE       VALUE  FROM      YEAR
                                                  NORMAL
..................................................................
TEMPERATURE (F)
 YESTERDAY
  MAXIMUM         36    504 PM  52    1958  34      2       42
  MINIMUM         32   1159 PM -25    1942  11     21       31
  AVERAGE         34                        22     12       37

PRECIPITATION (IN)
  YESTERDAY        0.61          0.68 1980   0.05   0.56     0.53
  MONTH TO DATE    3.66                      1.14   2.52     1.51
  SINCE OCT 1     15.35                      9.05   6.30    14.96
  SINCE JAN 1      6.86                      2.87   3.99     4.39

DEGREE DAYS
 HEATING
  YESTERDAY       31                        43    -12       28
  MONTH TO DATE  631                       786   -155      682
  SINCE DEC 1   3774                      3622    152     3362
  SINCE JUL 1   5811                      6260   -449     5463

 COOLING
  YESTERDAY        0                         0      0        0
  MONTH TO DATE    0                         0      0        0
  SINCE DEC 1      0                         0      0        0
  SINCE JAN 1      0                         0      0        0
..................................................................


WIND (MPH)
  HIGHEST WIND SPEED    21   HIGHEST WIND DIRECTION     S (170)
  HIGHEST GUST SPEED    26   HIGHEST GUST DIRECTION     S (170)
  AVERAGE WIND SPEED     7.7


SKY COVER
  AVERAGE SKY COVER 1.0


WEATHER CONDITIONS
 THE FOLLOWING WEATHER WAS RECORDED YESTERDAY.
  LIGHT RAIN
  LIGHT SNOW
  FOG


RELATIVE HUMIDITY (PERCENT)
 HIGHEST    89          1200 AM
 LOWEST     89          1200 AM
 AVERAGE    89

..........................................................


THE MCCALL ID CLIMATE NORMALS FOR TODAY
                         NORMAL    RECORD    YEAR
 MAXIMUM TEMPERATURE (F)   34        51      1972
 MINIMUM TEMPERATURE (F)   11       -23      1942


SUNRISE AND SUNSET
FEBRUARY 19 2017......SUNRISE   738 AM MST   SUNSET   619 PM MST
FEBRUARY 20 2017......SUNRISE   737 AM MST   SUNSET   620 PM MST


-  INDICATES NEGATIVE NUMBERS.
R  INDICATES RECORD WAS SET OR TIED.
MM INDICATES DATA IS MISSING.
T  INDICATES TRACE AMOUNT.




$$
