779
CDUS45 KBOI 280931
CLIMYL


CLIMATE REPORT
NATIONAL WEATHER SERVICE BOISE ID
331 AM MDT SUN MAY 28 2017


...................................

...THE MCCALL ID CLIMATE SUMMARY FOR MAY 27 2017...

CLIMATE NORMAL PERIOD 1981 TO 2010
CLIMATE RECORD PERIOD 1930 TO 2017


WEATHER ITEM   OBSERVED TIME   RECORD YEAR NORMAL DEPARTURE LAST
                VALUE   (LST)  VALUE       VALUE  FROM      YEAR
                                                  NORMAL
..................................................................
TEMPERATURE (F)
 YESTERDAY
  MAXIMUM         69    543 PM  85    1966  62      7       57
  MINIMUM         35    539 AM  25    1932  35      0       36
  AVERAGE         52                        48      4       47

PRECIPITATION (IN)
  YESTERDAY        0.00          0.99 1905   0.07  -0.07     0.00
  MONTH TO DATE    1.90                      1.91  -0.01     1.29
  SINCE OCT 1     28.17                     15.68  12.49    23.00
  SINCE JAN 1     19.68                      9.50  10.18    12.43

DEGREE DAYS
 HEATING
  YESTERDAY       13                        17     -4       18
  MONTH TO DATE  477                       530    -53      422
  SINCE MAR 1   2245                      2490   -245     2016
  SINCE JUL 1   8448                      9165   -717     7885

 COOLING
  YESTERDAY        0                         0      0        0
  MONTH TO DATE    0                         0      0        0
  SINCE MAR 1      0                         0      0        0
  SINCE JAN 1      0                         0      0        0
..................................................................


WIND (MPH)
  HIGHEST WIND SPEED    13   HIGHEST WIND DIRECTION     S (170)
  HIGHEST GUST SPEED    18   HIGHEST GUST DIRECTION     S (170)
  AVERAGE WIND SPEED     2.9


SKY COVER
  AVERAGE SKY COVER 0.0


WEATHER CONDITIONS
 THE FOLLOWING WEATHER WAS RECORDED YESTERDAY.
  NO SIGNIFICANT WEATHER WAS OBSERVED.


RELATIVE HUMIDITY (PERCENT)
 HIGHEST    89           500 AM
 LOWEST     22           500 PM
 AVERAGE    56

..........................................................


THE MCCALL ID CLIMATE NORMALS FOR TODAY
                         NORMAL    RECORD    YEAR
 MAXIMUM TEMPERATURE (F)   62        88      1928
 MINIMUM TEMPERATURE (F)   35        24      1998
                                             1991


SUNRISE AND SUNSET
MAY 28 2017...........SUNRISE   604 AM MDT   SUNSET   920 PM MDT
MAY 29 2017...........SUNRISE   603 AM MDT   SUNSET   921 PM MDT


-  INDICATES NEGATIVE NUMBERS.
R  INDICATES RECORD WAS SET OR TIED.
MM INDICATES DATA IS MISSING.
T  INDICATES TRACE AMOUNT.




$$
