260
CDUS44 KLIX 272141
CLINEW


CLIMATE REPORT
NATIONAL WEATHER SERVICE NEW ORLEANS
441 PM CDT THU APR 27 2017


...................................

...THE NEW ORLEANS CLIMATE SUMMARY FOR APRIL 27 2017...
VALID TODAY AS OF 0400 PM LOCAL TIME.

CLIMATE NORMAL PERIOD 1981 TO 2010
CLIMATE RECORD PERIOD 1946 TO 2017


WEATHER ITEM   OBSERVED TIME   RECORD YEAR NORMAL DEPARTURE LAST
                VALUE   (LST)  VALUE       VALUE  FROM      YEAR
                                                  NORMAL
..................................................................
TEMPERATURE (F)
 TODAY
  MAXIMUM         82    259 PM  89    1987  81      1       81
                                      1964
  MINIMUM         66    810 AM  47    1973  63      3       71
  AVERAGE         74                        72      2       76

PRECIPITATION (IN)
  TODAY            0.01          2.31 2015   0.17  -0.16     0.10
  MONTH TO DATE    2.56                      4.13  -1.57     7.36
  SINCE MAR 1      5.44                      8.68  -3.24    13.72
  SINCE JAN 1     13.08                     19.13  -6.05    21.85

SNOWFALL (IN)
  TODAY            0.0
  MONTH TO DATE    0.0
  SINCE MAR 1      0.0
  SINCE JUL 1      0.0
  SNOW DEPTH       0

DEGREE DAYS
 HEATING
  TODAY            0                         0      0        0
  MONTH TO DATE   10                        32    -22        3
  SINCE MAR 1     69                       168    -99       41
  SINCE JUL 1    630                      1277   -647      755

 COOLING
  TODAY            9                         7      2       11
  MONTH TO DATE  168                       134     34      166
  SINCE MAR 1    307                       197    110      309
  SINCE JAN 1    427                       234    193      345
..................................................................


WIND (MPH)
  HIGHEST WIND SPEED    16   HIGHEST WIND DIRECTION    NW (310)
  HIGHEST GUST SPEED    22   HIGHEST GUST DIRECTION    NW (310)
  AVERAGE WIND SPEED     7.4


SKY COVER
  POSSIBLE SUNSHINE  MM
  AVERAGE SKY COVER 0.3


WEATHER CONDITIONS
 THE FOLLOWING WEATHER WAS RECORDED TODAY.
  LIGHT RAIN
  HAZE


RELATIVE HUMIDITY (PERCENT)
 HIGHEST    87           500 AM
 LOWEST     51           300 PM
 AVERAGE    69

..........................................................


THE NEW ORLEANS CLIMATE NORMALS FOR TOMORROW
                         NORMAL    RECORD    YEAR
 MAXIMUM TEMPERATURE (F)   81        91      1987
                                             1948
 MINIMUM TEMPERATURE (F)   63        44      1992
                                             1973


SUNRISE AND SUNSET
APRIL 27 2017.........SUNRISE   622 AM CDT   SUNSET   736 PM CDT
APRIL 28 2017.........SUNRISE   621 AM CDT   SUNSET   737 PM CDT


-  INDICATES NEGATIVE NUMBERS.
R  INDICATES RECORD WAS SET OR TIED.
MM INDICATES DATA IS MISSING.
T  INDICATES TRACE AMOUNT.




$$
