000
CDUS44 KLIX 102216
CLINEW


CLIMATE REPORT
NATIONAL WEATHER SERVICE NEW ORLEANS
416 PM CST SAT DEC 10 2016


...................................

...THE NEW ORLEANS CLIMATE SUMMARY FOR DECEMBER 10 2016...
VALID TODAY AS OF 0400 PM LOCAL TIME.

CLIMATE NORMAL PERIOD 1981 TO 2010
CLIMATE RECORD PERIOD 1946 TO 2016


WEATHER ITEM   OBSERVED TIME   RECORD YEAR NORMAL DEPARTURE LAST
                VALUE   (LST)  VALUE       VALUE  FROM      YEAR
                                                  NORMAL
..................................................................
TEMPERATURE (F)
 TODAY
  MAXIMUM         53    256 PM  81    2007  65    -12       80
                                      1972
  MINIMUM         40    716 AM  30    1995  48     -8       57
                                      1973
                                      1962
  AVERAGE         47                        56     -9       69

PRECIPITATION (IN)
  TODAY            0.00          2.07 1947   0.17  -0.17     0.00
  MONTH TO DATE    3.29                      1.67   1.62     0.12
  SINCE DEC 1      3.29                      1.67   1.62     0.12
  SINCE JAN 1     66.17                     58.88   7.29    65.00

SNOWFALL (IN)
  TODAY            0.0
  MONTH TO DATE    0.0
  SINCE DEC 1      0.0
  SINCE JUL 1      0.0
  SNOW DEPTH       0

DEGREE DAYS
 HEATING
  TODAY           18                         9      9        0
  MONTH TO DATE   89                        86      3       51
  SINCE DEC 1     89                        86      3       51
  SINCE JUL 1    160                       250    -90      109

 COOLING
  TODAY            0                         1     -1        4
  MONTH TO DATE    0                        10    -10       11
  SINCE DEC 1      0                        10    -10       11
  SINCE JAN 1   3835                      2988    847     3503
..................................................................


WIND (MPH)
  HIGHEST WIND SPEED    18   HIGHEST WIND DIRECTION    NE (60)
  HIGHEST GUST SPEED    23   HIGHEST GUST DIRECTION     E (70)
  AVERAGE WIND SPEED    10.2


SKY COVER
  POSSIBLE SUNSHINE  MM
  AVERAGE SKY COVER 0.1


WEATHER CONDITIONS
 THE FOLLOWING WEATHER WAS RECORDED TODAY.
  NO SIGNIFICANT WEATHER WAS OBSERVED.


RELATIVE HUMIDITY (PERCENT)
 HIGHEST    64           600 AM
 LOWEST     32           300 PM
 AVERAGE    48

..........................................................


THE NEW ORLEANS CLIMATE NORMALS FOR TOMORROW
                         NORMAL    RECORD    YEAR
 MAXIMUM TEMPERATURE (F)   65        82      1949
 MINIMUM TEMPERATURE (F)   48        26      1995


SUNRISE AND SUNSET
DECEMBER 10 2016......SUNRISE   646 AM CST   SUNSET   502 PM CST
DECEMBER 11 2016......SUNRISE   647 AM CST   SUNSET   502 PM CST


-  INDICATES NEGATIVE NUMBERS.
R  INDICATES RECORD WAS SET OR TIED.
MM INDICATES DATA IS MISSING.
T  INDICATES TRACE AMOUNT.




$$
