000
CDUS44 KLIX 262120
CLINEW


CLIMATE REPORT
NATIONAL WEATHER SERVICE NEW ORLEANS
420 PM CDT SUN MAR 26 2017


...................................

...THE NEW ORLEANS CLIMATE SUMMARY FOR MARCH 26 2017...
VALID TODAY AS OF 0400 PM LOCAL TIME.

CLIMATE NORMAL PERIOD 1981 TO 2010
CLIMATE RECORD PERIOD 1946 TO 2017


WEATHER ITEM   OBSERVED TIME   RECORD YEAR NORMAL DEPARTURE LAST
                VALUE   (LST)  VALUE       VALUE  FROM      YEAR
                                                  NORMAL
..................................................................
TEMPERATURE (F)
 TODAY
  MAXIMUM         81    125 PM  84    2011  74      7       76
  MINIMUM         66    626 AM  33    1968  55     11       56
  AVERAGE         74                        65      9       66

PRECIPITATION (IN)
  TODAY            0.00          4.24 1974   0.16  -0.16      T
  MONTH TO DATE    1.95                      3.79  -1.84     4.33
  SINCE MAR 1      1.95                      3.79  -1.84     4.33
  SINCE JAN 1      9.59                     14.24  -4.65    12.46

SNOWFALL (IN)
  TODAY            0.0
  MONTH TO DATE    0.0
  SINCE MAR 1      0.0
  SINCE JUL 1      0.0
  SNOW DEPTH       0

DEGREE DAYS
 HEATING
  TODAY            0                         3     -3        0
  MONTH TO DATE   59                       122    -63       38
  SINCE MAR 1     59                       122    -63       38
  SINCE JUL 1    620                      1231   -611      752

 COOLING
  TODAY            9                         3      6        1
  MONTH TO DATE  101                        48     53      109
  SINCE MAR 1    101                        48     53      109
  SINCE JAN 1    221                        85    136      145
..................................................................


WIND (MPH)
  HIGHEST WIND SPEED    18   HIGHEST WIND DIRECTION    SE (150)
  HIGHEST GUST SPEED    22   HIGHEST GUST DIRECTION    SE (150)
  AVERAGE WIND SPEED     5.9


SKY COVER
  POSSIBLE SUNSHINE  MM
  AVERAGE SKY COVER 0.6


WEATHER CONDITIONS
 THE FOLLOWING WEATHER WAS RECORDED TODAY.
  FOG


RELATIVE HUMIDITY (PERCENT)
 HIGHEST   100           400 AM
 LOWEST     62           100 PM
 AVERAGE    81

..........................................................


THE NEW ORLEANS CLIMATE NORMALS FOR TOMORROW
                         NORMAL    RECORD    YEAR
 MAXIMUM TEMPERATURE (F)   74        85      2011
 MINIMUM TEMPERATURE (F)   55        30      1955


SUNRISE AND SUNSET
MARCH 26 2017.........SUNRISE   657 AM CDT   SUNSET   716 PM CDT
MARCH 27 2017.........SUNRISE   656 AM CDT   SUNSET   717 PM CDT


-  INDICATES NEGATIVE NUMBERS.
R  INDICATES RECORD WAS SET OR TIED.
MM INDICATES DATA IS MISSING.
T  INDICATES TRACE AMOUNT.




$$
