000
CDUS44 KLIX 182221
CLINEW


CLIMATE REPORT
NATIONAL WEATHER SERVICE NEW ORLEANS
NATIONAL WEATHER SERVICE NEW ORL
420 PM CST SUN FEB 18 2018


...................................

...THE NEW ORLEANS CLIMATE SUMMARY FOR FEBRUARY 18 2018...
VALID TODAY AS OF 0400 PM LOCAL TIME.

CLIMATE NORMAL PERIOD 1981 TO 2010
CLIMATE RECORD PERIOD 1946 TO 2018


WEATHER ITEM   OBSERVED TIME   RECORD YEAR NORMAL DEPARTURE LAST
                VALUE   (LST)  VALUE       VALUE  FROM      YEAR
                                                  NORMAL
..................................................................
TEMPERATURE (F)
 TODAY
  MAXIMUM         80    248 PM  81    2000  66     14       72
                                      1975
                                      1956
  MINIMUM         65    833 AM  29    1958  49     16       50
  AVERAGE         73                        57     16       61

PRECIPITATION (IN)
  TODAY            0.00          3.79 1988   0.20  -0.20      T
  MONTH TO DATE    1.48                      3.56  -2.08     1.80
  SINCE DEC 1     11.19                     13.95  -2.76    14.56
  SINCE JAN 1      6.03                      8.71  -2.68     6.70

SNOWFALL (IN)
  TODAY            0.0
  MONTH TO DATE    0.0
  SINCE DEC 1      T
  SINCE JUL 1      T
  SNOW DEPTH       0

DEGREE DAYS
 HEATING
  TODAY            0                         8     -8        4
  MONTH TO DATE   51                       179   -128       66
  SINCE DEC 1    867                       871     -4      481
  SINCE JUL 1    999                      1035    -36      552

 COOLING
  TODAY            8                         1      7        0
  MONTH TO DATE   54                        18     36       38
  SINCE DEC 1     88                        61     27      145
  SINCE JAN 1     58                        34     24       90
..................................................................


WIND (MPH)
  HIGHEST WIND SPEED    15   HIGHEST WIND DIRECTION    SE (140)
  HIGHEST GUST SPEED    22   HIGHEST GUST DIRECTION    SE (150)
  AVERAGE WIND SPEED     5.6


SKY COVER
  POSSIBLE SUNSHINE  MM
  AVERAGE SKY COVER 0.8


WEATHER CONDITIONS
 THE FOLLOWING WEATHER WAS RECORDED TODAY.
  FOG
  HAZE


RELATIVE HUMIDITY (PERCENT)
 HIGHEST   100           200 AM
 LOWEST     58           200 PM
 AVERAGE    79

..........................................................


THE NEW ORLEANS CLIMATE NORMALS FOR TOMORROW
                         NORMAL    RECORD    YEAR
 MAXIMUM TEMPERATURE (F)   66        81      1956
 MINIMUM TEMPERATURE (F)   49        31      1978


SUNRISE AND SUNSET
FEBRUARY 18 2018......SUNRISE   638 AM CST   SUNSET   552 PM CST
FEBRUARY 19 2018......SUNRISE   637 AM CST   SUNSET   553 PM CST


-  INDICATES NEGATIVE NUMBERS.
R  INDICATES RECORD WAS SET OR TIED.
MM INDICATES DATA IS MISSING.
T  INDICATES TRACE AMOUNT.




$$
