000
CDUS44 KLIX 270714
CLINEW


CLIMATE REPORT
NATIONAL WEATHER SERVICE NEW ORLEANS
213 AM CDT TUE JUN 27 2017


...................................

...THE NEW ORLEANS CLIMATE SUMMARY FOR JUNE 26 2017...

CLIMATE NORMAL PERIOD 1981 TO 2010
CLIMATE RECORD PERIOD 1946 TO 2017


WEATHER ITEM   OBSERVED TIME   RECORD YEAR NORMAL DEPARTURE LAST
                VALUE   (LST)  VALUE       VALUE  FROM      YEAR
                                                  NORMAL
..................................................................
TEMPERATURE (F)
 YESTERDAY
  MAXIMUM         87    534 PM 100    2016  90     -3      100
  MINIMUM         76    543 AM  66    1966  75      1       81
  AVERAGE         82                        82      0       91

PRECIPITATION (IN)
  YESTERDAY        0.00          3.28 1999   0.26  -0.26     0.00
  MONTH TO DATE   15.04                      7.03   8.01     8.64
  SINCE JUN 1     15.04                      7.03   8.01     8.64
  SINCE JAN 1     40.94                     31.27   9.67    37.97

SNOWFALL (IN)
  YESTERDAY        0.0
  MONTH TO DATE    0.0
  SINCE JUN 1      0.0
  SINCE JUL 1      0.0
  SNOW DEPTH       0

DEGREE DAYS
 HEATING
  YESTERDAY        0                         0      0        0
  MONTH TO DATE    0                         0      0        0
  SINCE JUN 1      0                         0      0        0
  SINCE JUL 1    635                      1280   -645      755

 COOLING
  YESTERDAY       17                        18     -1       26
  MONTH TO DATE  395                       423    -28      503
  SINCE JUN 1    395                       423    -28      503
  SINCE JAN 1   1150                      1042    108     1283
..................................................................


WIND (MPH)
  HIGHEST WIND SPEED    13   HIGHEST WIND DIRECTION     E (80)
  HIGHEST GUST SPEED    17   HIGHEST GUST DIRECTION    NE (60)
  AVERAGE WIND SPEED     7.6


SKY COVER
  POSSIBLE SUNSHINE  MM
  AVERAGE SKY COVER 0.6


WEATHER CONDITIONS
 THE FOLLOWING WEATHER WAS RECORDED YESTERDAY.
  NO SIGNIFICANT WEATHER WAS OBSERVED.


RELATIVE HUMIDITY (PERCENT)
 HIGHEST    82           500 AM
 LOWEST     50           300 PM
 AVERAGE    66

..........................................................


THE NEW ORLEANS CLIMATE NORMALS FOR TODAY
                         NORMAL    RECORD    YEAR
 MAXIMUM TEMPERATURE (F)   90        98      1967
 MINIMUM TEMPERATURE (F)   75        62      1974


SUNRISE AND SUNSET
JUNE 27 2017..........SUNRISE   602 AM CDT   SUNSET   806 PM CDT
JUNE 28 2017..........SUNRISE   603 AM CDT   SUNSET   806 PM CDT


-  INDICATES NEGATIVE NUMBERS.
R  INDICATES RECORD WAS SET OR TIED.
MM INDICATES DATA IS MISSING.
T  INDICATES TRACE AMOUNT.




$$
