000
CDUS44 KLIX 220702
CLINEW


CLIMATE REPORT
NATIONAL WEATHER SERVICE NEW ORLEANS
201 AM CDT MON SEP 22 2014


...................................

...THE NEW ORLEANS CLIMATE SUMMARY FOR SEPTEMBER 21 2014...

CLIMATE NORMAL PERIOD 1981 TO 2010
CLIMATE RECORD PERIOD 1946 TO 2014


WEATHER ITEM   OBSERVED TIME   RECORD YEAR NORMAL DEPARTURE LAST
                VALUE   (LST)  VALUE       VALUE  FROM      YEAR
                                                  NORMAL
..................................................................
TEMPERATURE (F)
 YESTERDAY
  MAXIMUM         88    357 PM  95    2005  86      2       82
                                      1980
  MINIMUM         73   1152 PM  59    1983  71      2       73
                                      1981
  AVERAGE         81                        79      2       78

PRECIPITATION (IN)
  YESTERDAY        0.00          2.53 2013   0.15  -0.15     2.53
  MONTH TO DATE    2.69                      3.74  -1.05     7.14
  SINCE SEP 1      2.69                      3.74  -1.05     7.14
  SINCE JAN 1     45.65                     47.95  -2.30    57.45

SNOWFALL (IN)
  YESTERDAY        0.0
  MONTH TO DATE    0.0
  SINCE SEP 1      0.0
  SINCE JUL 1      0.0
  SNOW DEPTH       0

DEGREE DAYS
 HEATING
  YESTERDAY        0                         0      0        0
  MONTH TO DATE    0                         0      0        0
  SINCE SEP 1      0                         0      0        0
  SINCE JUL 1      0                         0      0        0

 COOLING
  YESTERDAY       16                        14      2       13
  MONTH TO DATE  384                       332     52      379
  SINCE SEP 1    384                       332     52      379
  SINCE JAN 1   2568                      2578    -10     2515
..................................................................


WIND (MPH)
  HIGHEST WIND SPEED    16   HIGHEST WIND DIRECTION    NE (30)
  HIGHEST GUST SPEED    20   HIGHEST GUST DIRECTION    NE (30)
  AVERAGE WIND SPEED     6.7


SKY COVER
  POSSIBLE SUNSHINE  MM
  AVERAGE SKY COVER 0.3


WEATHER CONDITIONS
 THE FOLLOWING WEATHER WAS RECORDED YESTERDAY.
  NO SIGNIFICANT WEATHER WAS OBSERVED.


RELATIVE HUMIDITY (PERCENT)
 HIGHEST    82           400 AM
 LOWEST     48           500 PM
 AVERAGE    65

..........................................................


THE NEW ORLEANS CLIMATE NORMALS FOR TODAY
                         NORMAL    RECORD    YEAR
 MAXIMUM TEMPERATURE (F)   86        95      1997
 MINIMUM TEMPERATURE (F)   71        56      1983


SUNRISE AND SUNSET
SEPTEMBER 22 2014.....SUNRISE   649 AM CDT   SUNSET   657 PM CDT
SEPTEMBER 23 2014.....SUNRISE   650 AM CDT   SUNSET   656 PM CDT


-  INDICATES NEGATIVE NUMBERS.
R  INDICATES RECORD WAS SET OR TIED.
MM INDICATES DATA IS MISSING.
T  INDICATES TRACE AMOUNT.




$$
