000
CDUS44 KLIX 212116
CLINEW


CLIMATE REPORT
NATIONAL WEATHER SERVICE NEW ORLEANS
415 PM CDT SAT OCT 21 2017


...................................

...THE NEW ORLEANS CLIMATE SUMMARY FOR OCTOBER 21 2017...
VALID TODAY AS OF 0400 PM LOCAL TIME.

CLIMATE NORMAL PERIOD 1981 TO 2010
CLIMATE RECORD PERIOD 1946 TO 2017


WEATHER ITEM   OBSERVED TIME   RECORD YEAR NORMAL DEPARTURE LAST
                VALUE   (LST)  VALUE       VALUE  FROM      YEAR
                                                  NORMAL
..................................................................
TEMPERATURE (F)
 TODAY
  MAXIMUM         87   1232 PM  90    1979  79      8       78
  MINIMUM         74    619 AM  36    1964  61     13       65
  AVERAGE         81                        70     11       72

PRECIPITATION (IN)
  TODAY            0.09          1.41 1990   0.12  -0.03     0.00
  MONTH TO DATE    1.91                      2.34  -0.43     0.05
  SINCE SEP 1      2.33                      7.31  -4.98     4.68
  SINCE JAN 1     65.98                     51.52  14.46    60.11

SNOWFALL (IN)
  TODAY            0.0
  MONTH TO DATE    0.0
  SINCE SEP 1      0.0
  SINCE JUL 1      0.0
  SNOW DEPTH       0

DEGREE DAYS
 HEATING
  TODAY            0                         1     -1        0
  MONTH TO DATE    0                         8     -8        0
  SINCE SEP 1      0                         8     -8        0
  SINCE JUL 1      0                         8     -8        0

 COOLING
  TODAY           16                         6     10        7
  MONTH TO DATE  282                       173    109      320
  SINCE SEP 1    741                       616    125      932
  SINCE JAN 1   3094                      2862    232     3634
..................................................................


WIND (MPH)
  HIGHEST WIND SPEED    25   HIGHEST WIND DIRECTION    SE (120)
  HIGHEST GUST SPEED    30   HIGHEST GUST DIRECTION    SE (120)
  AVERAGE WIND SPEED    14.0


SKY COVER
  POSSIBLE SUNSHINE  MM
  AVERAGE SKY COVER 0.8


WEATHER CONDITIONS
 THE FOLLOWING WEATHER WAS RECORDED TODAY.
  FOG
  HAZE


RELATIVE HUMIDITY (PERCENT)
 HIGHEST    94          1200 AM
 LOWEST     74          1200 PM
 AVERAGE    84

..........................................................


THE NEW ORLEANS CLIMATE NORMALS FOR TOMORROW
                         NORMAL    RECORD    YEAR
 MAXIMUM TEMPERATURE (F)   78        88      1991
 MINIMUM TEMPERATURE (F)   61        39      1976


SUNRISE AND SUNSET
OCTOBER 21 2017.......SUNRISE   707 AM CDT   SUNSET   624 PM CDT
OCTOBER 22 2017.......SUNRISE   708 AM CDT   SUNSET   623 PM CDT


-  INDICATES NEGATIVE NUMBERS.
R  INDICATES RECORD WAS SET OR TIED.
MM INDICATES DATA IS MISSING.
T  INDICATES TRACE AMOUNT.




$$
