000
CDUS46 KMTR 300033
CLINUQ


CLIMATE REPORT
NATIONAL WEATHER SERVICE SAN FRANCISCO BAY AREA
533 PM PDT TUE JUL 29 2014


...................................

...THE MOFFETT FIELD CLIMATE SUMMARY FOR JULY 29 2014...
VALID TODAY AS OF 0500 PM LOCAL TIME.

CLIMATE NORMAL PERIOD 1981 TO 2010
CLIMATE RECORD PERIOD 1945 TO 2014


WEATHER ITEM   OBSERVED TIME   RECORD YEAR NORMAL DEPARTURE LAST
                VALUE   (LST)  VALUE       VALUE  FROM      YEAR
                                                  NORMAL
..................................................................
TEMPERATURE (F)
 TODAY
  MAXIMUM         80    135 PM  93    1977  77      3       75
  MINIMUM         63    557 AM  49    1950  60      3       57
  AVERAGE         72                        68      4       66

PRECIPITATION (IN)
  TODAY            0.00          0.00 2009   0.00   0.00     0.00
  MONTH TO DATE    T                         0.02  -0.02      T
  SINCE JUL 1      T                         0.02  -0.02      T
  SINCE JAN 1      5.19                      9.65  -4.46     1.82

DEGREE DAYS
 HEATING
  TODAY            0                                         0
  MONTH TO DATE    0                                         1
  SINCE JUN 1      7                                        14
  SINCE JUL 1      0                                         1

 COOLING
  TODAY            7                                         1
  MONTH TO DATE  140                                        93
  SINCE JUN 1    217                                       190
  SINCE JAN 1    304                                       264
..................................................................


WIND (MPH)
  RESULTANT WIND SPEED   6   RESULTANT WIND DIRECTION   N (340)
  HIGHEST WIND SPEED    15   HIGHEST WIND DIRECTION     N (350)
  HIGHEST GUST SPEED    18   HIGHEST GUST DIRECTION     N (350)
  AVERAGE WIND SPEED     5.9


SKY COVER
  POSSIBLE SUNSHINE  MM
  AVERAGE SKY COVER 0.2


WEATHER CONDITIONS
 THE FOLLOWING WEATHER WAS RECORDED TODAY.
  NO SIGNIFICANT WEATHER WAS OBSERVED.


RELATIVE HUMIDITY (PERCENT)
 HIGHEST    90           400 AM
 LOWEST     48           300 PM
 AVERAGE    69

..........................................................


THE MOFFETT FIELD CLIMATE NORMALS FOR TOMORROW
                         NORMAL    RECORD    YEAR
 MAXIMUM TEMPERATURE (F)   77        97      1977
 MINIMUM TEMPERATURE (F)   60        50      1975


SUNRISE AND SUNSET
JULY 29 2014..........SUNRISE   610 AM PDT   SUNSET   819 PM PDT
JULY 30 2014..........SUNRISE   611 AM PDT   SUNSET   818 PM PDT


-  INDICATES NEGATIVE NUMBERS.
R  INDICATES RECORD WAS SET OR TIED.
MM INDICATES DATA IS MISSING.
T  INDICATES TRACE AMOUNT.




$$
