013
CDUS46 KMTR 240845
CLINUQ


CLIMATE REPORT
NATIONAL WEATHER SERVICE SAN FRANCISCO BAY AREA
145 AM PDT SUN JUL 24 2016


...................................

...THE MOFFETT FIELD CLIMATE SUMMARY FOR JULY 23 2016...

CLIMATE NORMAL PERIOD 1981 TO 2010
CLIMATE RECORD PERIOD 1945 TO 2016


WEATHER ITEM   OBSERVED TIME   RECORD YEAR NORMAL DEPARTURE LAST
                VALUE   (LST)  VALUE       VALUE  FROM      YEAR
                                                  NORMAL
..................................................................
TEMPERATURE (F)
 YESTERDAY
  MAXIMUM         82    150 PM  97    2006  77      5       74
  MINIMUM         58    515 AM  50    1948  59     -1       57
  AVERAGE         70                        68      2       66

PRECIPITATION (IN)
  YESTERDAY        0.00          0.02 1986   0.00   0.00     0.00
  MONTH TO DATE    0.00                      0.02  -0.02      T
  SINCE OCT 1     13.15                     14.49  -1.34    14.23
  SINCE JAN 1      8.75                      9.65  -0.90     4.24

DEGREE DAYS
 HEATING
  YESTERDAY        0                                         0
  MONTH TO DATE    5                                         0
  SINCE JUN 1     13                                        16
  SINCE JUL 1      5                                         0

 COOLING
  YESTERDAY        5                                         1
  MONTH TO DATE   44                                       106
  SINCE JUN 1    148                                       184
  SINCE JAN 1    208                                       202
..................................................................


WIND (MPH)
  RESULTANT WIND SPEED   6   RESULTANT WIND DIRECTION   N (350)
  HIGHEST WIND SPEED    17   HIGHEST WIND DIRECTION     N (360)
  HIGHEST GUST SPEED    22   HIGHEST GUST DIRECTION     N (350)
  AVERAGE WIND SPEED     5.7


SKY COVER
  POSSIBLE SUNSHINE  MM
  AVERAGE SKY COVER 0.0


WEATHER CONDITIONS
 THE FOLLOWING WEATHER WAS RECORDED YESTERDAY.
  NO SIGNIFICANT WEATHER WAS OBSERVED.


RELATIVE HUMIDITY (PERCENT)
 HIGHEST    78          1200 AM
 LOWEST     42           200 PM
 AVERAGE    60

..........................................................


THE MOFFETT FIELD CLIMATE NORMALS FOR TODAY
                         NORMAL    RECORD    YEAR
 MAXIMUM TEMPERATURE (F)   77        93      2006
 MINIMUM TEMPERATURE (F)   59        52      1948


SUNRISE AND SUNSET
JULY 24 2016..........SUNRISE   607 AM PDT   SUNSET   822 PM PDT
JULY 25 2016..........SUNRISE   607 AM PDT   SUNSET   822 PM PDT


-  INDICATES NEGATIVE NUMBERS.
R  INDICATES RECORD WAS SET OR TIED.
MM INDICATES DATA IS MISSING.
T  INDICATES TRACE AMOUNT.




$$
