000
CDUS46 KMTR 240825
CLINUQ


CLIMATE REPORT
NATIONAL WEATHER SERVICE SAN FRANCISCO BAY AREA
1225 AM PST TUE JAN 24 2017


...................................

...THE MOFFETT FIELD CLIMATE SUMMARY FOR JANUARY 23 2017...

CLIMATE NORMAL PERIOD 1981 TO 2010
CLIMATE RECORD PERIOD 1945 TO 2017


WEATHER ITEM   OBSERVED TIME   RECORD YEAR NORMAL DEPARTURE LAST
                VALUE   (LST)  VALUE       VALUE  FROM      YEAR
                                                  NORMAL
..................................................................
TEMPERATURE (F)
 YESTERDAY
  MAXIMUM         53    223 PM  76    1948  59     -6       59
  MINIMUM         42    555 AM  33    2007  43     -1       47
  AVERAGE         48                        51     -3       53

PRECIPITATION (IN)
  YESTERDAY        0.23          1.39 1983   0.08   0.15     0.12
  MONTH TO DATE    5.40                      2.09   3.31     3.40
  SINCE OCT 1      9.97                      6.93   3.04     7.80
  SINCE JAN 1      5.40                      2.09   3.31     3.40

DEGREE DAYS
 HEATING
  YESTERDAY       17                                        12
  MONTH TO DATE  345                                       271
  SINCE DEC 1    804                                       743
  SINCE JUL 1   1091                                      1086

 COOLING
  YESTERDAY        0                                         0
  MONTH TO DATE    0                                         0
  SINCE DEC 1      0                                         0
  SINCE JAN 1      0                                         0
..................................................................


WIND (MPH)
  RESULTANT WIND SPEED   4   RESULTANT WIND DIRECTION  SE (140)
  HIGHEST WIND SPEED    14   HIGHEST WIND DIRECTION     N (350)
  HIGHEST GUST SPEED    16   HIGHEST GUST DIRECTION     N (350)
  AVERAGE WIND SPEED     4.4


SKY COVER
  POSSIBLE SUNSHINE  MM
  AVERAGE SKY COVER 0.5


WEATHER CONDITIONS
 THE FOLLOWING WEATHER WAS RECORDED YESTERDAY.
  LIGHT RAIN
  FOG


RELATIVE HUMIDITY (PERCENT)
 HIGHEST    92           500 AM
 LOWEST     71           300 PM
 AVERAGE    82

..........................................................


THE MOFFETT FIELD CLIMATE NORMALS FOR TODAY
                         NORMAL    RECORD    YEAR
 MAXIMUM TEMPERATURE (F)   59        76      1948
 MINIMUM TEMPERATURE (F)   43        31      1949


SUNRISE AND SUNSET
JANUARY 24 2017.......SUNRISE   717 AM PST   SUNSET   524 PM PST
JANUARY 25 2017.......SUNRISE   716 AM PST   SUNSET   525 PM PST


-  INDICATES NEGATIVE NUMBERS.
R  INDICATES RECORD WAS SET OR TIED.
MM INDICATES DATA IS MISSING.
T  INDICATES TRACE AMOUNT.




$$
