000
CDUS46 KMTR 220828
CLINUQ


CLIMATE REPORT
NATIONAL WEATHER SERVICE SAN FRANCISCO BAY AREA
1227 AM PST SAT NOV 22 2014


...................................

...THE MOFFETT FIELD CLIMATE SUMMARY FOR NOVEMBER 21 2014...

CLIMATE NORMAL PERIOD 1981 TO 2010
CLIMATE RECORD PERIOD 1945 TO 2014


WEATHER ITEM   OBSERVED TIME   RECORD YEAR NORMAL DEPARTURE LAST
                VALUE   (LST)  VALUE       VALUE  FROM      YEAR
                                                  NORMAL
..................................................................
TEMPERATURE (F)
 YESTERDAY
  MAXIMUM         64    158 PM  74    1950  63      1       63
  MINIMUM         48    348 AM  32    1947  46      2       49
  AVERAGE         56                        55      1       56

PRECIPITATION (IN)
  YESTERDAY        0.00          0.59 1981   0.07  -0.07      T
  MONTH TO DATE    0.38                      1.11  -0.73     0.59
  SINCE JUL 1      1.05                      1.96  -0.91     1.10
  SINCE JAN 1      6.24                     11.59  -5.35     2.92

DEGREE DAYS
 HEATING
  YESTERDAY        9                                         9
  MONTH TO DATE  122                                       153
  SINCE SEP 1    153                                       276
  SINCE JUL 1    153                                       280

 COOLING
  YESTERDAY        0                                         0
  MONTH TO DATE    0                                         0
  SINCE SEP 1    201                                       119
  SINCE JAN 1    643                                       478
..................................................................


WIND (MPH)
  RESULTANT WIND SPEED   1   RESULTANT WIND DIRECTION   N (350)
  HIGHEST WIND SPEED     8   HIGHEST WIND DIRECTION    NW (320)
  HIGHEST GUST SPEED     9   HIGHEST GUST DIRECTION    NW (330)
  AVERAGE WIND SPEED     1.7


SKY COVER
  POSSIBLE SUNSHINE  MM
  AVERAGE SKY COVER 0.6


WEATHER CONDITIONS
 THE FOLLOWING WEATHER WAS RECORDED YESTERDAY.
  FOG


RELATIVE HUMIDITY (PERCENT)
 HIGHEST   100           100 AM
 LOWEST     52           200 PM
 AVERAGE    76

..........................................................


THE MOFFETT FIELD CLIMATE NORMALS FOR TODAY
                         NORMAL    RECORD    YEAR
 MAXIMUM TEMPERATURE (F)   63        75      1959
 MINIMUM TEMPERATURE (F)   46        33      1956


SUNRISE AND SUNSET
NOVEMBER 22 2014......SUNRISE   655 AM PST   SUNSET   453 PM PST
NOVEMBER 23 2014......SUNRISE   656 AM PST   SUNSET   453 PM PST


-  INDICATES NEGATIVE NUMBERS.
R  INDICATES RECORD WAS SET OR TIED.
MM INDICATES DATA IS MISSING.
T  INDICATES TRACE AMOUNT.




$$
