000
CDUS46 KMTR 240838
CLINUQ


CLIMATE REPORT
NATIONAL WEATHER SERVICE SAN FRANCISCO BAY AREA
138 AM PDT MON APR 24 2017


...................................

...THE MOFFETT FIELD CLIMATE SUMMARY FOR APRIL 23 2017...

CLIMATE NORMAL PERIOD 1981 TO 2010
CLIMATE RECORD PERIOD 1945 TO 2017


WEATHER ITEM   OBSERVED TIME   RECORD YEAR NORMAL DEPARTURE LAST
                VALUE   (LST)  VALUE       VALUE  FROM      YEAR
                                                  NORMAL
..................................................................
TEMPERATURE (F)
 YESTERDAY
  MAXIMUM         67    151 PM  86    1946  70     -3       68
  MINIMUM         53   1159 PM  38    1986  50      3       49
  AVERAGE         60                        60      0       59

PRECIPITATION (IN)
  YESTERDAY        0.00          0.59 1983   0.03  -0.03     0.00
  MONTH TO DATE    1.33                      0.79   0.54     1.36
  SINCE OCT 1     18.13                     13.71   4.42    12.97
  SINCE JAN 1     13.56                      8.87   4.69     8.57

DEGREE DAYS
 HEATING
  YESTERDAY        5                                         6
  MONTH TO DATE  141                                        86
  SINCE MAR 1    374                                       299
  SINCE JUL 1   1902                                      1684

 COOLING
  YESTERDAY        0                                         0
  MONTH TO DATE    0                                        22
  SINCE MAR 1      0                                        22
  SINCE JAN 1      0                                        24
..................................................................


WIND (MPH)
  RESULTANT WIND SPEED   6   RESULTANT WIND DIRECTION   W (290)
  HIGHEST WIND SPEED    17   HIGHEST WIND DIRECTION     W (270)
  HIGHEST GUST SPEED    22   HIGHEST GUST DIRECTION     W (260)
  AVERAGE WIND SPEED     7.1


SKY COVER
  POSSIBLE SUNSHINE  MM
  AVERAGE SKY COVER 0.0


WEATHER CONDITIONS
 THE FOLLOWING WEATHER WAS RECORDED YESTERDAY.
  NO SIGNIFICANT WEATHER WAS OBSERVED.


RELATIVE HUMIDITY (PERCENT)
 HIGHEST    83          1200 AM
 LOWEST     44          1000 AM
 AVERAGE    64

..........................................................


THE MOFFETT FIELD CLIMATE NORMALS FOR TODAY
                         NORMAL    RECORD    YEAR
 MAXIMUM TEMPERATURE (F)   70        84      2004
 MINIMUM TEMPERATURE (F)   50        38      1960


SUNRISE AND SUNSET
APRIL 24 2017.........SUNRISE   621 AM PDT   SUNSET   752 PM PDT
APRIL 25 2017.........SUNRISE   620 AM PDT   SUNSET   753 PM PDT


-  INDICATES NEGATIVE NUMBERS.
R  INDICATES RECORD WAS SET OR TIED.
MM INDICATES DATA IS MISSING.
T  INDICATES TRACE AMOUNT.




$$
