000
CDUS46 KMTR 250845
CLINUQ


CLIMATE REPORT
NATIONAL WEATHER SERVICE SAN FRANCISCO BAY AREA
1245 AM PST SUN JAN 25 2015


...................................

...THE MOFFETT FIELD CLIMATE SUMMARY FOR JANUARY 24 2015...

CLIMATE NORMAL PERIOD 1981 TO 2010
CLIMATE RECORD PERIOD 1945 TO 2015


WEATHER ITEM   OBSERVED TIME   RECORD YEAR NORMAL DEPARTURE LAST
                VALUE   (LST)  VALUE       VALUE  FROM      YEAR
                                                  NORMAL
..................................................................
TEMPERATURE (F)
 YESTERDAY
  MAXIMUM         70    321 PM  76    1948  59     11       66
  MINIMUM         48    748 AM  31    1949  43      5       42
  AVERAGE         59                        51      8       54

PRECIPITATION (IN)
  YESTERDAY        0.00          1.64 2000   0.07  -0.07     0.00
  MONTH TO DATE    0.01                      2.16  -2.15     0.02
  SINCE JUL 1     10.41                      7.21   3.20     1.28
  SINCE JAN 1      0.01                      2.16  -2.15     0.02

DEGREE DAYS
 HEATING
  YESTERDAY        6                                        11
  MONTH TO DATE  330                                       266
  SINCE DEC 1    621                                       772
  SINCE JUL 1    848                                      1144

 COOLING
  YESTERDAY        0                                         0
  MONTH TO DATE    0                                         0
  SINCE DEC 1      0                                         0
  SINCE JAN 1      0                                         0
..................................................................


WIND (MPH)
  RESULTANT WIND SPEED   4   RESULTANT WIND DIRECTION  NW (330)
  HIGHEST WIND SPEED    16   HIGHEST WIND DIRECTION     N (20)
  HIGHEST GUST SPEED    21   HIGHEST GUST DIRECTION    NE (30)
  AVERAGE WIND SPEED     4.9


SKY COVER
  POSSIBLE SUNSHINE  MM
  AVERAGE SKY COVER 0.0


WEATHER CONDITIONS
 THE FOLLOWING WEATHER WAS RECORDED YESTERDAY.
  NO SIGNIFICANT WEATHER WAS OBSERVED.


RELATIVE HUMIDITY (PERCENT)
 HIGHEST    77           500 AM
 LOWEST     26           400 PM
 AVERAGE    52

..........................................................


THE MOFFETT FIELD CLIMATE NORMALS FOR TODAY
                         NORMAL    RECORD    YEAR
 MAXIMUM TEMPERATURE (F)   59        72      2014
 MINIMUM TEMPERATURE (F)   43        30      1949


SUNRISE AND SUNSET
JANUARY 25 2015.......SUNRISE   717 AM PST   SUNSET   525 PM PST
JANUARY 26 2015.......SUNRISE   716 AM PST   SUNSET   526 PM PST


-  INDICATES NEGATIVE NUMBERS.
R  INDICATES RECORD WAS SET OR TIED.
MM INDICATES DATA IS MISSING.
T  INDICATES TRACE AMOUNT.




$$
