143
CDUS46 KMTR 240844
CLINUQ


CLIMATE REPORT
NATIONAL WEATHER SERVICE SAN FRANCISCO BAY AREA
144 AM PDT WED MAY 24 2017


...................................

...THE MOFFETT FIELD CLIMATE SUMMARY FOR MAY 23 2017...

CLIMATE NORMAL PERIOD 1981 TO 2010
CLIMATE RECORD PERIOD 1945 TO 2017


WEATHER ITEM   OBSERVED TIME   RECORD YEAR NORMAL DEPARTURE LAST
                VALUE   (LST)  VALUE       VALUE  FROM      YEAR
                                                  NORMAL
..................................................................
TEMPERATURE (F)
 YESTERDAY
  MAXIMUM         73    124 PM  91    1982  73      0       71
  MINIMUM         58   1159 PM  45    1945  54      4       50
  AVERAGE         66                        64      2       61

PRECIPITATION (IN)
  YESTERDAY        0.00          0.34 1990   0.01  -0.01     0.00
  MONTH TO DATE    0.00                      0.40  -0.40     0.13
  SINCE OCT 1     18.13                     14.30   3.83    13.15
  SINCE JAN 1     13.56                      9.46   4.10     8.75

DEGREE DAYS
 HEATING
  YESTERDAY        0                                         4
  MONTH TO DATE   57                                        57
  SINCE MAR 1    454                                       391
  SINCE JUL 1   1982                                      1776

 COOLING
  YESTERDAY        1                                         0
  MONTH TO DATE   51                                        18
  SINCE MAR 1     53                                        41
  SINCE JAN 1     53                                        43
..................................................................


WIND (MPH)
  RESULTANT WIND SPEED   6   RESULTANT WIND DIRECTION   N (340)
  HIGHEST WIND SPEED    16   HIGHEST WIND DIRECTION     N (350)
  HIGHEST GUST SPEED    21   HIGHEST GUST DIRECTION     N (350)
  AVERAGE WIND SPEED     6.9


SKY COVER
  POSSIBLE SUNSHINE  MM
  AVERAGE SKY COVER 0.2


WEATHER CONDITIONS
 THE FOLLOWING WEATHER WAS RECORDED YESTERDAY.
  NO SIGNIFICANT WEATHER WAS OBSERVED.


RELATIVE HUMIDITY (PERCENT)
 HIGHEST    93           300 AM
 LOWEST     61           100 PM
 AVERAGE    77

..........................................................


THE MOFFETT FIELD CLIMATE NORMALS FOR TODAY
                         NORMAL    RECORD    YEAR
 MAXIMUM TEMPERATURE (F)   73        96      1982
 MINIMUM TEMPERATURE (F)   54        45      1972


SUNRISE AND SUNSET
MAY 24 2017...........SUNRISE   553 AM PDT   SUNSET   818 PM PDT
MAY 25 2017...........SUNRISE   552 AM PDT   SUNSET   819 PM PDT


-  INDICATES NEGATIVE NUMBERS.
R  INDICATES RECORD WAS SET OR TIED.
MM INDICATES DATA IS MISSING.
T  INDICATES TRACE AMOUNT.




$$
