000
CDUS41 KOKX 312132
CLINYC


CLIMATE REPORT
NATIONAL WEATHER SERVICE NEW YORK NY
432 PM EST SAT JAN 31 2015


...................................

...THE CENTRAL PARK NY CLIMATE SUMMARY FOR JANUARY 31 2015...
VALID TODAY AS OF 0400 PM LOCAL TIME.

CLIMATE NORMAL PERIOD 1981 TO 2010
CLIMATE RECORD PERIOD 1869 TO 2015


WEATHER ITEM   OBSERVED TIME   RECORD YEAR NORMAL DEPARTURE LAST
                VALUE   (LST)  VALUE       VALUE  FROM      YEAR
                                                  NORMAL
..................................................................
TEMPERATURE (F)
 TODAY
  MAXIMUM         26    359 PM  63    1947  39    -13       39
                                      1916
  MINIMUM         13    853 AM  -1    1920  27    -14       25
  AVERAGE         20                        33    -13       32

PRECIPITATION (IN)
  TODAY            0.00          1.51 1914   0.12  -0.12     0.00
  MONTH TO DATE    5.23                      3.65   1.58     2.79
  SINCE DEC 1     11.27                      7.65   3.62     7.64
  SINCE JAN 1      5.23                      3.65   1.58     2.79

SNOWFALL (IN)
  TODAY            0.0           5.0  1898   0.3   -0.3      0.0
  MONTH TO DATE   15.3                       7.0    8.3     19.7
  SINCE OCT 1     16.5                      12.1    4.4     28.3
  SINCE JUL 1     16.5                      12.1    4.4     28.3
  SNOW DEPTH       7

DEGREE DAYS
 HEATING
  TODAY           45                        32     13       33
  MONTH TO DATE 1080                      1007     73     1120
  SINCE DEC 1   1831                      1856    -25     1935
  SINCE JUL 1   2616                      2689    -73     2743

 COOLING
  TODAY            0                         0      0        0
  MONTH TO DATE    0                         0      0        0
  SINCE DEC 1      0                         0      0        1
  SINCE JAN 1      0                         0      0        0
..................................................................


WIND (MPH)
  HIGHEST WIND SPEED    24   HIGHEST WIND DIRECTION    NW (310)
  HIGHEST GUST SPEED    44   HIGHEST GUST DIRECTION     W (290)
  AVERAGE WIND SPEED    13.7


SKY COVER
  AVERAGE SKY COVER 0.0


WEATHER CONDITIONS
 THE FOLLOWING WEATHER WAS RECORDED TODAY.
  NO SIGNIFICANT WEATHER WAS OBSERVED.


RELATIVE HUMIDITY (PERCENT)
 HIGHEST    53           400 AM
 LOWEST     29           300 PM
 AVERAGE    41

..........................................................


THE CENTRAL PARK NY CLIMATE NORMALS FOR TOMORROW
                         NORMAL    RECORD    YEAR
 MAXIMUM TEMPERATURE (F)   39        67      1989
 MINIMUM TEMPERATURE (F)   27        -2      1920


SUNRISE AND SUNSET
JANUARY 31 2015.......SUNRISE   707 AM EST   SUNSET   512 PM EST
FEBRUARY  1 2015......SUNRISE   706 AM EST   SUNSET   513 PM EST


-  INDICATES NEGATIVE NUMBERS.
R  INDICATES RECORD WAS SET OR TIED.
MM INDICATES DATA IS MISSING.
T  INDICATES TRACE AMOUNT.




$$
