000
CDUS41 KOKX 210616
CLINYC


CLIMATE REPORT
NATIONAL WEATHER SERVICE NEW YORK NY
216 AM EDT THU AUG 21 2014


...................................

...THE CENTRAL PARK NY CLIMATE SUMMARY FOR AUGUST 20 2014...

CLIMATE NORMAL PERIOD 1981 TO 2010
CLIMATE RECORD PERIOD 1869 TO 2014


WEATHER ITEM   OBSERVED TIME   RECORD YEAR NORMAL DEPARTURE LAST
                VALUE   (LST)  VALUE       VALUE  FROM      YEAR
                                                  NORMAL
..................................................................
TEMPERATURE (F)
 YESTERDAY
  MAXIMUM         84   1245 PM  97    1955  82      2       88
  MINIMUM         70    512 AM  55    1949  68      2       68
  AVERAGE         77                        75      2       78

PRECIPITATION (IN)
  YESTERDAY        0.00          3.63 1904   0.14  -0.14     0.00
  MONTH TO DATE    1.21                      2.99  -1.78     2.12
  SINCE JUN 1     11.06                     12.00  -0.94    15.06
  SINCE JAN 1     35.22                     31.79   3.43    34.28

SNOWFALL (IN)
  YESTERDAY        0.0           0.0  2002   0.0    0.0      0.0
                                      2001
  MONTH TO DATE    0.0                       0.0    0.0      0.0
  SINCE OCT 1     57.4                      25.8   31.6     26.1
  SINCE JUL 1      0.0                       0.0    0.0      0.0
  SNOW DEPTH       0

DEGREE DAYS
 HEATING
  YESTERDAY        0                         0      0        0
  MONTH TO DATE    0                         0      0        0
  SINCE JUN 1      0                        19    -19        9
  SINCE JUL 1      0                         0      0        0

 COOLING
  YESTERDAY       12                        10      2       13
  MONTH TO DATE  190                       216    -26      172
  SINCE JUN 1    773                       783    -10      881
  SINCE JAN 1    827                       852    -25      960
..................................................................


WIND (MPH)
  HIGHEST WIND SPEED    10   HIGHEST WIND DIRECTION    SE (150)
  HIGHEST GUST SPEED    14   HIGHEST GUST DIRECTION     S (160)
  AVERAGE WIND SPEED     2.2


SKY COVER
  AVERAGE SKY COVER 0.3


WEATHER CONDITIONS
 THE FOLLOWING WEATHER WAS RECORDED YESTERDAY.
  HAZE


RELATIVE HUMIDITY (PERCENT)
 HIGHEST    79           600 AM
 LOWEST     40           300 PM
 AVERAGE    60

..........................................................


THE CENTRAL PARK NY CLIMATE NORMALS FOR TODAY
                         NORMAL    RECORD    YEAR
 MAXIMUM TEMPERATURE (F)   82        96      1955
 MINIMUM TEMPERATURE (F)   68        53      1922


SUNRISE AND SUNSET
AUGUST 21 2014........SUNRISE   612 AM EDT   SUNSET   745 PM EDT
AUGUST 22 2014........SUNRISE   613 AM EDT   SUNSET   744 PM EDT


-  INDICATES NEGATIVE NUMBERS.
R  INDICATES RECORD WAS SET OR TIED.
MM INDICATES DATA IS MISSING.
T  INDICATES TRACE AMOUNT.




$$
