000
CDUS41 KOKX 232140
CLINYC


CLIMATE REPORT
NATIONAL WEATHER SERVICE NEW YORK NY
440 PM EST THU NOV 23 2017


...................................

...THE CENTRAL PARK NY CLIMATE SUMMARY FOR NOVEMBER 23 2017...
VALID TODAY AS OF 0400 PM LOCAL TIME.

CLIMATE NORMAL PERIOD 1981 TO 2010
CLIMATE RECORD PERIOD 1869 TO 2017


WEATHER ITEM   OBSERVED TIME   RECORD YEAR NORMAL DEPARTURE LAST
                VALUE   (LST)  VALUE       VALUE  FROM      YEAR
                                                  NORMAL
..................................................................
TEMPERATURE (F)
 TODAY
  MAXIMUM         43    301 PM  72    1931  51     -8       45
  MINIMUM         31    648 AM  14    1880  40     -9       35
  AVERAGE         37                        45     -8       40

PRECIPITATION (IN)
  TODAY            0.00          1.84 1923   0.14  -0.14     0.00
  MONTH TO DATE    1.55                      3.05  -1.50     2.43
  SINCE SEP 1      7.73                     11.73  -4.00     9.37
  SINCE JAN 1     42.80                     44.97  -2.17    36.30

SNOWFALL (IN)
  TODAY            0.0           4.4  1989   0.0    0.0      0.0
  MONTH TO DATE    T                         0.1   -0.1       T
  SINCE OCT 1      T                         0.1   -0.1       T
  SINCE JUL 1      T                         0.1   -0.1       T
  SNOW DEPTH       0

DEGREE DAYS
 HEATING
  TODAY           28                        20      8       25
  MONTH TO DATE  419                       372     47      336
  SINCE SEP 1    535                       683   -148      570
  SINCE JUL 1    535                       685   -150      570

 COOLING
  TODAY            0                         0      0        0
  MONTH TO DATE    0                         0      0        0
  SINCE SEP 1    271                       150    121      257
  SINCE JAN 1   1265                      1104    161     1489
..................................................................


WIND (MPH)
  HIGHEST WIND SPEED    13   HIGHEST WIND DIRECTION    NW (310)
  HIGHEST GUST SPEED    21   HIGHEST GUST DIRECTION    NW (310)
  AVERAGE WIND SPEED     4.8


SKY COVER
  AVERAGE SKY COVER 0.0


WEATHER CONDITIONS
 THE FOLLOWING WEATHER WAS RECORDED TODAY.
  NO SIGNIFICANT WEATHER WAS OBSERVED.


RELATIVE HUMIDITY (PERCENT)
 HIGHEST    59           500 AM
 LOWEST     36           200 PM
 AVERAGE    48

..........................................................


THE CENTRAL PARK NY CLIMATE NORMALS FOR TOMORROW
                         NORMAL    RECORD    YEAR
 MAXIMUM TEMPERATURE (F)   51        73      1979
 MINIMUM TEMPERATURE (F)   39        14      1880


SUNRISE AND SUNSET
NOVEMBER 23 2017......SUNRISE   652 AM EST   SUNSET   432 PM EST
NOVEMBER 24 2017......SUNRISE   653 AM EST   SUNSET   432 PM EST


-  INDICATES NEGATIVE NUMBERS.
R  INDICATES RECORD WAS SET OR TIED.
MM INDICATES DATA IS MISSING.
T  INDICATES TRACE AMOUNT.




$$
