333
CDUS41 KOKX 240616
CLINYC


CLIMATE REPORT
NATIONAL WEATHER SERVICE NEW YORK NY
116 AM EST TUE JAN 24 2017


...................................

...THE CENTRAL PARK NY CLIMATE SUMMARY FOR JANUARY 23 2017...

CLIMATE NORMAL PERIOD 1981 TO 2010
CLIMATE RECORD PERIOD 1869 TO 2017


WEATHER ITEM   OBSERVED TIME   RECORD YEAR NORMAL DEPARTURE LAST
                VALUE   (LST)  VALUE       VALUE  FROM      YEAR
                                                  NORMAL
..................................................................
TEMPERATURE (F)
 YESTERDAY
  MAXIMUM         44   1237 AM  62    1906  38      6       27
                                      1887
                                      1874
  MINIMUM         36   1154 PM  -3    1936  27      9       24
  AVERAGE         40                        32      8       26

PRECIPITATION (IN)
  YESTERDAY        1.16          2.55 1998   0.11   1.05     2.31
  MONTH TO DATE    3.57                      2.76   0.81     4.41
  SINCE DEC 1      6.46                      6.76  -0.30     9.13
  SINCE JAN 1      3.57                      2.76   0.81     4.41

SNOWFALL (IN)
  YESTERDAY        0.0          27.3  2016   0.2   -0.2     27.3
  MONTH TO DATE    6.9                       5.0    1.9     27.9
  SINCE OCT 1     10.1                      10.1    0.0     27.9
  SINCE JUL 1     10.1                      10.1    0.0     27.9
  SNOW DEPTH       0

DEGREE DAYS
 HEATING
  YESTERDAY       25                        33     -8       39
  MONTH TO DATE  620                       750   -130      719
  SINCE DEC 1   1439                      1602   -163     1153
  SINCE JUL 1   2126                      2435   -309     1741

 COOLING
  YESTERDAY        0                         0      0        0
  MONTH TO DATE    0                         0      0        0
  SINCE DEC 1      0                         0      0        3
  SINCE JAN 1      0                         0      0        0
..................................................................


WIND (MPH)
  HIGHEST WIND SPEED    33   HIGHEST WIND DIRECTION     E (70)
  HIGHEST GUST SPEED    47   HIGHEST GUST DIRECTION    NE (40)
  AVERAGE WIND SPEED    18.3


SKY COVER
  AVERAGE SKY COVER 1.0


WEATHER CONDITIONS
 THE FOLLOWING WEATHER WAS RECORDED YESTERDAY.
  RAIN
  LIGHT RAIN
  FOG


RELATIVE HUMIDITY (PERCENT)
 HIGHEST   100          1000 PM
 LOWEST     70           900 AM
 AVERAGE    85

..........................................................


THE CENTRAL PARK NY CLIMATE NORMALS FOR TODAY
                         NORMAL    RECORD    YEAR
 MAXIMUM TEMPERATURE (F)   38        68      1967
 MINIMUM TEMPERATURE (F)   27        -6      1882


SUNRISE AND SUNSET
JANUARY 24 2017.......SUNRISE   713 AM EST   SUNSET   504 PM EST
JANUARY 25 2017.......SUNRISE   712 AM EST   SUNSET   505 PM EST


-  INDICATES NEGATIVE NUMBERS.
R  INDICATES RECORD WAS SET OR TIED.
MM INDICATES DATA IS MISSING.
T  INDICATES TRACE AMOUNT.




$$
