000
CDUS41 KOKX 230616
CLINYC


CLIMATE REPORT
NATIONAL WEATHER SERVICE NEW YORK NY
215 AM EDT THU MAR 23 2017


...................................

...THE CENTRAL PARK NY CLIMATE SUMMARY FOR MARCH 22 2017...

CLIMATE NORMAL PERIOD 1981 TO 2010
CLIMATE RECORD PERIOD 1869 TO 2017


WEATHER ITEM   OBSERVED TIME   RECORD YEAR NORMAL DEPARTURE LAST
                VALUE   (LST)  VALUE       VALUE  FROM      YEAR
                                                  NORMAL
..................................................................
TEMPERATURE (F)
 YESTERDAY
  MAXIMUM         50   1227 AM  78    2012  52     -2       56
  MINIMUM         24   1159 PM  12    1885  37    -13       35
  AVERAGE         37                        44     -7       46

PRECIPITATION (IN)
  YESTERDAY        0.00          3.44 1977   0.15  -0.15     0.00
  MONTH TO DATE    2.60                      2.98  -0.38     0.75
  SINCE MAR 1      2.60                      2.98  -0.38     0.75
  SINCE JAN 1      9.91                      9.72   0.19     9.56

SNOWFALL (IN)
  YESTERDAY        0.0           9.0  1967   0.1   -0.1      0.0
  MONTH TO DATE    9.7                       3.3    6.4      0.9
  SINCE OCT 1     30.2                      24.6    5.6     32.8
  SINCE JUL 1     30.2                      24.6    5.6     32.8
  SNOW DEPTH       0

DEGREE DAYS
 HEATING
  YESTERDAY       28                        21      7       19
  MONTH TO DATE  605                       528     77      384
  SINCE MAR 1    605                       528     77      384
  SINCE JUL 1   3588                      4050   -462     3131

 COOLING
  YESTERDAY        0                         0      0        0
  MONTH TO DATE    0                         0      0        6
  SINCE MAR 1      0                         0      0        6
  SINCE JAN 1      0                         0      0        6
..................................................................


WIND (MPH)
  HIGHEST WIND SPEED    24   HIGHEST WIND DIRECTION    NW (310)
  HIGHEST GUST SPEED    42   HIGHEST GUST DIRECTION    NW (310)
  AVERAGE WIND SPEED    11.5


SKY COVER
  AVERAGE SKY COVER 0.1


WEATHER CONDITIONS
 THE FOLLOWING WEATHER WAS RECORDED YESTERDAY.
  NO SIGNIFICANT WEATHER WAS OBSERVED.


RELATIVE HUMIDITY (PERCENT)
 HIGHEST    45           400 AM
 LOWEST     19           200 PM
 AVERAGE    32

..........................................................


THE CENTRAL PARK NY CLIMATE NORMALS FOR TODAY
                         NORMAL    RECORD    YEAR
 MAXIMUM TEMPERATURE (F)   52        76      2012
                                             1923
 MINIMUM TEMPERATURE (F)   37        12      1875


SUNRISE AND SUNSET
MARCH 23 2017.........SUNRISE   654 AM EDT   SUNSET   711 PM EDT
MARCH 24 2017.........SUNRISE   652 AM EDT   SUNSET   712 PM EDT


-  INDICATES NEGATIVE NUMBERS.
R  INDICATES RECORD WAS SET OR TIED.
MM INDICATES DATA IS MISSING.
T  INDICATES TRACE AMOUNT.




$$
