000
CDUS41 KOKX 300619
CLINYC


CLIMATE REPORT
NATIONAL WEATHER SERVICE NEW YORK NY
219 AM EDT SAT APR 30 2016


...................................

...THE CENTRAL PARK NY CLIMATE SUMMARY FOR APRIL 29 2016...

CLIMATE NORMAL PERIOD 1981 TO 2010
CLIMATE RECORD PERIOD 1869 TO 2016


WEATHER ITEM   OBSERVED TIME   RECORD YEAR NORMAL DEPARTURE LAST
                VALUE   (LST)  VALUE       VALUE  FROM      YEAR
                                                  NORMAL
..................................................................
TEMPERATURE (F)
 YESTERDAY
  MAXIMUM         58    102 PM  89    1974  66     -8       78
  MINIMUM         45   1138 PM  32    1874  49     -4       50
  AVERAGE         52                        58     -6       64

PRECIPITATION (IN)
  YESTERDAY        0.05          0.91 1909   0.14  -0.09     0.00
  MONTH TO DATE    1.61                      4.37  -2.76     2.08
  SINCE MAR 1      2.78                      8.73  -5.95     6.80
  SINCE JAN 1     11.59                     15.47  -3.88    14.07

SNOWFALL (IN)
  YESTERDAY        0.0           T    1909   0.0    0.0      0.0
  MONTH TO DATE    T                         0.6   -0.6      0.0
  SINCE OCT 1     32.1                      25.8    6.3     50.3
  SINCE JUL 1     32.1                      25.8    6.3     50.3
  SNOW DEPTH       0

DEGREE DAYS
 HEATING
  YESTERDAY       13                         8      5        1
  MONTH TO DATE  346                       362    -16      312
  SINCE MAR 1    844                      1062   -218     1138
  SINCE JUL 1   3591                      4584   -993     4897

 COOLING
  YESTERDAY        0                         1     -1        0
  MONTH TO DATE   13                         8      5        5
  SINCE MAR 1     19                         9     10        5
  SINCE JAN 1     19                         9     10        5
..................................................................


WIND (MPH)
  HIGHEST WIND SPEED    14   HIGHEST WIND DIRECTION    NE (60)
  HIGHEST GUST SPEED    20   HIGHEST GUST DIRECTION     E (90)
  AVERAGE WIND SPEED     5.9


SKY COVER
  AVERAGE SKY COVER 1.0


WEATHER CONDITIONS
 THE FOLLOWING WEATHER WAS RECORDED YESTERDAY.
  LIGHT RAIN
  FOG


RELATIVE HUMIDITY (PERCENT)
 HIGHEST    71           100 AM
 LOWEST     24          1200 PM
 AVERAGE    48

..........................................................


THE CENTRAL PARK NY CLIMATE NORMALS FOR TODAY
                         NORMAL    RECORD    YEAR
 MAXIMUM TEMPERATURE (F)   66        91      1942
 MINIMUM TEMPERATURE (F)   49        30      1875


SUNRISE AND SUNSET
APRIL 30 2016.........SUNRISE   555 AM EDT   SUNSET   752 PM EDT
MAY  1 2016...........SUNRISE   554 AM EDT   SUNSET   753 PM EDT


-  INDICATES NEGATIVE NUMBERS.
R  INDICATES RECORD WAS SET OR TIED.
MM INDICATES DATA IS MISSING.
T  INDICATES TRACE AMOUNT.




$$
