000
CDUS45 KPSR 260817 RRA
CLINYL

CLIMATE REPORT
NATIONAL WEATHER SERVICE PHOENIX AZ
115 AM MST TUE JUL 26 2016


...................................

...THE YUMA AZ CLIMATE SUMMARY FOR JULY 25 2016...

CLIMATE NORMAL PERIOD 1981 TO 2010
CLIMATE RECORD PERIOD 1876 TO 2016


WEATHER ITEM   OBSERVED TIME   RECORD YEAR NORMAL DEPARTURE LAST
                VALUE   (LST)  VALUE       VALUE  FROM      YEAR
                                                  NORMAL
..................................................................
TEMPERATURE (F)
 YESTERDAY
  MAXIMUM        109    421 PM 120    1943 107      2      111
  MINIMUM         83   1154 PM  67    1918  83      0       84
                                      1913
  AVERAGE         96                        95      1       98

PRECIPITATION (IN)
  YESTERDAY        0.37R         0.23 1982   0.01   0.36     0.00
  MONTH TO DATE    0.37                      0.18   0.19     0.09
  SINCE OCT 1      1.49                      2.45  -0.96     1.68
  SINCE JAN 1      1.35                      1.51  -0.16     1.24

DEGREE DAYS
 HEATING
  YESTERDAY        0                         0      0        0
  MONTH TO DATE    0                         0      0        0
  SINCE JUN 1      0                         0      0        0
  SINCE JUL 1      0                         0      0        0

 COOLING
  YESTERDAY       31                        30      1       33
  MONTH TO DATE  788                       734     54      705
  SINCE JUN 1   1621                      1455    166     1495
  SINCE JAN 1   2622                      2367    255     2574
..................................................................


WIND (MPH)
  HIGHEST WIND SPEED    28   HIGHEST WIND DIRECTION     S (190)
  HIGHEST GUST SPEED    42   HIGHEST GUST DIRECTION     S (170)
  AVERAGE WIND SPEED     8.4


SKY COVER
  AVERAGE SKY COVER 0.2


WEATHER CONDITIONS
 THE FOLLOWING WEATHER WAS RECORDED YESTERDAY.
  THUNDERSTORM
  RAIN


RELATIVE HUMIDITY (PERCENT)
 HIGHEST    65
 LOWEST     20
 AVERAGE    43

..........................................................


THE YUMA AZ CLIMATE NORMALS FOR TODAY
                         NORMAL    RECORD    YEAR
 MAXIMUM TEMPERATURE (F)  107       118      1995
 MINIMUM TEMPERATURE (F)   83        67      1949


SUNRISE AND SUNSET
JULY 26 2016..........SUNRISE   549 AM MST   SUNSET   741 PM MST
JULY 27 2016..........SUNRISE   550 AM MST   SUNSET   740 PM MST


-  INDICATES NEGATIVE NUMBERS.
R  INDICATES RECORD WAS SET OR TIED.
MM INDICATES DATA IS MISSING.
T  INDICATES TRACE AMOUNT.

$$
