000
CDUS45 KPSR 310013
CLINYL

CLIMATE REPORT
NATIONAL WEATHER SERVICE PHOENIX AZ
511 PM MST MON MAY 30 2016


...................................

...THE YUMA AZ CLIMATE SUMMARY FOR MAY 30 2016...
VALID TODAY AS OF 0500 PM LOCAL TIME.

CLIMATE NORMAL PERIOD 1981 TO 2010
CLIMATE RECORD PERIOD 1876 TO 2016


WEATHER ITEM   OBSERVED TIME   RECORD YEAR NORMAL DEPARTURE LAST
                VALUE   (LST)  VALUE       VALUE  FROM      YEAR
                                                  NORMAL
..................................................................
TEMPERATURE (F)
 TODAY
  MAXIMUM         96    417 PM 120    1910 100     -4      105
  MINIMUM         66    557 AM  54    1906  70     -4       71
  AVERAGE         81                        85     -4       88

PRECIPITATION (IN)
  TODAY            0.00          0.06 1924   0.00   0.00     0.00
  MONTH TO DATE    0.18                      0.08   0.10     0.31
  SINCE OCT 1      1.12                      2.26  -1.14     1.26
  SINCE JAN 1      0.98                      1.32  -0.34     0.82

DEGREE DAYS
 HEATING
  TODAY            0                         0      0        0
  MONTH TO DATE    0                         0      0        3
  SINCE MAR 1     22                        63    -41       26
  SINCE JUL 1    598                       686    -88       86

 COOLING
  TODAY           16                        20     -4       23
  MONTH TO DATE  392                       486    -94      363
  SINCE MAR 1    844                       856    -12      942
  SINCE JAN 1    980                       892     88     1053
..................................................................


WIND (MPH)
  HIGHEST WIND SPEED    14   HIGHEST WIND DIRECTION    SE (150)
  HIGHEST GUST SPEED    16   HIGHEST GUST DIRECTION     S (160)
  AVERAGE WIND SPEED     5.3


SKY COVER
  AVERAGE SKY COVER 0.0


WEATHER CONDITIONS
 THE FOLLOWING WEATHER WAS RECORDED TODAY.
  NO SIGNIFICANT WEATHER WAS OBSERVED.


RELATIVE HUMIDITY (PERCENT)
 HIGHEST    48
 LOWEST     13
 AVERAGE    31

..........................................................


THE YUMA AZ CLIMATE NORMALS FOR TOMORROW
                         NORMAL    RECORD    YEAR
 MAXIMUM TEMPERATURE (F)  100       113      2012
 MINIMUM TEMPERATURE (F)   70        52      1878


SUNRISE AND SUNSET
MAY 30 2016...........SUNRISE   532 AM MST   SUNSET   740 PM MST
MAY 31 2016...........SUNRISE   532 AM MST   SUNSET   741 PM MST


-  INDICATES NEGATIVE NUMBERS.
R  INDICATES RECORD WAS SET OR TIED.
MM INDICATES DATA IS MISSING.
T  INDICATES TRACE AMOUNT.

$$
