000
CDUS45 KPSR 020823
CLINYL

CLIMATE REPORT
NATIONAL WEATHER SERVICE PHOENIX AZ
122 AM MST MON MAR 2 2015


...................................

...THE YUMA AZ CLIMATE SUMMARY FOR MARCH 1 2015...

CLIMATE NORMAL PERIOD 1981 TO 2010
CLIMATE RECORD PERIOD 1876 TO 2015


WEATHER ITEM   OBSERVED TIME   RECORD YEAR NORMAL DEPARTURE LAST
                VALUE   (LST)  VALUE       VALUE  FROM      YEAR
                                                  NORMAL
..................................................................
TEMPERATURE (F)
 YESTERDAY
  MAXIMUM         64    224 PM  93    1986  77    -13       78
  MINIMUM         53    951 PM  33    1962  52      1       57
  AVERAGE         59                        64     -5       68

PRECIPITATION (IN)
  YESTERDAY        0.13          1.35 1905   0.01   0.12     0.07
  MONTH TO DATE    0.13                      0.01   0.12     0.07
  SINCE OCT 1      0.76                      1.71  -0.95     1.18
  SINCE JAN 1      0.32                      0.77  -0.45     0.07

DEGREE DAYS
 HEATING
  YESTERDAY        6                         3      3        0
  MONTH TO DATE    6                         3      3        0
  SINCE MAR 1      6                         3      3        0
  SINCE JUL 1     66                       626   -560      361

 COOLING
  YESTERDAY        0                         2     -2        3
  MONTH TO DATE    0                         2     -2        3
  SINCE MAR 1      0                         2     -2        3
  SINCE JAN 1    111                        38     73      117
..................................................................


WIND (MPH)
  HIGHEST WIND SPEED    14   HIGHEST WIND DIRECTION     N (350)
  HIGHEST GUST SPEED    19   HIGHEST GUST DIRECTION     N (360)
  AVERAGE WIND SPEED     7.5


SKY COVER
  AVERAGE SKY COVER 0.9


WEATHER CONDITIONS
 THE FOLLOWING WEATHER WAS RECORDED YESTERDAY.
  RAIN
  LIGHT RAIN
  FOG


RELATIVE HUMIDITY (PERCENT)
 HIGHEST    93
 LOWEST     39
 AVERAGE    66

..........................................................


THE YUMA AZ CLIMATE NORMALS FOR TODAY
                         NORMAL    RECORD    YEAR
 MAXIMUM TEMPERATURE (F)   77        94      1910
 MINIMUM TEMPERATURE (F)   53        34      1971


SUNRISE AND SUNSET
MARCH  2 2015.........SUNRISE   705 AM MST   SUNSET   636 PM MST
MARCH  3 2015.........SUNRISE   704 AM MST   SUNSET   637 PM MST


-  INDICATES NEGATIVE NUMBERS.
R  INDICATES RECORD WAS SET OR TIED.
MM INDICATES DATA IS MISSING.
T  INDICATES TRACE AMOUNT.

$$
