000
CDUS45 KPSR 230827
CLINYL

CDUS45 KPSR DDHHMM
CLINYL

CLIMATE REPORT
NATIONAL WEATHER SERVICE PHOENIX AZ
125 AM MST TUE JAN 23 2018


...................................

...THE YUMA AZ CLIMATE SUMMARY FOR JANUARY 22 2018...

CLIMATE NORMAL PERIOD 1981 TO 2010
CLIMATE RECORD PERIOD 1876 TO 2018


WEATHER ITEM   OBSERVED TIME   RECORD YEAR NORMAL DEPARTURE LAST
                VALUE   (LST)  VALUE       VALUE  FROM      YEAR
                                                  NORMAL
..................................................................
TEMPERATURE (F)
 YESTERDAY
  MAXIMUM         65    412 PM  82    2014  70     -5       68
  MINIMUM         44    829 AM  25    1937  48     -4       47
  AVERAGE         55                        59     -4       58

PRECIPITATION (IN)
  YESTERDAY        0.00          0.50 1915   0.01  -0.01      T
  MONTH TO DATE    0.17                      0.28  -0.11     0.31
  SINCE OCT 1      0.24                      1.22  -0.98     1.26
  SINCE JAN 1      0.17                      0.28  -0.11     0.31

DEGREE DAYS
 HEATING
  YESTERDAY       10                         6      4        7
  MONTH TO DATE   56                       152    -96      144
  SINCE DEC 1    194                       388   -194      329
  SINCE JUL 1    195                       456   -261      375

 COOLING
  YESTERDAY        0                         0      0        0
  MONTH TO DATE   15                         0     15        0
  SINCE DEC 1     28                         2     26        9
  SINCE JAN 1     15                         0     15        0
..................................................................


WIND (MPH)
  HIGHEST WIND SPEED    17   HIGHEST WIND DIRECTION    NE (40)
  HIGHEST GUST SPEED    29   HIGHEST GUST DIRECTION    NE (40)
  AVERAGE WIND SPEED     6.6


SKY COVER
  AVERAGE SKY COVER 0.2


WEATHER CONDITIONS
 THE FOLLOWING WEATHER WAS RECORDED YESTERDAY.
  HAZE


RELATIVE HUMIDITY (PERCENT)
 HIGHEST    37
 LOWEST     15
 AVERAGE    26

..........................................................


THE YUMA AZ CLIMATE NORMALS FOR TODAY
                         NORMAL    RECORD    YEAR
 MAXIMUM TEMPERATURE (F)   70        83      1950
 MINIMUM TEMPERATURE (F)   48        25      1937


SUNRISE AND SUNSET
JANUARY 23 2018.......SUNRISE   738 AM MST   SUNSET   603 PM MST
JANUARY 24 2018.......SUNRISE   738 AM MST   SUNSET   604 PM MST


-  INDICATES NEGATIVE NUMBERS.
R  INDICATES RECORD WAS SET OR TIED.
MM INDICATES DATA IS MISSING.
T  INDICATES TRACE AMOUNT.

$$
