000
CDUS45 KPSR 062314
CLINYL

CLIMATE REPORT
NATIONAL WEATHER SERVICE PHOENIX AZ
412 PM MST MON JUL 6 2015


...................................

...THE YUMA AZ CLIMATE SUMMARY FOR JULY 6 2015...
VALID TODAY AS OF 0400 PM LOCAL TIME.

CLIMATE NORMAL PERIOD 1981 TO 2010
CLIMATE RECORD PERIOD 1876 TO 2015


WEATHER ITEM   OBSERVED TIME   RECORD YEAR NORMAL DEPARTURE LAST
                VALUE   (LST)  VALUE       VALUE  FROM      YEAR
                                                  NORMAL
..................................................................
TEMPERATURE (F)
 TODAY
  MAXIMUM        106    358 PM 116    1942 107     -1      108
                                      1905
  MINIMUM         84    604 AM  63    1938  81      3       84
  AVERAGE         95                        94      1       96

PRECIPITATION (IN)
  TODAY            0.00          0.54 1968   0.01  -0.01     0.00
  MONTH TO DATE    0.06                      0.02   0.04     0.22
  SINCE OCT 1      1.65                      2.29  -0.64     1.40
  SINCE JAN 1      1.21                      1.35  -0.14     0.29

DEGREE DAYS
 HEATING
  TODAY            0                         0      0        0
  MONTH TO DATE    0                         0      0        0
  SINCE JUN 1      0                         0      0        0
  SINCE JUL 1      0                         0      0        0

 COOLING
  TODAY           30                        29      1       31
  MONTH TO DATE  177                       170      7      185
  SINCE JUN 1    967                       891     76      994
  SINCE JAN 1   2046                      1803    243     2156
..................................................................


WIND (MPH)
  RESULTANT WIND SPEED   8   RESULTANT WIND DIRECTION  SE (150)
  HIGHEST WIND SPEED    21   HIGHEST WIND DIRECTION     S (170)
  HIGHEST GUST SPEED    24   HIGHEST GUST DIRECTION     S (160)
  AVERAGE WIND SPEED     8.8


SKY COVER
  AVERAGE SKY COVER 0.0


WEATHER CONDITIONS
 THE FOLLOWING WEATHER WAS RECORDED TODAY.
  NO SIGNIFICANT WEATHER WAS OBSERVED.


RELATIVE HUMIDITY (PERCENT)
 HIGHEST    48
 LOWEST     22
 AVERAGE    35

..........................................................


THE YUMA AZ CLIMATE NORMALS FOR TOMORROW
                         NORMAL    RECORD    YEAR
 MAXIMUM TEMPERATURE (F)  107       117      1942
 MINIMUM TEMPERATURE (F)   81        65      1915


SUNRISE AND SUNSET
JULY  6 2015..........SUNRISE   537 AM MST   SUNSET   750 PM MST
JULY  7 2015..........SUNRISE   537 AM MST   SUNSET   750 PM MST


-  INDICATES NEGATIVE NUMBERS.
R  INDICATES RECORD WAS SET OR TIED.
MM INDICATES DATA IS MISSING.
T  INDICATES TRACE AMOUNT.

$$
