000
CDUS45 KPSR 200851
CLINYL

CLIMATE REPORT
NATIONAL WEATHER SERVICE PHOENIX AZ
146 AM MST SAT SEP 20 2014


...................................

...THE YUMA AZ CLIMATE SUMMARY FOR SEPTEMBER 19 2014...

CLIMATE NORMAL PERIOD 1981 TO 2010
CLIMATE RECORD PERIOD 1876 TO 2014


WEATHER ITEM   OBSERVED TIME   RECORD YEAR NORMAL DEPARTURE LAST
                VALUE   (LST)  VALUE       VALUE  FROM      YEAR
                                                  NORMAL
..................................................................
TEMPERATURE (F)
 YESTERDAY
  MAXIMUM        100    451 PM 113    2010 101     -1      100
  MINIMUM         79    653 AM  55    1907  76      3       74
  AVERAGE         90                        88      2       87

PRECIPITATION (IN)
  YESTERDAY        0.00          0.84 1935   0.02  -0.02     0.00
  MONTH TO DATE    1.44                      0.36   1.08     0.51
  SINCE OCT 1      3.39                      3.39   0.00     2.94
  SINCE JAN 1      2.28                      2.45  -0.17     2.31

DEGREE DAYS
 HEATING
  YESTERDAY        0                         0      0        0
  MONTH TO DATE    0                         0      0        0
  SINCE SEP 1      0                         0      0        0
  SINCE JUL 1      0                         0      0        0

 COOLING
  YESTERDAY       25                        23      2       22
  MONTH TO DATE  556                       493     63      522
  SINCE SEP 1    556                       493     63      522
  SINCE JAN 1   4392                      3946    446     4220
..................................................................


WIND (MPH)
  HIGHEST WIND SPEED    12   HIGHEST WIND DIRECTION    NW (320)
  HIGHEST GUST SPEED    15   HIGHEST GUST DIRECTION    NW (310)
  AVERAGE WIND SPEED     4.4


SKY COVER
  AVERAGE SKY COVER 0.1


WEATHER CONDITIONS
 THE FOLLOWING WEATHER WAS RECORDED YESTERDAY.
  NO SIGNIFICANT WEATHER WAS OBSERVED.


RELATIVE HUMIDITY (PERCENT)
 HIGHEST    47
 LOWEST     18
 AVERAGE    33

..........................................................


THE YUMA AZ CLIMATE NORMALS FOR TODAY
                         NORMAL    RECORD    YEAR
 MAXIMUM TEMPERATURE (F)  100       108      2012
                                             2010
                                             1958
 MINIMUM TEMPERATURE (F)   76        53      1965


SUNRISE AND SUNSET
SEPTEMBER 20 2014.....SUNRISE   625 AM MST   SUNSET   638 PM MST
SEPTEMBER 21 2014.....SUNRISE   626 AM MST   SUNSET   636 PM MST


-  INDICATES NEGATIVE NUMBERS.
R  INDICATES RECORD WAS SET OR TIED.
MM INDICATES DATA IS MISSING.
T  INDICATES TRACE AMOUNT.

$$
