936
CDUS46 KMTR 230028
CLIOAK


CLIMATE REPORT
NATIONAL WEATHER SERVICE SAN FRANCISCO BAY AREA
428 PM PST SUN JAN 22 2017


...................................

...THE OAKLAND AIRPORT CLIMATE SUMMARY FOR JANUARY 22 2017...
VALID TODAY AS OF 0400 PM LOCAL TIME.

CLIMATE NORMAL PERIOD 1981 TO 2010
CLIMATE RECORD PERIOD 1948 TO 2017


WEATHER ITEM   OBSERVED TIME   RECORD YEAR NORMAL DEPARTURE LAST
                VALUE   (LST)  VALUE       VALUE  FROM      YEAR
                                                  NORMAL
..................................................................
TEMPERATURE (F)
 TODAY
  MAXIMUM         58   1236 PM  74    1968  58      0       60
  MINIMUM         50    359 PM  31    1962  42      8       54
  AVERAGE         54                        50      4       57

PRECIPITATION (IN)
  TODAY            0.50          0.58 1951   0.08   0.42     0.28
  MONTH TO DATE    7.29                      3.29   4.00     5.15
  SINCE OCT 1     15.72                     10.60   5.12    10.37
  SINCE JAN 1      7.29                      3.29   4.00     5.15

SNOWFALL (IN)
  TODAY            0.0           0.0  1985
  MONTH TO DATE    0.0
  SINCE DEC 1      0.0
  SINCE JUL 1      0.0

DEGREE DAYS
 HEATING
  TODAY           11                        15     -4        8
  MONTH TO DATE  301                       354    -53      263
  SINCE DEC 1    740                       851   -111      750
  SINCE JUL 1   1110                      1526   -416     1147

 COOLING
  TODAY            0                         0      0        0
  MONTH TO DATE    0                         0      0        0
  SINCE DEC 1      0                         0      0        0
  SINCE JAN 1      0                         0      0        0
..................................................................


WIND (MPH)
  RESULTANT WIND SPEED  12   RESULTANT WIND DIRECTION  SE (150)
  HIGHEST WIND SPEED    38   HIGHEST WIND DIRECTION    SE (150)
  HIGHEST GUST SPEED    44   HIGHEST GUST DIRECTION    SE (150)
  AVERAGE WIND SPEED    12.9


SKY COVER
  POSSIBLE SUNSHINE  MM
  AVERAGE SKY COVER 0.5


WEATHER CONDITIONS
 THE FOLLOWING WEATHER WAS RECORDED TODAY.
  HEAVY RAIN
  RAIN
  LIGHT RAIN
  FOG
  HAZE


RELATIVE HUMIDITY (PERCENT)
 HIGHEST    96           700 AM
 LOWEST     83           800 AM
 AVERAGE    90

..........................................................


THE OAKLAND AIRPORT CLIMATE NORMALS FOR TOMORROW
                         NORMAL    RECORD    YEAR
 MAXIMUM TEMPERATURE (F)   58        72      1948
 MINIMUM TEMPERATURE (F)   42        30      2002


SUNRISE AND SUNSET
JANUARY 22 2017.......SUNRISE   720 AM PST   SUNSET   522 PM PST
JANUARY 23 2017.......SUNRISE   719 AM PST   SUNSET   523 PM PST


-  INDICATES NEGATIVE NUMBERS.
R  INDICATES RECORD WAS SET OR TIED.
MM INDICATES DATA IS MISSING.
T  INDICATES TRACE AMOUNT.




$$
