000
CDUS46 KMTR 180042
CLIOAK


CLIMATE REPORT
NATIONAL WEATHER SERVICE SAN FRANCISCO BAY AREA
442 PM PST FRI NOV 17 2017


...................................

...THE OAKLAND AIRPORT CLIMATE SUMMARY FOR NOVEMBER 17 2017...
VALID TODAY AS OF 0400 PM LOCAL TIME.

CLIMATE NORMAL PERIOD 1981 TO 2010
CLIMATE RECORD PERIOD 1948 TO 2017


WEATHER ITEM   OBSERVED TIME   RECORD YEAR NORMAL DEPARTURE LAST
                VALUE   (LST)  VALUE       VALUE  FROM      YEAR
                                                  NORMAL
..................................................................
TEMPERATURE (F)
 TODAY
  MAXIMUM         63    144 PM  76    2005  63      0       61
  MINIMUM         45    706 AM  33    1961  45      0       42
  AVERAGE         54                        54      0       52

PRECIPITATION (IN)
  TODAY            0.00          0.97 1983   0.09  -0.09     0.00
  MONTH TO DATE    2.62                      1.32   1.30      T
  SINCE OCT 1      2.75                      2.52   0.23     2.89
  SINCE JAN 1     22.87                     16.02   6.85    14.23

SNOWFALL (IN)
  TODAY            0.0           0.0  1985
  MONTH TO DATE    0.0
  SINCE SEP 1      0.0
  SINCE JUL 1      0.0

DEGREE DAYS
 HEATING
  TODAY           11                        11      0       13
  MONTH TO DATE  146                       156    -10       69
  SINCE SEP 1    287                       368    -81      172
  SINCE JUL 1    339                       508   -169      228

 COOLING
  TODAY            0                         0      0        0
  MONTH TO DATE    0                         0      0        0
  SINCE SEP 1    144                        57     87       70
  SINCE JAN 1    312                       137    175      168
..................................................................


WIND (MPH)
  RESULTANT WIND SPEED   4   RESULTANT WIND DIRECTION  NW (330)
  HIGHEST WIND SPEED    16   HIGHEST WIND DIRECTION    NE (30)
  HIGHEST GUST SPEED    19   HIGHEST GUST DIRECTION     W (290)
  AVERAGE WIND SPEED     7.3


SKY COVER
  POSSIBLE SUNSHINE  MM
  AVERAGE SKY COVER 0.4


WEATHER CONDITIONS
 THE FOLLOWING WEATHER WAS RECORDED TODAY.
  FOG


RELATIVE HUMIDITY (PERCENT)
 HIGHEST   100          1200 AM
 LOWEST     46           300 PM
 AVERAGE    73

..........................................................


THE OAKLAND AIRPORT CLIMATE NORMALS FOR TOMORROW
                         NORMAL    RECORD    YEAR
 MAXIMUM TEMPERATURE (F)   63        71      1971
 MINIMUM TEMPERATURE (F)   45        32      2000


SUNRISE AND SUNSET
NOVEMBER 17 2017......SUNRISE   651 AM PST   SUNSET   456 PM PST
NOVEMBER 18 2017......SUNRISE   653 AM PST   SUNSET   455 PM PST


-  INDICATES NEGATIVE NUMBERS.
R  INDICATES RECORD WAS SET OR TIED.
MM INDICATES DATA IS MISSING.
T  INDICATES TRACE AMOUNT.




$$
