000
CDUS46 KMTR 140846
CLIOAK


CLIMATE REPORT
NATIONAL WEATHER SERVICE SAN FRANCISCO BAY AREA
1246 AM PST SUN FEB 14 2016


...................................

...THE OAKLAND AIRPORT CLIMATE SUMMARY FOR FEBRUARY 13 2016...

CLIMATE NORMAL PERIOD 1981 TO 2010
CLIMATE RECORD PERIOD 1948 TO 2016


WEATHER ITEM   OBSERVED TIME   RECORD YEAR NORMAL DEPARTURE LAST
                VALUE   (LST)  VALUE       VALUE  FROM      YEAR
                                                  NORMAL
..................................................................
TEMPERATURE (F)
 YESTERDAY
  MAXIMUM         66    313 PM  71    2006  60      6       70
  MINIMUM         51   1151 PM  28    1949  44      7       46
  AVERAGE         59                        52      7       58

PRECIPITATION (IN)
  YESTERDAY        0.00          2.04 2000   0.14  -0.14     0.00
  MONTH TO DATE    T                         1.63  -1.63     1.93
  SINCE OCT 1     10.44                     12.93  -2.49    10.54
  SINCE JAN 1      5.22                      5.62  -0.40     1.93

SNOWFALL (IN)
  YESTERDAY        0.0                                       0.0
  MONTH TO DATE    0.0                                       0.0
  SINCE DEC 1      0.0                                       0.0
  SINCE JUL 1      0.0                                       0.0

DEGREE DAYS
 HEATING
  YESTERDAY        6                        13     -7        7
  MONTH TO DATE  120                       177    -57      112
  SINCE DEC 1    970                      1161   -191      837
  SINCE JUL 1   1367                      1836   -469     1174

 COOLING
  YESTERDAY        0                         0      0        0
  MONTH TO DATE    1                         0      1        0
  SINCE DEC 1      1                         0      1        0
  SINCE JAN 1      1                         0      1        0
..................................................................


WIND (MPH)
  RESULTANT WIND SPEED   4   RESULTANT WIND DIRECTION   W (260)
  HIGHEST WIND SPEED    15   HIGHEST WIND DIRECTION     W (270)
  HIGHEST GUST SPEED    17   HIGHEST GUST DIRECTION     W (270)
  AVERAGE WIND SPEED     4.3


SKY COVER
  POSSIBLE SUNSHINE  MM
  AVERAGE SKY COVER 0.6


WEATHER CONDITIONS
 THE FOLLOWING WEATHER WAS RECORDED YESTERDAY.
  FOG
  FOG W/VISIBILITY <= 1/4 MILE
  HAZE


RELATIVE HUMIDITY (PERCENT)
 HIGHEST    93           200 AM
 LOWEST     60           200 PM
 AVERAGE    77

..........................................................


THE OAKLAND AIRPORT CLIMATE NORMALS FOR TODAY
                         NORMAL    RECORD    YEAR
 MAXIMUM TEMPERATURE (F)   60        72      2013
 MINIMUM TEMPERATURE (F)   44        28      1949


SUNRISE AND SUNSET
FEBRUARY 14 2016......SUNRISE   700 AM PST   SUNSET   547 PM PST
FEBRUARY 15 2016......SUNRISE   659 AM PST   SUNSET   548 PM PST


-  INDICATES NEGATIVE NUMBERS.
R  INDICATES RECORD WAS SET OR TIED.
MM INDICATES DATA IS MISSING.
T  INDICATES TRACE AMOUNT.




$$
