000
CDUS46 KMTR 300025
CLIOAK


CLIMATE REPORT
NATIONAL WEATHER SERVICE SAN FRANCISCO BAY AREA
525 PM PDT SAT AUG 29 2015


...................................

...THE OAKLAND AIRPORT CLIMATE SUMMARY FOR AUGUST 29 2015...
VALID TODAY AS OF 0500 PM LOCAL TIME.

CLIMATE NORMAL PERIOD 1981 TO 2010
CLIMATE RECORD PERIOD 1948 TO 2015


WEATHER ITEM   OBSERVED TIME   RECORD YEAR NORMAL DEPARTURE LAST
                VALUE   (LST)  VALUE       VALUE  FROM      YEAR
                                                  NORMAL
..................................................................
TEMPERATURE (F)
 TODAY
  MAXIMUM         76    308 PM  90    2009  75      1       72
                                      2008
                                      1977
  MINIMUM         65    315 AM  50    2012  56      9       61
  AVERAGE         71                        65      6       67

PRECIPITATION (IN)
  TODAY            T             0.08 1953   0.00   0.00      T
  MONTH TO DATE    T                         0.04  -0.04      T
  SINCE OCT 1     14.58                     20.58  -6.00     9.45
  SINCE JAN 1      3.36                     13.27  -9.91     7.99

SNOWFALL (IN)
  TODAY            0.0           0.0  1985
  MONTH TO DATE    0.0
  SINCE JUN 1      0.0
  SINCE JUL 1      0.0

DEGREE DAYS
 HEATING
  TODAY            0                         2     -2        0
  MONTH TO DATE    0                        58    -58        4
  SINCE JUN 1     64                       244   -180       96
  SINCE JUL 1      2                       141   -139       25

 COOLING
  TODAY            6                         2      4        2
  MONTH TO DATE  114                        24     90       56
  SINCE JUN 1    209                        60    149      145
  SINCE JAN 1    213                        76    137      189
..................................................................


WIND (MPH)
  RESULTANT WIND SPEED   7   RESULTANT WIND DIRECTION   W (270)
  HIGHEST WIND SPEED    21   HIGHEST WIND DIRECTION     W (270)
  HIGHEST GUST SPEED    22   HIGHEST GUST DIRECTION     W (250)
  AVERAGE WIND SPEED     8.7


SKY COVER
  POSSIBLE SUNSHINE  MM
  AVERAGE SKY COVER 0.9


WEATHER CONDITIONS
 THE FOLLOWING WEATHER WAS RECORDED TODAY.
  LIGHT RAIN
  FOG
  HAZE


RELATIVE HUMIDITY (PERCENT)
 HIGHEST    87          1200 AM
 LOWEST     58           300 PM
 AVERAGE    73

..........................................................


THE OAKLAND AIRPORT CLIMATE NORMALS FOR TOMORROW
                         NORMAL    RECORD    YEAR
 MAXIMUM TEMPERATURE (F)   75        84      2005
 MINIMUM TEMPERATURE (F)   56        48      1955


SUNRISE AND SUNSET
AUGUST 29 2015........SUNRISE   636 AM PDT   SUNSET   743 PM PDT
AUGUST 30 2015........SUNRISE   637 AM PDT   SUNSET   741 PM PDT


-  INDICATES NEGATIVE NUMBERS.
R  INDICATES RECORD WAS SET OR TIED.
MM INDICATES DATA IS MISSING.
T  INDICATES TRACE AMOUNT.




$$
