000
CDUS43 KOAX 270625
CLIOAX


CLIMATE REPORT
NATIONAL WEATHER SERVICE OMAHA NEBRASKA
1222 AM CST FRI FEB 27 2015


...................................

...THE VALLEY  NWS, NEBRASKA CLIMATE SUMMARY FOR FEBRUARY 26 2015...

CLIMATE NORMAL PERIOD 1981 TO 2010
CLIMATE RECORD PERIOD 1997 TO 2015


WEATHER ITEM   OBSERVED TIME   NORMAL DEPARTURE LAST
                VALUE   (LST)  VALUE  FROM      YEAR
                                      NORMAL
......................................................
TEMPERATURE (F)
 YESTERDAY
  MAXIMUM         12    331 PM  40    -28       35
  MINIMUM          1    740 AM  21    -20        1
  AVERAGE          7            31    -24       18

PRECIPITATION (IN)
  YESTERDAY        T             0.04  -0.04     0.00
  MONTH TO DATE    0.85          0.85   0.00     0.83
  SINCE DEC 1      3.47          2.75   0.72     1.18
  SINCE JAN 1      1.57          1.64  -0.07     1.00

SNOWFALL (IN)
  YESTERDAY        T                             0.0
  MONTH TO DATE    9.3                           8.5
  SINCE JUL 1     18.9                          14.8
  SNOW DEPTH       T

DEGREE DAYS
 HEATING
  YESTERDAY       58            34     24       47
  MONTH TO DATE 1117           988    129     1100
  SINCE DEC 1   3307          3492   -185     3750
  SINCE JUL 1   4624          4762   -138     4969

 COOLING
  YESTERDAY        0             0      0        0
  MONTH TO DATE    0             0      0        0
  SINCE DEC 1      0             0      0        0
  SINCE JAN 1      0             0      0        0
......................................................


WIND (MPH)
  HIGHEST WIND SPEED    MM   HIGHEST WIND DIRECTION    MM
  HIGHEST GUST SPEED    33   HIGHEST GUST DIRECTION    MM


SKY COVER
  POSSIBLE SUNSHINE  MM


WEATHER CONDITIONS
 THE FOLLOWING WEATHER WAS RECORDED YESTERDAY.
  LIGHT SNOW


..........................................................


THE VALLEY  NWS, NEBRASKA CLIMATE NORMALS FOR TODAY
                         NORMAL
 MAXIMUM TEMPERATURE (F)   41
 MINIMUM TEMPERATURE (F)   22


SUNRISE AND SUNSET
FEBRUARY 27 2015......SUNRISE   703 AM CST   SUNSET   614 PM CST
FEBRUARY 28 2015......SUNRISE   702 AM CST   SUNSET   615 PM CST


-  INDICATES NEGATIVE NUMBERS.
R  INDICATES RECORD WAS SET OR TIED.
MM INDICATES DATA IS MISSING.
T  INDICATES TRACE AMOUNT.


$$

BCM
