000
CDUS43 KOAX 191020 CCA
CLIOAX

CLIMATE REPORT...CORRECTION
NATIONAL WEATHER SERVICE OMAHA NEBRASKA
1240 AM CST FRI DEC 19 2014

...CORRECTED SNOW DEPTH AT 12Z FROM A TRACE TO 0...


...................................

...THE VALLEY  NWS, NEBRASKA CLIMATE SUMMARY FOR DECEMBER 18 2014...

CLIMATE NORMAL PERIOD 1981 TO 2010
CLIMATE RECORD PERIOD 1997 TO 2014


WEATHER ITEM   OBSERVED TIME   NORMAL DEPARTURE LAST
                VALUE   (LST)  VALUE  FROM      YEAR
                                      NORMAL
......................................................
TEMPERATURE (F)
 YESTERDAY
  MAXIMUM         31    347 PM  33     -2       53
  MINIMUM         26    808 AM  16     10       28
  AVERAGE         29            25      4       41

PRECIPITATION (IN)
  YESTERDAY        0.01          0.04  -0.03     0.00
  MONTH TO DATE    1.10          0.72   0.38     0.18
  SINCE DEC 1      1.10          0.72   0.38     0.18
  SINCE JAN 1     37.58         32.25   5.33    29.09

SNOWFALL (IN)
  YESTERDAY        0.1                           0.0
  MONTH TO DATE    0.1                           3.3
  SINCE JUL 1      3.1                           4.0
  SNOW DEPTH       0

DEGREE DAYS
 HEATING
  YESTERDAY       36            40     -4       24
  MONTH TO DATE  555           673   -118      760
  SINCE DEC 1    555           673   -118      760
  SINCE JUL 1   1872          1943    -71     1979

 COOLING
  YESTERDAY        0             0      0        0
  MONTH TO DATE    0             0      0        0
  SINCE DEC 1      0             0      0        0
  SINCE JAN 1   1039          1075    -36     1237
......................................................


WIND (MPH)
  HIGHEST WIND SPEED    MM   HIGHEST WIND DIRECTION    MM
  HIGHEST GUST SPEED    10   HIGHEST GUST DIRECTION    MM


SKY COVER
  POSSIBLE SUNSHINE  MM


WEATHER CONDITIONS
 THE FOLLOWING WEATHER WAS RECORDED YESTERDAY.
  LIGHT SNOW
  FOG


..........................................................


THE VALLEY  NWS, NEBRASKA CLIMATE NORMALS FOR TODAY
                         NORMAL
 MAXIMUM TEMPERATURE (F)   33
 MINIMUM TEMPERATURE (F)   16


SUNRISE AND SUNSET
DECEMBER 19 2014......SUNRISE   747 AM CST   SUNSET   458 PM CST
DECEMBER 20 2014......SUNRISE   747 AM CST   SUNSET   459 PM CST


-  INDICATES NEGATIVE NUMBERS.
R  INDICATES RECORD WAS SET OR TIED.
MM INDICATES DATA IS MISSING.
T  INDICATES TRACE AMOUNT.




$$

COR BY KLISH
