000
CDUS43 KOAX 302142
CLIOAX


CLIMATE REPORT
NATIONAL WEATHER SERVICE OMAHA NEBRASKA
440 PM CDT SAT APR 30 2016


...................................

...THE VALLEY  NWS, NEBRASKA CLIMATE SUMMARY FOR APRIL 30 2016...
VALID TODAY AS OF 0400 PM LOCAL TIME.

CLIMATE NORMAL PERIOD 1981 TO 2010
CLIMATE RECORD PERIOD 1997 TO 2016


WEATHER ITEM   OBSERVED TIME   NORMAL DEPARTURE LAST
                VALUE   (LST)  VALUE  FROM      YEAR
                                      NORMAL
......................................................
TEMPERATURE (F)
 TODAY
  MAXIMUM         49    328 PM  67    -18       74
  MINIMUM         44    532 AM  46     -2       43
  AVERAGE         47            56     -9       59

PRECIPITATION (IN)
  TODAY            1.17          0.12   1.05     0.00
  MONTH TO DATE    6.54          3.03   3.51     3.52
  SINCE MAR 1      7.72          5.03   2.69     4.18
  SINCE JAN 1      9.46          6.74   2.72     5.75

SNOWFALL (IN)
  TODAY            0.0                           0.0
  MONTH TO DATE    0.0                           0.2
  SINCE JUL 1     28.7                          19.3
  SNOW DEPTH       0

DEGREE DAYS
 HEATING
  TODAY           18             9      9        6
  MONTH TO DATE  329           439   -110      336
  SINCE MAR 1    882          1267   -385      988
  SINCE JUL 1   4870          6098  -1228     5717

 COOLING
  TODAY            0             0      0        0
  MONTH TO DATE    0             7     -7        4
  SINCE MAR 1      0             7     -7        4
  SINCE JAN 1      0             7     -7        4
......................................................


WIND (MPH)
  HIGHEST WIND SPEED    MM   HIGHEST WIND DIRECTION    MM
  HIGHEST GUST SPEED    30   HIGHEST GUST DIRECTION    MM



WEATHER CONDITIONS
 THE FOLLOWING WEATHER WAS RECORDED TODAY.
  NO SIGNIFICANT WEATHER WAS OBSERVED.


..........................................................


THE VALLEY  NWS, NEBRASKA CLIMATE NORMALS FOR TOMORROW
                         NORMAL
 MAXIMUM TEMPERATURE (F)   67
 MINIMUM TEMPERATURE (F)   46


SUNRISE AND SUNSET
APRIL 30 2016.........SUNRISE   623 AM CDT   SUNSET   822 PM CDT
MAY  1 2016...........SUNRISE   622 AM CDT   SUNSET   823 PM CDT


-  INDICATES NEGATIVE NUMBERS.
R  INDICATES RECORD WAS SET OR TIED.
MM INDICATES DATA IS MISSING.
T  INDICATES TRACE AMOUNT.




$$
