000
CDUS43 KOAX 300646
CLIOAX


CLIMATE REPORT
NATIONAL WEATHER SERVICE OMAHA NEBRASKA
145 AM CDT TUE JUN 30 2015


...................................

...THE VALLEY  NWS, NEBRASKA CLIMATE SUMMARY FOR JUNE 29 2015...

CLIMATE NORMAL PERIOD 1981 TO 2010
CLIMATE RECORD PERIOD 1997 TO 2015


WEATHER ITEM   OBSERVED TIME   NORMAL DEPARTURE LAST
                VALUE   (LST)  VALUE  FROM      YEAR
                                      NORMAL
......................................................
TEMPERATURE (F)
 YESTERDAY
  MAXIMUM         87    218 PM  85      2       87
  MINIMUM         64    507 AM  66     -2       67
  AVERAGE         76            75      1       77

PRECIPITATION (IN)
  YESTERDAY        0.00          0.13  -0.13     0.10
  MONTH TO DATE    5.10          4.95   0.15    11.59
  SINCE JUN 1      5.10          4.95   0.15    11.59
  SINCE JAN 1     16.95         16.27   0.68    20.50

SNOWFALL (IN)
  YESTERDAY        0.0                           0.0
  MONTH TO DATE    0.0                           0.0
  SINCE JUL 1     19.3                          18.2
  SNOW DEPTH       0

DEGREE DAYS
 HEATING
  YESTERDAY        0             0      0        0
  MONTH TO DATE    1            13    -12        4
  SINCE JUN 1      1            13    -12        4
  SINCE JUL 1   5867          6263   -396     6505

 COOLING
  YESTERDAY       11            10      1       12
  MONTH TO DATE  228           222      6      232
  SINCE JUN 1    228           222      6      232
  SINCE JAN 1    259           294    -35      362
......................................................


WIND (MPH)
  HIGHEST WIND SPEED    MM   HIGHEST WIND DIRECTION    MM
  HIGHEST GUST SPEED    20   HIGHEST GUST DIRECTION    MM


SKY COVER
  POSSIBLE SUNSHINE  MM


WEATHER CONDITIONS
 THE FOLLOWING WEATHER WAS RECORDED YESTERDAY.
  NO SIGNIFICANT WEATHER WAS OBSERVED.


..........................................................


THE VALLEY  NWS, NEBRASKA CLIMATE NORMALS FOR TODAY
                         NORMAL
 MAXIMUM TEMPERATURE (F)   85
 MINIMUM TEMPERATURE (F)   66


SUNRISE AND SUNSET
JUNE 30 2015..........SUNRISE   555 AM CDT   SUNSET   903 PM CDT
JULY  1 2015..........SUNRISE   556 AM CDT   SUNSET   903 PM CDT


-  INDICATES NEGATIVE NUMBERS.
R  INDICATES RECORD WAS SET OR TIED.
MM INDICATES DATA IS MISSING.
T  INDICATES TRACE AMOUNT.




$$
