000
CDUS43 KOAX 200633
CLIOAX


CLIMATE REPORT
NATIONAL WEATHER SERVICE OMAHA NEBRASKA
131 AM CDT SUN APR 20 2014


...................................

...THE VALLEY  NWS, NEBRASKA CLIMATE SUMMARY FOR APRIL 19 2014...

CLIMATE NORMAL PERIOD 1981 TO 2010
CLIMATE RECORD PERIOD 1997 TO 2014


WEATHER ITEM   OBSERVED TIME   NORMAL DEPARTURE LAST
                VALUE   (LST)  VALUE  FROM      YEAR
                                      NORMAL
......................................................
TEMPERATURE (F)
 YESTERDAY
  MAXIMUM         77    514 PM  63     14       46
  MINIMUM         53    600 AM  41     12       29
  AVERAGE         65            52     13       38

PRECIPITATION (IN)
  YESTERDAY        0.00          0.10  -0.10     0.00
  MONTH TO DATE    1.32          1.71  -0.39     3.08
  SINCE MAR 1      1.68          3.71  -2.03     5.05
  SINCE JAN 1      2.72          5.42  -2.70     6.41

SNOWFALL (IN)
  YESTERDAY       MM                             0.0
  MONTH TO DATE    0.9                           0.7
  SINCE JUL 1     18.2                          33.4
  SNOW DEPTH       0

DEGREE DAYS
 HEATING
  YESTERDAY        0            13    -13       27
  MONTH TO DATE  310           316     -6      406
  SINCE MAR 1   1203          1144     59     1351
  SINCE JUL 1   6263          5975    288     5851

 COOLING
  YESTERDAY        0             0      0        0
  MONTH TO DATE    3             0      3        0
  SINCE MAR 1      3             0      3        0
  SINCE JAN 1      3             0      3        0
......................................................


WIND (MPH)
  HIGHEST WIND SPEED    MM   HIGHEST WIND DIRECTION    MM
  HIGHEST GUST SPEED    33   HIGHEST GUST DIRECTION    MM


SKY COVER
  POSSIBLE SUNSHINE  MM


WEATHER CONDITIONS
 THE FOLLOWING WEATHER WAS RECORDED YESTERDAY.
  NO SIGNIFICANT WEATHER WAS OBSERVED.


..........................................................


THE VALLEY  NWS, NEBRASKA CLIMATE NORMALS FOR TODAY
                         NORMAL
 MAXIMUM TEMPERATURE (F)   63
 MINIMUM TEMPERATURE (F)   41


SUNRISE AND SUNSET
APRIL 20 2014.........SUNRISE   638 AM CDT   SUNSET   811 PM CDT
APRIL 21 2014.........SUNRISE   637 AM CDT   SUNSET   812 PM CDT


-  INDICATES NEGATIVE NUMBERS.
R  INDICATES RECORD WAS SET OR TIED.
MM INDICATES DATA IS MISSING.
T  INDICATES TRACE AMOUNT.




$$
