000
CDUS43 KGID 292222
CLIODX


CLIMATE REPORT
NATIONAL WEATHER SERVICE HASTINGS NE
521 PM CDT FRI MAY 29 2015


...................................

...THE ORD NE CLIMATE SUMMARY FOR MAY 29 2015...
VALID TODAY AS OF 0500 PM LOCAL TIME.

CLIMATE NORMAL PERIOD 1981 TO 2010
CLIMATE RECORD PERIOD 1895 TO 2015


WEATHER ITEM   OBSERVED TIME   NORMAL DEPARTURE LAST
                VALUE   (LST)  VALUE  FROM      YEAR
                                      NORMAL
......................................................
TEMPERATURE (F)
 TODAY
  MAXIMUM         71   1147 AM  76     -5       89
  MINIMUM         57    343 PM  52      5       55
  AVERAGE         64            64      0       72

PRECIPITATION (IN)
  TODAY            0.00          0.15  -0.15     0.00
  MONTH TO DATE    2.95          3.51  -0.56     0.49
  SINCE MAR 1      5.69          7.55  -1.86     1.95
  SINCE JAN 1      6.43          8.36  -1.93     2.20

DEGREE DAYS
 HEATING
  TODAY            1             3     -2        0
  MONTH TO DATE  224           210     14      256
  SINCE MAR 1   1373          1546   -173     1702
  SINCE JUL 1   6505          6563    -58     6855

 COOLING
  TODAY            0             2     -2        7
  MONTH TO DATE    5            35    -30       51
  SINCE MAR 1      9            37    -28       52
  SINCE JAN 1      9            37    -28       52
......................................................


WIND (MPH)
  HIGHEST WIND SPEED    25   HIGHEST WIND DIRECTION     N (360)
  HIGHEST GUST SPEED    35   HIGHEST GUST DIRECTION    NW (330)
  AVERAGE WIND SPEED    12.1


SKY COVER
  AVERAGE SKY COVER 0.6


WEATHER CONDITIONS
 THE FOLLOWING WEATHER WAS RECORDED TODAY.
  NO SIGNIFICANT WEATHER WAS OBSERVED.


RELATIVE HUMIDITY (PERCENT)
 HIGHEST    93          1200 AM
 LOWEST     68          1200 PM
 AVERAGE    81

..........................................................


THE ORD NE CLIMATE NORMALS FOR TOMORROW
                         NORMAL
 MAXIMUM TEMPERATURE (F)   76
 MINIMUM TEMPERATURE (F)   52


SUNRISE AND SUNSET
MAY 29 2015...........SUNRISE   606 AM CDT   SUNSET   901 PM CDT
MAY 30 2015...........SUNRISE   605 AM CDT   SUNSET   902 PM CDT


-  INDICATES NEGATIVE NUMBERS.
R  INDICATES RECORD WAS SET OR TIED.
MM INDICATES DATA IS MISSING.
T  INDICATES TRACE AMOUNT.




$$
