445
CDUS43 KGID 250912
CLIODX


CLIMATE REPORT
NATIONAL WEATHER SERVICE HASTINGS NE
309 AM CST SAT FEB 25 2017


...................................

...THE ORD NE CLIMATE SUMMARY FOR FEBRUARY 24 2017...

CLIMATE NORMAL PERIOD 1981 TO 2010
CLIMATE RECORD PERIOD 1895 TO 2017


WEATHER ITEM   OBSERVED TIME   NORMAL DEPARTURE LAST
                VALUE   (LST)  VALUE  FROM      YEAR
                                      NORMAL
......................................................
TEMPERATURE (F)
 YESTERDAY
  MAXIMUM         26    103 AM  42    -16       50
  MINIMUM         12   1139 PM  17     -5       20
  AVERAGE         19            30    -11       35

PRECIPITATION (IN)
  YESTERDAY        0.18          0.01   0.17      T
  MONTH TO DATE    0.79          0.39   0.40     0.85
  SINCE DEC 1      2.35          1.35   0.00     1.84
  SINCE JAN 1      1.94          0.76   1.18     1.15

DEGREE DAYS
 HEATING
  YESTERDAY       46            35     11       30
  MONTH TO DATE  712           904   -192      769
  SINCE DEC 1   3250          3399   -149     3083
  SINCE JUL 1   4366          4880   -514     4222

 COOLING
  YESTERDAY        0             0      0        0
  MONTH TO DATE    0             0      0        0
  SINCE DEC 1      0             0      0        0
  SINCE JAN 1      0             0      0        0
......................................................


WIND (MPH)
  HIGHEST WIND SPEED    35   HIGHEST WIND DIRECTION     N (340)
  HIGHEST GUST SPEED    42   HIGHEST GUST DIRECTION     N (350)
  AVERAGE WIND SPEED    21.0


SKY COVER
  AVERAGE SKY COVER 0.6


WEATHER CONDITIONS
 THE FOLLOWING WEATHER WAS RECORDED YESTERDAY.
  SNOW
  LIGHT SNOW
  FOG
  HAZE
  BLOWING SNOW


RELATIVE HUMIDITY (PERCENT)
 HIGHEST    88           200 AM
 LOWEST     62           300 PM
 AVERAGE    75

..........................................................


THE ORD NE CLIMATE NORMALS FOR TODAY
                         NORMAL
 MAXIMUM TEMPERATURE (F)   43
 MINIMUM TEMPERATURE (F)   18


SUNRISE AND SUNSET
FEBRUARY 25 2017......SUNRISE   716 AM CST   SUNSET   622 PM CST
FEBRUARY 26 2017......SUNRISE   715 AM CST   SUNSET   623 PM CST


-  INDICATES NEGATIVE NUMBERS.
R  INDICATES RECORD WAS SET OR TIED.
MM INDICATES DATA IS MISSING.
T  INDICATES TRACE AMOUNT.




$$
