000
CDUS43 KGID 010635
CLIODX


CLIMATE REPORT
NATIONAL WEATHER SERVICE HASTINGS NE
134 AM CDT WED JUL 1 2015


...................................

...THE ORD NE CLIMATE SUMMARY FOR JUNE 30 2015...

CLIMATE NORMAL PERIOD 1981 TO 2010
CLIMATE RECORD PERIOD 1895 TO 2015


WEATHER ITEM   OBSERVED TIME   NORMAL DEPARTURE LAST
                VALUE   (LST)  VALUE  FROM      YEAR
                                      NORMAL
......................................................
TEMPERATURE (F)
 YESTERDAY
  MAXIMUM         90    136 PM  85      5       80
  MINIMUM         57    556 AM  60     -3       58
  AVERAGE         74            73      1       69

PRECIPITATION (IN)
  YESTERDAY        0.00          0.08  -0.08     0.02
  MONTH TO DATE    3.27          4.12  -0.85     8.08
  SINCE JUN 1      3.27          4.12  -0.85     8.08
  SINCE JAN 1      9.73         12.78  -3.05    10.30

DEGREE DAYS
 HEATING
  YESTERDAY        0             0      0        0
  MONTH TO DATE    6            39    -33       32
  SINCE JUN 1      6            37    -31       32
  SINCE JUL 1   6537          6607    -70     6887

 COOLING
  YESTERDAY        9             8      1        4
  MONTH TO DATE  160           162     -2      146
  SINCE JUN 1    160           162     -2      146
  SINCE JAN 1    169           203    -34      215
......................................................


WIND (MPH)
  HIGHEST WIND SPEED    17   HIGHEST WIND DIRECTION     E (110)
  HIGHEST GUST SPEED    23   HIGHEST GUST DIRECTION    SE (120)
  AVERAGE WIND SPEED     7.0


SKY COVER
  AVERAGE SKY COVER 0.1


WEATHER CONDITIONS
 THE FOLLOWING WEATHER WAS RECORDED YESTERDAY.
  FOG
  HAZE


RELATIVE HUMIDITY (PERCENT)
 HIGHEST    93           300 AM
 LOWEST     47           200 PM
 AVERAGE    70

..........................................................


THE ORD NE CLIMATE NORMALS FOR TODAY
                         NORMAL
 MAXIMUM TEMPERATURE (F)   86
 MINIMUM TEMPERATURE (F)   60


SUNRISE AND SUNSET
JULY  1 2015..........SUNRISE   605 AM CDT   SUNSET   914 PM CDT
JULY  2 2015..........SUNRISE   606 AM CDT   SUNSET   914 PM CDT


-  INDICATES NEGATIVE NUMBERS.
R  INDICATES RECORD WAS SET OR TIED.
MM INDICATES DATA IS MISSING.
T  INDICATES TRACE AMOUNT.




$$
