000
CDUS43 KGID 310629
CLIODX


CLIMATE REPORT
NATIONAL WEATHER SERVICE HASTINGS NE
1228 AM CST SAT JAN 31 2015


...................................

...THE ORD NE CLIMATE SUMMARY FOR JANUARY 30 2015...

CLIMATE NORMAL PERIOD 1981 TO 2010
CLIMATE RECORD PERIOD 1895 TO 2015


WEATHER ITEM   OBSERVED TIME   NORMAL DEPARTURE LAST
                VALUE   (LST)  VALUE  FROM      YEAR
                                      NORMAL
......................................................
TEMPERATURE (F)
 YESTERDAY
  MAXIMUM         46    346 PM  38      8       47
  MINIMUM         13    130 AM  13      0       20
  AVERAGE         30            26      4       34

PRECIPITATION (IN)
  YESTERDAY        0.00          0.02  -0.02      T
  MONTH TO DATE    0.07          0.36  -0.29     0.06
  SINCE DEC 1      1.63          0.95   0.68     0.06
  SINCE JAN 1      0.07          0.36  -0.29     0.06

DEGREE DAYS
 HEATING
  YESTERDAY       35            39     -4       31
  MONTH TO DATE 1172          1212    -40     1214
  SINCE DEC 1   2353          2455   -102     2387
  SINCE JUL 1   3939          3936      3     3867

 COOLING
  YESTERDAY        0             0      0        0
  MONTH TO DATE    0             0      0        0
  SINCE DEC 1      0             0      0        0
  SINCE JAN 1      0             0      0        0
......................................................


WIND (MPH)
  HIGHEST WIND SPEED    21   HIGHEST WIND DIRECTION     S (200)
  HIGHEST GUST SPEED    25   HIGHEST GUST DIRECTION     S (200)
  AVERAGE WIND SPEED     9.2


SKY COVER
  AVERAGE SKY COVER 0.2


WEATHER CONDITIONS
 THE FOLLOWING WEATHER WAS RECORDED YESTERDAY.
  FOG


RELATIVE HUMIDITY (PERCENT)
 HIGHEST    92           900 AM
 LOWEST     45           300 PM
 AVERAGE    69

..........................................................


THE ORD NE CLIMATE NORMALS FOR TODAY
                         NORMAL
 MAXIMUM TEMPERATURE (F)   38
 MINIMUM TEMPERATURE (F)   13


SUNRISE AND SUNSET
JANUARY 31 2015.......SUNRISE   749 AM CST   SUNSET   550 PM CST
FEBRUARY  1 2015......SUNRISE   748 AM CST   SUNSET   551 PM CST


-  INDICATES NEGATIVE NUMBERS.
R  INDICATES RECORD WAS SET OR TIED.
MM INDICATES DATA IS MISSING.
T  INDICATES TRACE AMOUNT.




$$
