000
CDUS43 KGID 210622
CLIODX


CLIMATE REPORT
NATIONAL WEATHER SERVICE HASTINGS NE
1222 AM CST TUE NOV 21 2017


...................................

...THE ORD NE CLIMATE SUMMARY FOR NOVEMBER 20 2017...

CLIMATE NORMAL PERIOD 1981 TO 2010
CLIMATE RECORD PERIOD 1895 TO 2017


WEATHER ITEM   OBSERVED TIME   NORMAL DEPARTURE LAST
                VALUE   (LST)  VALUE  FROM      YEAR
                                      NORMAL
......................................................
TEMPERATURE (F)
 YESTERDAY
  MAXIMUM         67    250 PM  46     21       48
  MINIMUM         25    650 AM  22      3       24
  AVERAGE         46            34     12       36

PRECIPITATION (IN)
  YESTERDAY        0.00          0.03  -0.03     0.00
  MONTH TO DATE    0.21          0.78  -0.57     0.77
  SINCE SEP 1      8.47          5.15   3.32     2.56
  SINCE JAN 1     28.64         24.06   4.58    29.72

DEGREE DAYS
 HEATING
  YESTERDAY       19            31    -12       29
  MONTH TO DATE  541           524     17      378
  SINCE SEP 1   1101          1130    -29      809
  SINCE JUL 1   1109          1144    -35      823

 COOLING
  YESTERDAY        0             0      0        0
  MONTH TO DATE    0             0      0        0
  SINCE SEP 1     96            88      8       81
  SINCE JAN 1    840           845     -5      887
......................................................


WIND (MPH)
  HIGHEST WIND SPEED    24   HIGHEST WIND DIRECTION     W (280)
  HIGHEST GUST SPEED    34   HIGHEST GUST DIRECTION    NW (300)
  AVERAGE WIND SPEED     8.2


SKY COVER
  AVERAGE SKY COVER 0.0


WEATHER CONDITIONS
 THE FOLLOWING WEATHER WAS RECORDED YESTERDAY.
  NO SIGNIFICANT WEATHER WAS OBSERVED.


RELATIVE HUMIDITY (PERCENT)
 HIGHEST    75           500 AM
 LOWEST     13           300 PM
 AVERAGE    44

..........................................................


THE ORD NE CLIMATE NORMALS FOR TODAY
                         NORMAL
 MAXIMUM TEMPERATURE (F)   46
 MINIMUM TEMPERATURE (F)   21


SUNRISE AND SUNSET
NOVEMBER 21 2017......SUNRISE   732 AM CST   SUNSET   511 PM CST
NOVEMBER 22 2017......SUNRISE   733 AM CST   SUNSET   510 PM CST


-  INDICATES NEGATIVE NUMBERS.
R  INDICATES RECORD WAS SET OR TIED.
MM INDICATES DATA IS MISSING.
T  INDICATES TRACE AMOUNT.




$$
