000
CDUS43 KOAX 210649
CLIOFK


CLIMATE REPORT
NATIONAL WEATHER SERVICE OMAHA NEBRASKA
1248 AM CST WED FEB 21 2018


...................................

...THE NORFOLK, NEBRASKA CLIMATE SUMMARY FOR FEBRUARY 20 2018...

CLIMATE NORMAL PERIOD 1981 TO 2010
CLIMATE RECORD PERIOD 1888 TO 2018


WEATHER ITEM   OBSERVED TIME   RECORD YEAR NORMAL DEPARTURE LAST
                VALUE   (LST)  VALUE       VALUE  FROM      YEAR
                                                  NORMAL
..................................................................
TEMPERATURE (F)
 YESTERDAY
  MAXIMUM         15    353 PM  66    1930  38    -23       62
  MINIMUM          5   1159 PM -16    1918  18    -13       33
  AVERAGE         10                        28    -18       48

PRECIPITATION (IN)
  YESTERDAY        T             0.53 1962   0.03  -0.03      T
  MONTH TO DATE    0.41                      0.51  -0.10     0.45
  SINCE DEC 1      1.80                      1.85  -0.05     2.54
  SINCE JAN 1      1.48                      1.10   0.38     1.70

SNOWFALL (IN)
  YESTERDAY        T                         0.2   -0.2      0.0
  MONTH TO DATE    4.4                       4.1    0.3      5.0
  SINCE JUL 1     25.8                      21.4    4.4     22.1
  SNOW DEPTH       T

DEGREE DAYS
 HEATING
  YESTERDAY       55                        37     18       17
  MONTH TO DATE  963                       787    176      612
  SINCE DEC 1   3571                      3364    207     3165
  SINCE JUL 1   4877                      4809     68     4210

 COOLING
  YESTERDAY        0                         0      0        0
  MONTH TO DATE    0                         0      0        0
  SINCE DEC 1      0                         0      0        0
  SINCE JAN 1      0                         0      0        0
..................................................................


WIND (MPH)
  HIGHEST WIND SPEED    28   HIGHEST WIND DIRECTION    NW (330)
  HIGHEST GUST SPEED    33   HIGHEST GUST DIRECTION    NW (320)
  AVERAGE WIND SPEED    14.9


SKY COVER
  POSSIBLE SUNSHINE  MM
  AVERAGE SKY COVER 0.5


WEATHER CONDITIONS
 THE FOLLOWING WEATHER WAS RECORDED YESTERDAY.
  LIGHT SNOW
  FOG


RELATIVE HUMIDITY (PERCENT)
 HIGHEST    92           200 AM
 LOWEST     70           500 PM
 AVERAGE    81

..........................................................


THE NORFOLK, NEBRASKA CLIMATE NORMALS FOR TODAY
                         NORMAL    RECORD    YEAR
 MAXIMUM TEMPERATURE (F)   39        74      2017
                                             1995
 MINIMUM TEMPERATURE (F)   18       -19      1918


SUNRISE AND SUNSET
FEBRUARY 21 2018......SUNRISE   717 AM CST   SUNSET   610 PM CST
FEBRUARY 22 2018......SUNRISE   715 AM CST   SUNSET   611 PM CST


-  INDICATES NEGATIVE NUMBERS.
R  INDICATES RECORD WAS SET OR TIED.
MM INDICATES DATA IS MISSING.
T  INDICATES TRACE AMOUNT.




$$
