000
CDUS43 KOAX 180626
CLIOFK


CLIMATE REPORT
NATIONAL WEATHER SERVICE OMAHA NEBRASKA
123 AM CDT FRI APR 18 2014


...................................

...THE NORFOLK, NEBRASKA CLIMATE SUMMARY FOR APRIL 17 2014...

CLIMATE NORMAL PERIOD 1981 TO 2010
CLIMATE RECORD PERIOD 1888 TO 2014


WEATHER ITEM   OBSERVED TIME   RECORD YEAR NORMAL DEPARTURE LAST
                VALUE   (LST)  VALUE       VALUE  FROM      YEAR
                                                  NORMAL
..................................................................
TEMPERATURE (F)
 YESTERDAY
  MAXIMUM         53    458 PM  91    1994  63    -10       39
  MINIMUM         30    648 AM  14    1907  38     -8       32
  AVERAGE         42                        50     -8       36

PRECIPITATION (IN)
  YESTERDAY        0.00          2.85 1908   0.09  -0.09     0.36
  MONTH TO DATE    1.46                      1.38   0.08     2.98
  SINCE MAR 1      1.83                      3.15  -1.32     4.26
  SINCE JAN 1      2.39                      4.50  -2.11     5.16

SNOWFALL (IN)
  YESTERDAY        0.0                       0.0    0.0       T
  MONTH TO DATE    4.5                       1.8    2.7      2.8
  SINCE JUL 1     19.9                      29.7   -9.8     23.5
  SNOW DEPTH       0

DEGREE DAYS
 HEATING
  YESTERDAY       23                        15      8       29
  MONTH TO DATE  333                       308     25      390
  SINCE MAR 1   1277                      1164    113     1382
  SINCE JUL 1   6627                      6257    370     6303

 COOLING
  YESTERDAY        0                         0      0        0
  MONTH TO DATE    0                         0      0        0
  SINCE MAR 1      0                         0      0        0
  SINCE JAN 1      0                         0      0        0
..................................................................


WIND (MPH)
  HIGHEST WIND SPEED    23   HIGHEST WIND DIRECTION     N (350)
  HIGHEST GUST SPEED    26   HIGHEST GUST DIRECTION     N (350)
  AVERAGE WIND SPEED     8.8


SKY COVER
  POSSIBLE SUNSHINE  MM
  AVERAGE SKY COVER 0.4


WEATHER CONDITIONS
 THE FOLLOWING WEATHER WAS RECORDED YESTERDAY.
  NO SIGNIFICANT WEATHER WAS OBSERVED.


RELATIVE HUMIDITY (PERCENT)
 HIGHEST    78           100 AM
 LOWEST     26           400 PM
 AVERAGE    52

..........................................................


THE NORFOLK, NEBRASKA CLIMATE NORMALS FOR TODAY
                         NORMAL    RECORD    YEAR
 MAXIMUM TEMPERATURE (F)   63        93      1994
 MINIMUM TEMPERATURE (F)   38        19      1953


SUNRISE AND SUNSET
APRIL 18 2014.........SUNRISE   645 AM CDT   SUNSET   814 PM CDT
APRIL 19 2014.........SUNRISE   643 AM CDT   SUNSET   815 PM CDT


-  INDICATES NEGATIVE NUMBERS.
R  INDICATES RECORD WAS SET OR TIED.
MM INDICATES DATA IS MISSING.
T  INDICATES TRACE AMOUNT.




$$
