000
CDUS43 KOAX 270632
CLIOFK


CLIMATE REPORT
NATIONAL WEATHER SERVICE OMAHA NEBRASKA
131 AM CDT WED JUL 27 2016


...................................

...THE NORFOLK, NEBRASKA CLIMATE SUMMARY FOR JULY 26 2016...

CLIMATE NORMAL PERIOD 1981 TO 2010
CLIMATE RECORD PERIOD 1888 TO 2016


WEATHER ITEM   OBSERVED TIME   RECORD YEAR NORMAL DEPARTURE LAST
                VALUE   (LST)  VALUE       VALUE  FROM      YEAR
                                                  NORMAL
..................................................................
TEMPERATURE (F)
 YESTERDAY
  MAXIMUM         86    449 PM 110    1936  86      0       89
  MINIMUM         59    523 AM  46    1962  64     -5       68
  AVERAGE         73                        75     -2       79

PRECIPITATION (IN)
  YESTERDAY        0.00          1.26 1905   0.10  -0.10     0.00
  MONTH TO DATE    2.69                      2.81  -0.12     5.09
  SINCE JUN 1      5.90                      7.07  -1.17     9.69
  SINCE JAN 1     22.35                     16.77   5.58    16.65

SNOWFALL (IN)
  YESTERDAY        0.0                       0.0    0.0      0.0
  MONTH TO DATE    0.0                       0.0    0.0      0.0
  SINCE JUL 1      0.0                       0.0    0.0      0.0
  SNOW DEPTH       0

DEGREE DAYS
 HEATING
  YESTERDAY        0                         0      0        0
  MONTH TO DATE    7                         0      7        4
  SINCE JUN 1     10                        30    -20        7
  SINCE JUL 1      7                         0      7        4

 COOLING
  YESTERDAY        8                        10     -2       14
  MONTH TO DATE  255                       258     -3      256
  SINCE JUN 1    531                       444     87      442
  SINCE JAN 1    569                       505     64      475
..................................................................


WIND (MPH)
  HIGHEST WIND SPEED    16   HIGHEST WIND DIRECTION    SE (130)
  HIGHEST GUST SPEED    22   HIGHEST GUST DIRECTION    SE (120)
  AVERAGE WIND SPEED     7.3


SKY COVER
  POSSIBLE SUNSHINE  MM
  AVERAGE SKY COVER 0.0


WEATHER CONDITIONS
 THE FOLLOWING WEATHER WAS RECORDED YESTERDAY.
  FOG


RELATIVE HUMIDITY (PERCENT)
 HIGHEST   100           300 AM
 LOWEST     48           300 PM
 AVERAGE    74

..........................................................


THE NORFOLK, NEBRASKA CLIMATE NORMALS FOR TODAY
                         NORMAL    RECORD    YEAR
 MAXIMUM TEMPERATURE (F)   86       108      1935
                                             1930
 MINIMUM TEMPERATURE (F)   64        47      2005


SUNRISE AND SUNSET
JULY 27 2016..........SUNRISE   619 AM CDT   SUNSET   853 PM CDT
JULY 28 2016..........SUNRISE   620 AM CDT   SUNSET   852 PM CDT


-  INDICATES NEGATIVE NUMBERS.
R  INDICATES RECORD WAS SET OR TIED.
MM INDICATES DATA IS MISSING.
T  INDICATES TRACE AMOUNT.




$$
