000
CDUS43 KOAX 120656
CLIOFK


CLIMATE REPORT
NATIONAL WEATHER SERVICE OMAHA NEBRASKA
1255 AM CST TUE DEC 12 2017


...................................

...THE NORFOLK, NEBRASKA CLIMATE SUMMARY FOR DECEMBER 11 2017...

CLIMATE NORMAL PERIOD 1981 TO 2010
CLIMATE RECORD PERIOD 1888 TO 2017


WEATHER ITEM   OBSERVED TIME   RECORD YEAR NORMAL DEPARTURE LAST
                VALUE   (LST)  VALUE       VALUE  FROM      YEAR
                                                  NORMAL
..................................................................
TEMPERATURE (F)
 YESTERDAY
  MAXIMUM         47   1007 AM  62    1905  35     12       27
  MINIMUM         21   1159 PM -13    1989  15      6        4
  AVERAGE         34                        25      9       16

PRECIPITATION (IN)
  YESTERDAY        T             0.44 1961   0.03  -0.03      T
  MONTH TO DATE    T                         0.32  -0.32     0.11
  SINCE DEC 1      T                         0.32  -0.32     0.11
  SINCE JAN 1     27.47                     26.98   0.49    30.70

SNOWFALL (IN)
  YESTERDAY        0.0                       0.3   -0.3       T
  MONTH TO DATE    T                         2.3   -2.3      1.0
  SINCE JUL 1      T                         7.2   -7.2      3.5
  SNOW DEPTH       0

DEGREE DAYS
 HEATING
  YESTERDAY       31                        40     -9       49
  MONTH TO DATE  336                       425    -89      457
  SINCE DEC 1    336                       425    -89      457
  SINCE JUL 1   1642                      1870   -228     1502

 COOLING
  YESTERDAY        0                         0      0        0
  MONTH TO DATE    0                         0      0        0
  SINCE DEC 1      0                         0      0        0
  SINCE JAN 1    879                       915    -36      963
..................................................................


WIND (MPH)
  HIGHEST WIND SPEED    43   HIGHEST WIND DIRECTION    NW (330)
  HIGHEST GUST SPEED    54   HIGHEST GUST DIRECTION    NW (320)
  AVERAGE WIND SPEED    20.4


SKY COVER
  POSSIBLE SUNSHINE  MM
  AVERAGE SKY COVER 0.5


WEATHER CONDITIONS
 THE FOLLOWING WEATHER WAS RECORDED YESTERDAY.
  LIGHT RAIN


RELATIVE HUMIDITY (PERCENT)
 HIGHEST    92           900 PM
 LOWEST     31           600 AM
 AVERAGE    62

..........................................................


THE NORFOLK, NEBRASKA CLIMATE NORMALS FOR TODAY
                         NORMAL    RECORD    YEAR
 MAXIMUM TEMPERATURE (F)   34        65      1921
 MINIMUM TEMPERATURE (F)   15       -25      1932


SUNRISE AND SUNSET
DECEMBER 12 2017......SUNRISE   749 AM CST   SUNSET   459 PM CST
DECEMBER 13 2017......SUNRISE   749 AM CST   SUNSET   459 PM CST


-  INDICATES NEGATIVE NUMBERS.
R  INDICATES RECORD WAS SET OR TIED.
MM INDICATES DATA IS MISSING.
T  INDICATES TRACE AMOUNT.




$$
