000
CDUS43 KOAX 020644
CLIOFK


CLIMATE REPORT
NATIONAL WEATHER SERVICE OMAHA NEBRASKA
1243 AM CST FRI DEC 2 2016


...................................

...THE NORFOLK, NEBRASKA CLIMATE SUMMARY FOR DECEMBER 1 2016...

CLIMATE NORMAL PERIOD 1981 TO 2010
CLIMATE RECORD PERIOD 1888 TO 2016


WEATHER ITEM   OBSERVED TIME   RECORD YEAR NORMAL DEPARTURE LAST
                VALUE   (LST)  VALUE       VALUE  FROM      YEAR
                                                  NORMAL
..................................................................
TEMPERATURE (F)
 YESTERDAY
  MAXIMUM         35    241 PM  69    1998  38     -3       32
  MINIMUM         28    842 PM -10    1893  18     10       23
  AVERAGE         32                        28      4       28

PRECIPITATION (IN)
  YESTERDAY        0.00          1.10 1909   0.03  -0.03     0.03
  MONTH TO DATE    0.00                      0.03  -0.03     0.03
  SINCE DEC 1      0.00                      0.03  -0.03     0.03
  SINCE JAN 1     30.59                     26.69   3.90    25.60

SNOWFALL (IN)
  YESTERDAY        0.0                       0.2   -0.2      0.4
  MONTH TO DATE    0.0                       0.2   -0.2      0.4
  SINCE JUL 1      2.5                       5.1   -2.6      9.2
  SNOW DEPTH       0

DEGREE DAYS
 HEATING
  YESTERDAY       33                        37     -4       37
  MONTH TO DATE   33                        37     -4       37
  SINCE DEC 1     33                        37     -4       37
  SINCE JUL 1   1078                      1482   -404     1058

 COOLING
  YESTERDAY        0                         0      0        0
  MONTH TO DATE    0                         0      0        0
  SINCE DEC 1      0                         0      0        0
  SINCE JAN 1    963                       915     48      917
..................................................................


WIND (MPH)
  HIGHEST WIND SPEED    17   HIGHEST WIND DIRECTION    NW (300)
  HIGHEST GUST SPEED    23   HIGHEST GUST DIRECTION    NW (300)
  AVERAGE WIND SPEED     8.2


SKY COVER
  POSSIBLE SUNSHINE  MM
  AVERAGE SKY COVER 1.0


WEATHER CONDITIONS
 THE FOLLOWING WEATHER WAS RECORDED YESTERDAY.
  NO SIGNIFICANT WEATHER WAS OBSERVED.


RELATIVE HUMIDITY (PERCENT)
 HIGHEST    85           900 PM
 LOWEST     69           100 AM
 AVERAGE    77

..........................................................


THE NORFOLK, NEBRASKA CLIMATE NORMALS FOR TODAY
                         NORMAL    RECORD    YEAR
 MAXIMUM TEMPERATURE (F)   38        66      1998
 MINIMUM TEMPERATURE (F)   18        -7      1919


SUNRISE AND SUNSET
DECEMBER  2 2016......SUNRISE   740 AM CST   SUNSET   459 PM CST
DECEMBER  3 2016......SUNRISE   741 AM CST   SUNSET   459 PM CST


-  INDICATES NEGATIVE NUMBERS.
R  INDICATES RECORD WAS SET OR TIED.
MM INDICATES DATA IS MISSING.
T  INDICATES TRACE AMOUNT.




$$
