000
CDUS43 KOAX 180724
CLIOFK


CLIMATE REPORT
NATIONAL WEATHER SERVICE OMAHA NEBRASKA
123 AM CST THU DEC 18 2014


...................................

...THE NORFOLK, NEBRASKA CLIMATE SUMMARY FOR DECEMBER 17 2014...

CLIMATE NORMAL PERIOD 1981 TO 2010
CLIMATE RECORD PERIOD 1888 TO 2014


WEATHER ITEM   OBSERVED TIME   RECORD YEAR NORMAL DEPARTURE LAST
                VALUE   (LST)  VALUE       VALUE  FROM      YEAR
                                                  NORMAL
..................................................................
TEMPERATURE (F)
 YESTERDAY
  MAXIMUM         27    247 PM  66    1980  33     -6       41
  MINIMUM         19    932 AM -15    1981  14      5       24
  AVERAGE         23                        24     -1       33

PRECIPITATION (IN)
  YESTERDAY        0.00          0.25 1908   0.02  -0.02     0.00
  MONTH TO DATE    0.62                      0.46   0.16     0.13
  SINCE DEC 1      0.62                      0.46   0.16     0.13
  SINCE JAN 1     29.13                     27.12   2.01    24.92

SNOWFALL (IN)
  YESTERDAY        0.0                       0.1   -0.1      0.0
  MONTH TO DATE    T                         3.4   -3.4      2.1
  SINCE JUL 1      3.7                       8.3   -4.6      3.0
  SNOW DEPTH       0

DEGREE DAYS
 HEATING
  YESTERDAY       42                        41      1       32
  MONTH TO DATE  556                       670   -114      777
  SINCE DEC 1    556                       670   -114      777
  SINCE JUL 1   2049                      2115    -66     2163

 COOLING
  YESTERDAY        0                         0      0        0
  MONTH TO DATE    0                         0      0        0
  SINCE DEC 1      0                         0      0        0
  SINCE JAN 1    812                       915   -103     1005
..................................................................


WIND (MPH)
  HIGHEST WIND SPEED    10   HIGHEST WIND DIRECTION     E (110)
  HIGHEST GUST SPEED    13   HIGHEST GUST DIRECTION     N (340)
  AVERAGE WIND SPEED     5.2


SKY COVER
  POSSIBLE SUNSHINE  MM
  AVERAGE SKY COVER 0.7


WEATHER CONDITIONS
 THE FOLLOWING WEATHER WAS RECORDED YESTERDAY.
  NO SIGNIFICANT WEATHER WAS OBSERVED.


RELATIVE HUMIDITY (PERCENT)
 HIGHEST    84          1200 AM
 LOWEST     57           300 PM
 AVERAGE    71

..........................................................


THE NORFOLK, NEBRASKA CLIMATE NORMALS FOR TODAY
                         NORMAL    RECORD    YEAR
 MAXIMUM TEMPERATURE (F)   33        69      1979
 MINIMUM TEMPERATURE (F)   14       -19      1983


SUNRISE AND SUNSET
DECEMBER 18 2014......SUNRISE   753 AM CST   SUNSET   500 PM CST
DECEMBER 19 2014......SUNRISE   753 AM CST   SUNSET   501 PM CST


-  INDICATES NEGATIVE NUMBERS.
R  INDICATES RECORD WAS SET OR TIED.
MM INDICATES DATA IS MISSING.
T  INDICATES TRACE AMOUNT.




$$
