000
CDUS43 KOAX 280626
CLIOFK


CLIMATE REPORT
NATIONAL WEATHER SERVICE OMAHA NEBRASKA
1226 AM CST WED JAN 28 2015


...................................

...THE NORFOLK, NEBRASKA CLIMATE SUMMARY FOR JANUARY 27 2015...

CLIMATE NORMAL PERIOD 1981 TO 2010
CLIMATE RECORD PERIOD 1888 TO 2015


WEATHER ITEM   OBSERVED TIME   RECORD YEAR NORMAL DEPARTURE LAST
                VALUE   (LST)  VALUE       VALUE  FROM      YEAR
                                                  NORMAL
..................................................................
TEMPERATURE (F)
 YESTERDAY
  MAXIMUM         56    359 PM  66    1934  34     22       11
  MINIMUM         25    811 AM -29    1902  12     13       -8
  AVERAGE         41                        23     18        2

PRECIPITATION (IN)
  YESTERDAY        0.00          1.01 1944   0.02  -0.02     0.00
  MONTH TO DATE    0.27                      0.50  -0.23     0.13
  SINCE DEC 1      1.47                      1.25   0.22     0.27
  SINCE JAN 1      0.27                      0.50  -0.23     0.13

SNOWFALL (IN)
  YESTERDAY        0.0                       0.2   -0.2      0.0
  MONTH TO DATE    3.7                       5.5   -1.8      1.0
  SINCE JUL 1     13.3                      16.4   -3.1      4.3
  SNOW DEPTH       0

DEGREE DAYS
 HEATING
  YESTERDAY       24                        42    -18       63
  MONTH TO DATE 1083                      1153    -70     1151
  SINCE DEC 1   2219                      2414   -195     2527
  SINCE JUL 1   3712                      3859   -147     3913

 COOLING
  YESTERDAY        0                         0      0        0
  MONTH TO DATE    0                         0      0        0
  SINCE DEC 1      0                         0      0        0
  SINCE JAN 1      0                         0      0        0
..................................................................


WIND (MPH)
  HIGHEST WIND SPEED    18   HIGHEST WIND DIRECTION    SE (150)
  HIGHEST GUST SPEED    22   HIGHEST GUST DIRECTION    SE (140)
  AVERAGE WIND SPEED     8.2


SKY COVER
  POSSIBLE SUNSHINE  MM
  AVERAGE SKY COVER 0.0


WEATHER CONDITIONS
 THE FOLLOWING WEATHER WAS RECORDED YESTERDAY.
  NO SIGNIFICANT WEATHER WAS OBSERVED.


RELATIVE HUMIDITY (PERCENT)
 HIGHEST   100           700 AM
 LOWEST     43           300 PM
 AVERAGE    72

..........................................................


THE NORFOLK, NEBRASKA CLIMATE NORMALS FOR TODAY
                         NORMAL    RECORD    YEAR
 MAXIMUM TEMPERATURE (F)   34        58      1931
 MINIMUM TEMPERATURE (F)   13       -24      1915


SUNRISE AND SUNSET
JANUARY 28 2015.......SUNRISE   746 AM CST   SUNSET   539 PM CST
JANUARY 29 2015.......SUNRISE   746 AM CST   SUNSET   541 PM CST


-  INDICATES NEGATIVE NUMBERS.
R  INDICATES RECORD WAS SET OR TIED.
MM INDICATES DATA IS MISSING.
T  INDICATES TRACE AMOUNT.




$$
