000
CDUS43 KOAX 230644
CLIOFK


CLIMATE REPORT
NATIONAL WEATHER SERVICE OMAHA NEBRASKA
1242 AM CST THU FEB 23 2017


...................................

...THE NORFOLK, NEBRASKA CLIMATE SUMMARY FOR FEBRUARY 22 2017...

CLIMATE NORMAL PERIOD 1981 TO 2010
CLIMATE RECORD PERIOD 1888 TO 2017


WEATHER ITEM   OBSERVED TIME   RECORD YEAR NORMAL DEPARTURE LAST
                VALUE   (LST)  VALUE       VALUE  FROM      YEAR
                                                  NORMAL
..................................................................
TEMPERATURE (F)
 YESTERDAY
  MAXIMUM         68    206 PM  72    1995  39     29       44
  MINIMUM         33    718 AM -14    1962  19     14       33
  AVERAGE         51                        29     22       39

PRECIPITATION (IN)
  YESTERDAY        0.00          1.05 1909   0.03  -0.03     0.00
  MONTH TO DATE    0.45                      0.57  -0.12     1.56
  SINCE DEC 1      2.54                      1.91   0.63     4.40
  SINCE JAN 1      1.70                      1.16   0.54     2.13

SNOWFALL (IN)
  YESTERDAY        0.0                       0.2   -0.2      0.0
  MONTH TO DATE    5.0                       4.5    0.5     16.3
  SINCE JUL 1     22.1                      21.8    0.3     40.8
  SNOW DEPTH       0

DEGREE DAYS
 HEATING
  YESTERDAY       14                        36    -22       26
  MONTH TO DATE  639                       860   -221      750
  SINCE DEC 1   3192                      3437   -245     3093
  SINCE JUL 1   4237                      4882   -645     4114

 COOLING
  YESTERDAY        0                         0      0        0
  MONTH TO DATE    0                         0      0        0
  SINCE DEC 1      0                         0      0        0
  SINCE JAN 1      0                         0      0        0
..................................................................


WIND (MPH)
  HIGHEST WIND SPEED    24   HIGHEST WIND DIRECTION    NW (320)
  HIGHEST GUST SPEED    32   HIGHEST GUST DIRECTION    NW (320)
  AVERAGE WIND SPEED    11.8


SKY COVER
  POSSIBLE SUNSHINE  MM
  AVERAGE SKY COVER 0.0


WEATHER CONDITIONS
 THE FOLLOWING WEATHER WAS RECORDED YESTERDAY.
  NO SIGNIFICANT WEATHER WAS OBSERVED.


RELATIVE HUMIDITY (PERCENT)
 HIGHEST    82          1100 PM
 LOWEST     26           400 PM
 AVERAGE    54

..........................................................


THE NORFOLK, NEBRASKA CLIMATE NORMALS FOR TODAY
                         NORMAL    RECORD    YEAR
 MAXIMUM TEMPERATURE (F)   39        76      2002
 MINIMUM TEMPERATURE (F)   19       -17      1910


SUNRISE AND SUNSET
FEBRUARY 23 2017......SUNRISE   714 AM CST   SUNSET   613 PM CST
FEBRUARY 24 2017......SUNRISE   712 AM CST   SUNSET   614 PM CST


-  INDICATES NEGATIVE NUMBERS.
R  INDICATES RECORD WAS SET OR TIED.
MM INDICATES DATA IS MISSING.
T  INDICATES TRACE AMOUNT.




$$
