000
CDUS43 KOAX 300627
CLIOFK


CLIMATE REPORT
NATIONAL WEATHER SERVICE OMAHA NEBRASKA
125 AM CDT SUN AUG 30 2015


...................................

...THE NORFOLK, NEBRASKA CLIMATE SUMMARY FOR AUGUST 29 2015...

CLIMATE NORMAL PERIOD 1981 TO 2010
CLIMATE RECORD PERIOD 1888 TO 2015


WEATHER ITEM   OBSERVED TIME   RECORD YEAR NORMAL DEPARTURE LAST
                VALUE   (LST)  VALUE       VALUE  FROM      YEAR
                                                  NORMAL
..................................................................
TEMPERATURE (F)
 YESTERDAY
  MAXIMUM         79    415 PM 102    2012  82     -3       76
  MINIMUM         58   1210 AM  40    1909  59     -1       64
                                      1893
  AVERAGE         69                        70     -1       70

PRECIPITATION (IN)
  YESTERDAY        0.00          1.70 1993   0.09  -0.09      T
  MONTH TO DATE    2.69                      3.06  -0.37     5.87
  SINCE JUN 1     12.43                     10.64   1.79    18.39
  SINCE JAN 1     19.39                     20.34  -0.95    23.88

SNOWFALL (IN)
  YESTERDAY        0.0                       0.0    0.0      0.0
  MONTH TO DATE    0.0                       0.0    0.0      0.0
  SINCE JUL 1      0.0                       0.0    0.0      0.0
  SNOW DEPTH       0

DEGREE DAYS
 HEATING
  YESTERDAY        0                         1     -1        0
  MONTH TO DATE   20                         6     14        0
  SINCE JUN 1     27                        40    -13       37
  SINCE JUL 1     24                        10     14       12

 COOLING
  YESTERDAY        4                         6     -2        5
  MONTH TO DATE  189                       244    -55      227
  SINCE JUN 1    679                       744    -65      617
  SINCE JAN 1    712                       805    -93      714
..................................................................


WIND (MPH)
  HIGHEST WIND SPEED    12   HIGHEST WIND DIRECTION     S (160)
  HIGHEST GUST SPEED    17   HIGHEST GUST DIRECTION    SE (150)
  AVERAGE WIND SPEED     5.4


SKY COVER
  POSSIBLE SUNSHINE  MM
  AVERAGE SKY COVER 0.4


WEATHER CONDITIONS
 THE FOLLOWING WEATHER WAS RECORDED YESTERDAY.
  FOG


RELATIVE HUMIDITY (PERCENT)
 HIGHEST   100           900 PM
 LOWEST     60           100 PM
 AVERAGE    80

..........................................................


THE NORFOLK, NEBRASKA CLIMATE NORMALS FOR TODAY
                         NORMAL    RECORD    YEAR
 MAXIMUM TEMPERATURE (F)   82       102      2012
 MINIMUM TEMPERATURE (F)   58        37      1915


SUNRISE AND SUNSET
AUGUST 30 2015........SUNRISE   653 AM CDT   SUNSET   807 PM CDT
AUGUST 31 2015........SUNRISE   654 AM CDT   SUNSET   805 PM CDT


-  INDICATES NEGATIVE NUMBERS.
R  INDICATES RECORD WAS SET OR TIED.
MM INDICATES DATA IS MISSING.
T  INDICATES TRACE AMOUNT.




$$
