000
CDUS43 KOAX 170711
CLIOFK


CLIMATE REPORT
NATIONAL WEATHER SERVICE OMAHA NEBRASKA
110 AM CST TUE JAN 17 2017


...................................

...THE NORFOLK, NEBRASKA CLIMATE SUMMARY FOR JANUARY 16 2017...

CLIMATE NORMAL PERIOD 1981 TO 2010
CLIMATE RECORD PERIOD 1888 TO 2017


WEATHER ITEM   OBSERVED TIME   RECORD YEAR NORMAL DEPARTURE LAST
                VALUE   (LST)  VALUE       VALUE  FROM      YEAR
                                                  NORMAL
..................................................................
TEMPERATURE (F)
 YESTERDAY
  MAXIMUM         32    205 PM  61    1996  33     -1       25
  MINIMUM         24   1159 PM -20    2007  12     12        2
                                      1977
  AVERAGE         28                        22      6       14

PRECIPITATION (IN)
  YESTERDAY        0.48          0.60 1932   0.02   0.46     0.02
  MONTH TO DATE    0.66                      0.29   0.37     0.27
  SINCE DEC 1      1.50                      1.04   0.46     2.54
  SINCE JAN 1      0.66                      0.29   0.37     0.27

SNOWFALL (IN)
  YESTERDAY        0.0                       0.2   -0.2      0.4
  MONTH TO DATE    2.4                       3.1   -0.7      2.4
  SINCE JUL 1      8.5                      14.0   -5.5     22.4
  SNOW DEPTH       1

DEGREE DAYS
 HEATING
  YESTERDAY       37                        43     -6       51
  MONTH TO DATE  769                       688     81      685
  SINCE DEC 1   2054                      1949    105     1747
  SINCE JUL 1   3099                      3394   -295     2768

 COOLING
  YESTERDAY        0                         0      0        0
  MONTH TO DATE    0                         0      0        0
  SINCE DEC 1      0                         0      0        0
  SINCE JAN 1      0                         0      0        0
..................................................................


WIND (MPH)
  HIGHEST WIND SPEED    20   HIGHEST WIND DIRECTION    NW (320)
  HIGHEST GUST SPEED    25   HIGHEST GUST DIRECTION    NW (320)
  AVERAGE WIND SPEED    10.2


SKY COVER
  POSSIBLE SUNSHINE  MM
  AVERAGE SKY COVER 1.0


WEATHER CONDITIONS
 THE FOLLOWING WEATHER WAS RECORDED YESTERDAY.
  FREEZING RAIN
  LT FREEZING RAIN
  FOG


RELATIVE HUMIDITY (PERCENT)
 HIGHEST   100           100 AM
 LOWEST     75          1100 PM
 AVERAGE    88

..........................................................


THE NORFOLK, NEBRASKA CLIMATE NORMALS FOR TODAY
                         NORMAL    RECORD    YEAR
 MAXIMUM TEMPERATURE (F)   33        60      1923
                                             1894
 MINIMUM TEMPERATURE (F)   12       -25      1930


SUNRISE AND SUNSET
JANUARY 17 2017.......SUNRISE   754 AM CST   SUNSET   526 PM CST
JANUARY 18 2017.......SUNRISE   753 AM CST   SUNSET   527 PM CST


-  INDICATES NEGATIVE NUMBERS.
R  INDICATES RECORD WAS SET OR TIED.
MM INDICATES DATA IS MISSING.
T  INDICATES TRACE AMOUNT.




$$
