000
CDUS43 KOAX 180637
CLIOFK


CLIMATE REPORT
NATIONAL WEATHER SERVICE OMAHA NEBRASKA
136 AM CDT WED OCT 18 2017


...................................

...THE NORFOLK, NEBRASKA CLIMATE SUMMARY FOR OCTOBER 17 2017...

CLIMATE NORMAL PERIOD 1981 TO 2010
CLIMATE RECORD PERIOD 1888 TO 2017


WEATHER ITEM   OBSERVED TIME   RECORD YEAR NORMAL DEPARTURE LAST
                VALUE   (LST)  VALUE       VALUE  FROM      YEAR
                                                  NORMAL
..................................................................
TEMPERATURE (F)
 YESTERDAY
  MAXIMUM         79    343 PM  89    1961  63     16       72
  MINIMUM         34    637 AM  16    1922  38     -4       48
  AVERAGE         57                        51      6       60

PRECIPITATION (IN)
  YESTERDAY        0.00          1.41 1968   0.07  -0.07     0.00
  MONTH TO DATE    3.52                      1.29   2.23     2.33
  SINCE SEP 1      5.60                      3.98   1.62     4.37
  SINCE JAN 1     27.38                     24.51   2.87    29.24

SNOWFALL (IN)
  YESTERDAY        0.0                       0.0    0.0      0.0
  MONTH TO DATE    0.0                       0.2   -0.2      0.0
  SINCE JUL 1      0.0                       0.2   -0.2      0.0
  SNOW DEPTH       0

DEGREE DAYS
 HEATING
  YESTERDAY        8                        14     -6        5
  MONTH TO DATE  177                       198    -21      174
  SINCE SEP 1    259                       324    -65      245
  SINCE JUL 1    270                       340    -70      258

 COOLING
  YESTERDAY        0                         0      0        0
  MONTH TO DATE    3                         8     -5        3
  SINCE SEP 1    119                        98     21      119
  SINCE JAN 1    877                       914    -37      962
..................................................................


WIND (MPH)
  HIGHEST WIND SPEED    16   HIGHEST WIND DIRECTION     S (170)
  HIGHEST GUST SPEED    19   HIGHEST GUST DIRECTION     S (170)
  AVERAGE WIND SPEED     5.8


SKY COVER
  POSSIBLE SUNSHINE  MM
  AVERAGE SKY COVER 0.0


WEATHER CONDITIONS
 THE FOLLOWING WEATHER WAS RECORDED YESTERDAY.
  NO SIGNIFICANT WEATHER WAS OBSERVED.


RELATIVE HUMIDITY (PERCENT)
 HIGHEST    92           600 AM
 LOWEST     21           300 PM
 AVERAGE    57

..........................................................


THE NORFOLK, NEBRASKA CLIMATE NORMALS FOR TODAY
                         NORMAL    RECORD    YEAR
 MAXIMUM TEMPERATURE (F)   63        89      2005
 MINIMUM TEMPERATURE (F)   38        18      1972


SUNRISE AND SUNSET
OCTOBER 18 2017.......SUNRISE   746 AM CDT   SUNSET   643 PM CDT
OCTOBER 19 2017.......SUNRISE   747 AM CDT   SUNSET   641 PM CDT


-  INDICATES NEGATIVE NUMBERS.
R  INDICATES RECORD WAS SET OR TIED.
MM INDICATES DATA IS MISSING.
T  INDICATES TRACE AMOUNT.




$$
