000
CDUS43 KOAX 260644
CLIOFK


CLIMATE REPORT
NATIONAL WEATHER SERVICE OMAHA NEBRASKA
143 AM CDT MON SEP 26 2016


...................................

...THE NORFOLK, NEBRASKA CLIMATE SUMMARY FOR SEPTEMBER 25 2016...

CLIMATE NORMAL PERIOD 1981 TO 2010
CLIMATE RECORD PERIOD 1888 TO 2016


WEATHER ITEM   OBSERVED TIME   RECORD YEAR NORMAL DEPARTURE LAST
                VALUE   (LST)  VALUE       VALUE  FROM      YEAR
                                                  NORMAL
..................................................................
TEMPERATURE (F)
 YESTERDAY
  MAXIMUM         70    338 PM  92    1998  73     -3       78
                                      1990
  MINIMUM         48   1105 PM  25    1926  47      1       58
                                      1893
  AVERAGE         59                        60     -1       68

PRECIPITATION (IN)
  YESTERDAY        0.00          1.50 1915   0.10  -0.10     0.05
  MONTH TO DATE    2.04                      2.26  -0.22     2.29
  SINCE SEP 1      2.04                      2.26  -0.22     2.29
  SINCE JAN 1     26.91                     22.79   4.12    21.68

SNOWFALL (IN)
  YESTERDAY        0.0                       0.0    0.0      0.0
  MONTH TO DATE    0.0                       0.0    0.0      0.0
  SINCE JUL 1      0.0                       0.0    0.0      0.0
  SNOW DEPTH       0

DEGREE DAYS
 HEATING
  YESTERDAY        6                         7     -1        0
  MONTH TO DATE   29                        88    -59       29
  SINCE SEP 1     29                        88    -59       29
  SINCE JUL 1     42                       104    -62       53

 COOLING
  YESTERDAY        0                         1     -1        3
  MONTH TO DATE  116                        86     30      155
  SINCE SEP 1    116                        86     30      155
  SINCE JAN 1    959                       902     57      881
..................................................................


WIND (MPH)
  HIGHEST WIND SPEED    30   HIGHEST WIND DIRECTION    NW (310)
  HIGHEST GUST SPEED    39   HIGHEST GUST DIRECTION    NW (310)
  AVERAGE WIND SPEED    13.5


SKY COVER
  POSSIBLE SUNSHINE  MM
  AVERAGE SKY COVER 0.1


WEATHER CONDITIONS
 THE FOLLOWING WEATHER WAS RECORDED YESTERDAY.
  NO SIGNIFICANT WEATHER WAS OBSERVED.


RELATIVE HUMIDITY (PERCENT)
 HIGHEST    93          1200 AM
 LOWEST     28           400 PM
 AVERAGE    61

..........................................................


THE NORFOLK, NEBRASKA CLIMATE NORMALS FOR TODAY
                         NORMAL    RECORD    YEAR
 MAXIMUM TEMPERATURE (F)   72        94      1990
                                             1956
 MINIMUM TEMPERATURE (F)   46        27      1984


SUNRISE AND SUNSET
SEPTEMBER 26 2016.....SUNRISE   722 AM CDT   SUNSET   719 PM CDT
SEPTEMBER 27 2016.....SUNRISE   723 AM CDT   SUNSET   717 PM CDT


-  INDICATES NEGATIVE NUMBERS.
R  INDICATES RECORD WAS SET OR TIED.
MM INDICATES DATA IS MISSING.
T  INDICATES TRACE AMOUNT.




$$
