000
CDUS43 KOAX 230628
CLIOFK


CLIMATE REPORT
NATIONAL WEATHER SERVICE OMAHA NEBRASKA
128 AM CDT TUE MAY 23 2017


...................................

...THE NORFOLK, NEBRASKA CLIMATE SUMMARY FOR MAY 22 2017...

CLIMATE NORMAL PERIOD 1981 TO 2010
CLIMATE RECORD PERIOD 1888 TO 2017


WEATHER ITEM   OBSERVED TIME   RECORD YEAR NORMAL DEPARTURE LAST
                VALUE   (LST)  VALUE       VALUE  FROM      YEAR
                                                  NORMAL
..................................................................
TEMPERATURE (F)
 YESTERDAY
  MAXIMUM         72   1236 PM  92    1954  74     -2       83
                                      1925
  MINIMUM         47   1159 PM  29    1931  51     -4       57
  AVERAGE         60                        62     -2       70

PRECIPITATION (IN)
  YESTERDAY        0.00          2.96 1906   0.13  -0.13     0.00
  MONTH TO DATE    4.30                      2.69   1.61     3.65
  SINCE MAR 1      9.34                      7.11   2.23    11.27
  SINCE JAN 1     11.58                      8.46   3.12    13.42

SNOWFALL (IN)
  YESTERDAY        0.0                       0.0    0.0      0.0
  MONTH TO DATE    1.5                       0.3    1.2      0.0
  SINCE JUL 1     32.2                      30.8    1.4     53.0
  SNOW DEPTH       0

DEGREE DAYS
 HEATING
  YESTERDAY        5                         5      0        0
  MONTH TO DATE  165                       158      7      189
  SINCE MAR 1   1389                      1488    -99     1271
  SINCE JUL 1   5844                      6581   -737     5572

 COOLING
  YESTERDAY        0                         2     -2        5
  MONTH TO DATE   28                        28      0       11
  SINCE MAR 1     28                        40    -12       11
  SINCE JAN 1     28                        40    -12       11
..................................................................


WIND (MPH)
  HIGHEST WIND SPEED    25   HIGHEST WIND DIRECTION    NW (320)
  HIGHEST GUST SPEED    31   HIGHEST GUST DIRECTION    NW (320)
  AVERAGE WIND SPEED    11.9


SKY COVER
  POSSIBLE SUNSHINE  MM
  AVERAGE SKY COVER 0.2


WEATHER CONDITIONS
 THE FOLLOWING WEATHER WAS RECORDED YESTERDAY.
  NO SIGNIFICANT WEATHER WAS OBSERVED.


RELATIVE HUMIDITY (PERCENT)
 HIGHEST    80           400 AM
 LOWEST     35          1200 PM
 AVERAGE    58

..........................................................


THE NORFOLK, NEBRASKA CLIMATE NORMALS FOR TODAY
                         NORMAL    RECORD    YEAR
 MAXIMUM TEMPERATURE (F)   74        95      1950
 MINIMUM TEMPERATURE (F)   51        35      1913
                                             1893


SUNRISE AND SUNSET
MAY 23 2017...........SUNRISE   602 AM CDT   SUNSET   851 PM CDT
MAY 24 2017...........SUNRISE   601 AM CDT   SUNSET   852 PM CDT


-  INDICATES NEGATIVE NUMBERS.
R  INDICATES RECORD WAS SET OR TIED.
MM INDICATES DATA IS MISSING.
T  INDICATES TRACE AMOUNT.




$$
