107
CDUS43 KOAX 090644
CLIOFK


CLIMATE REPORT
NATIONAL WEATHER SERVICE OMAHA NEBRASKA
1244 AM CST TUE FEB 9 2016


...................................

...THE NORFOLK, NEBRASKA CLIMATE SUMMARY FOR FEBRUARY 8 2016...

CLIMATE NORMAL PERIOD 1981 TO 2010
CLIMATE RECORD PERIOD 1888 TO 2016


WEATHER ITEM   OBSERVED TIME   RECORD YEAR NORMAL DEPARTURE LAST
                VALUE   (LST)  VALUE       VALUE  FROM      YEAR
                                                  NORMAL
..................................................................
TEMPERATURE (F)
 YESTERDAY
  MAXIMUM         34    427 PM  67    1954  35     -1       57
  MINIMUM         26   1159 PM -27    1933  15     11       32
  AVERAGE         30                        25      5       45

PRECIPITATION (IN)
  YESTERDAY        T             1.32 1966   0.03  -0.03      T
  MONTH TO DATE    1.29                      0.20   1.09     0.26
  SINCE DEC 1      4.13                      1.54   2.59     2.03
  SINCE JAN 1      1.86                      0.79   1.07     0.83

SNOWFALL (IN)
  YESTERDAY        T                         0.2   -0.2      0.0
  MONTH TO DATE   14.2                       1.8   12.4      3.7
  SINCE JUL 1     38.7                      19.1   19.6     20.0
  SNOW DEPTH       0

DEGREE DAYS
 HEATING
  YESTERDAY       35                        40     -5       20
  MONTH TO DATE  305                       326    -21      336
  SINCE DEC 1   2648                      2903   -255     2674
  SINCE JUL 1   3669                      4348   -679     4167

 COOLING
  YESTERDAY        0                         0      0        0
  MONTH TO DATE    0                         0      0        0
  SINCE DEC 1      0                         0      0        0
  SINCE JAN 1      0                         0      0        0
..................................................................


WIND (MPH)
  HIGHEST WIND SPEED    44   HIGHEST WIND DIRECTION     N (340)
  HIGHEST GUST SPEED    54   HIGHEST GUST DIRECTION     N (340)
  AVERAGE WIND SPEED    27.1


SKY COVER
  POSSIBLE SUNSHINE  MM
  AVERAGE SKY COVER 0.5


WEATHER CONDITIONS
 THE FOLLOWING WEATHER WAS RECORDED YESTERDAY.
  LIGHT SNOW


RELATIVE HUMIDITY (PERCENT)
 HIGHEST    69           300 AM
 LOWEST     51           300 PM
 AVERAGE    60

..........................................................


THE NORFOLK, NEBRASKA CLIMATE NORMALS FOR TODAY
                         NORMAL    RECORD    YEAR
 MAXIMUM TEMPERATURE (F)   35        68      1954
 MINIMUM TEMPERATURE (F)   15       -32      1899


SUNRISE AND SUNSET
FEBRUARY  9 2016......SUNRISE   734 AM CST   SUNSET   554 PM CST
FEBRUARY 10 2016......SUNRISE   733 AM CST   SUNSET   556 PM CST


-  INDICATES NEGATIVE NUMBERS.
R  INDICATES RECORD WAS SET OR TIED.
MM INDICATES DATA IS MISSING.
T  INDICATES TRACE AMOUNT.




$$
