000
CDUS43 KOAX 300626
CLIOFK


CLIMATE REPORT
NATIONAL WEATHER SERVICE OMAHA NEBRASKA
123 AM CDT MON MAY 30 2016


...................................

...THE NORFOLK, NEBRASKA CLIMATE SUMMARY FOR MAY 29 2016...

CLIMATE NORMAL PERIOD 1981 TO 2010
CLIMATE RECORD PERIOD 1888 TO 2016


WEATHER ITEM   OBSERVED TIME   RECORD YEAR NORMAL DEPARTURE LAST
                VALUE   (LST)  VALUE       VALUE  FROM      YEAR
                                                  NORMAL
..................................................................
TEMPERATURE (F)
 YESTERDAY
  MAXIMUM         81    522 PM 106    1934  76      5       77
  MINIMUM         53    257 AM  25    1947  53      0       50
  AVERAGE         67                        65      2       64

PRECIPITATION (IN)
  YESTERDAY        0.00          1.74 1903   0.14  -0.14     0.02
  MONTH TO DATE    6.04                      3.64   2.40     3.32
  SINCE MAR 1     13.66                      8.06   5.60     6.08
  SINCE JAN 1     15.81                      9.41   6.40     6.96

SNOWFALL (IN)
  YESTERDAY        0.0                       0.0    0.0      0.0
  MONTH TO DATE    0.0                       0.3   -0.3      0.0
  SINCE JUL 1     53.0                      30.8   22.2     20.7
  SNOW DEPTH       0

DEGREE DAYS
 HEATING
  YESTERDAY        0                         3     -3        1
  MONTH TO DATE  193                       183     10      170
  SINCE MAR 1   1275                      1513   -238     1224
  SINCE JUL 1   5576                      6606  -1030     6270

 COOLING
  YESTERDAY        2                         3     -1        0
  MONTH TO DATE   30                        44    -14       28
  SINCE MAR 1     30                        56    -26       33
  SINCE JAN 1     30                        56    -26       33
..................................................................


WIND (MPH)
  HIGHEST WIND SPEED    13   HIGHEST WIND DIRECTION    SW (230)
  HIGHEST GUST SPEED    16   HIGHEST GUST DIRECTION    SW (220)
  AVERAGE WIND SPEED     3.5


SKY COVER
  POSSIBLE SUNSHINE  MM
  AVERAGE SKY COVER 0.2


WEATHER CONDITIONS
 THE FOLLOWING WEATHER WAS RECORDED YESTERDAY.
  THUNDERSTORM


RELATIVE HUMIDITY (PERCENT)
 HIGHEST    93          1200 AM
 LOWEST     42           400 PM
 AVERAGE    68

..........................................................


THE NORFOLK, NEBRASKA CLIMATE NORMALS FOR TODAY
                         NORMAL    RECORD    YEAR
 MAXIMUM TEMPERATURE (F)   77       105      1934
 MINIMUM TEMPERATURE (F)   53        35      1947
                                             1897


SUNRISE AND SUNSET
MAY 30 2016...........SUNRISE   557 AM CDT   SUNSET   858 PM CDT
MAY 31 2016...........SUNRISE   557 AM CDT   SUNSET   858 PM CDT


-  INDICATES NEGATIVE NUMBERS.
R  INDICATES RECORD WAS SET OR TIED.
MM INDICATES DATA IS MISSING.
T  INDICATES TRACE AMOUNT.


$$

BCM
