000
CDUS42 KCAE 230615
CLIOGB


CLIMATE REPORT
NATIONAL WEATHER SERVICE COLUMBIA SC
215 AM EDT TUE SEP 23 2014


...................................

...THE ORANGEBURG AIRPORT SC CLIMATE SUMMARY FOR SEPTEMBER 22 2014...

CLIMATE NORMAL PERIOD 1981 TO 2010
CLIMATE RECORD PERIOD 9999 TO 9999


WEATHER ITEM   OBSERVED TIME   RECORD YEAR NORMAL DEPARTURE LAST
                VALUE   (LST)  VALUE       VALUE  FROM      YEAR
                                                  NORMAL
..................................................................
TEMPERATURE (F)
 YESTERDAY
  MAXIMUM         77   1031 AM  MM      MM  84     -7       84
  MINIMUM         65   1159 PM  MM      MM  63      2       65
  AVERAGE         71                        73     -2       75

PRECIPITATION (IN)
  YESTERDAY        0.43         MM      MM   0.12   0.31     0.01
  MONTH TO DATE    3.35                      2.76   0.59     0.88
  SINCE SEP 1      3.35                      2.76   0.59     0.88
  SINCE JAN 1     38.37                     36.07   2.30    48.19

DEGREE DAYS
 HEATING
  YESTERDAY        0                         0      0        0
  MONTH TO DATE    0                         0      0        0
  SINCE SEP 1      0                         0      0        0
  SINCE JUL 1      0                         0      0        0

 COOLING
  YESTERDAY        6                         9     -3       10
  MONTH TO DATE  294                       243     51      280
  SINCE SEP 1    294                       243     51      280
  SINCE JAN 1   2085                      1936    149     1872
..................................................................


WIND (MPH)
  HIGHEST WIND SPEED    13   HIGHEST WIND DIRECTION     E (70)
  HIGHEST GUST SPEED    18   HIGHEST GUST DIRECTION     E (80)
  AVERAGE WIND SPEED     5.6


SKY COVER
  AVERAGE SKY COVER 0.8


WEATHER CONDITIONS
 THE FOLLOWING WEATHER WAS RECORDED YESTERDAY.
  THUNDERSTORM
  RAIN
  LIGHT RAIN
  FOG


RELATIVE HUMIDITY (PERCENT)
 HIGHEST    87           400 PM
 LOWEST     50          1100 AM

..........................................................


THE ORANGEBURG AIRPORT SC CLIMATE NORMALS FOR TODAY
                         NORMAL    RECORD    YEAR
 MAXIMUM TEMPERATURE (F)   84        MM        MM
 MINIMUM TEMPERATURE (F)   62        MM        MM


SUNRISE AND SUNSET
SEPTEMBER 23 2014.....SUNRISE   712 AM EDT   SUNSET   719 PM EDT
SEPTEMBER 24 2014.....SUNRISE   713 AM EDT   SUNSET   717 PM EDT


-  INDICATES NEGATIVE NUMBERS.
R  INDICATES RECORD WAS SET OR TIED.
MM INDICATES DATA IS MISSING.
T  INDICATES TRACE AMOUNT.




$$
