000
CDUS42 KCAE 270643
CLIOGB


CLIMATE REPORT
NATIONAL WEATHER SERVICE COLUMBIA SC
243 AM EDT FRI MAR 27 2015


...................................

...THE ORANGEBURG AIRPORT SC CLIMATE SUMMARY FOR MARCH 26 2015...

CLIMATE NORMAL PERIOD 1981 TO 2010
CLIMATE RECORD PERIOD 9999 TO 9999


WEATHER ITEM   OBSERVED TIME   NORMAL DEPARTURE LAST
                VALUE   (LST)  VALUE  FROM      YEAR
                                      NORMAL
......................................................
TEMPERATURE (F)
 YESTERDAY
  MAXIMUM         78    318 PM  72      6       55
  MINIMUM         61    551 AM  47     14       29
  AVERAGE         70            59     11       42

PRECIPITATION (IN)
  YESTERDAY        0.00          0.14  -0.14     0.00
  MONTH TO DATE    2.84          3.36  -0.52     2.57
  SINCE MAR 1      2.84          3.36  -0.52     2.57
  SINCE JAN 1      9.69         10.93  -1.24     8.49

DEGREE DAYS
 HEATING
  YESTERDAY        0             7     -7       23
  MONTH TO DATE  152           247    -95      349
  SINCE MAR 1    152           247    -95      349
  SINCE JUL 1   2226          2179     47     2213

 COOLING
  YESTERDAY        5             1      4        0
  MONTH TO DATE   26            18      8        0
  SINCE MAR 1     26            18      8        0
  SINCE JAN 1     26            21      5        6
......................................................


WIND (MPH)
  HIGHEST WIND SPEED    18   HIGHEST WIND DIRECTION    SW (220)
  HIGHEST GUST SPEED    23   HIGHEST GUST DIRECTION    SW (230)
  AVERAGE WIND SPEED     9.2


SKY COVER
  AVERAGE SKY COVER 0.6


WEATHER CONDITIONS
 THE FOLLOWING WEATHER WAS RECORDED YESTERDAY.
  FOG


RELATIVE HUMIDITY (PERCENT)
 HIGHEST    97           500 AM
 LOWEST     42           300 PM

..........................................................


THE ORANGEBURG AIRPORT SC CLIMATE NORMALS FOR TODAY
                         NORMAL    RECORD    YEAR
 MAXIMUM TEMPERATURE (F)   72        MM        MM
 MINIMUM TEMPERATURE (F)   47        MM        MM


SUNRISE AND SUNSET
MARCH 27 2015.........SUNRISE   718 AM EDT   SUNSET   740 PM EDT
MARCH 28 2015.........SUNRISE   717 AM EDT   SUNSET   741 PM EDT


-  INDICATES NEGATIVE NUMBERS.
R  INDICATES RECORD WAS SET OR TIED.
MM INDICATES DATA IS MISSING.
T  INDICATES TRACE AMOUNT.




$$
