000
CDUS42 KCAE 230526
CLIOGB


CLIMATE REPORT
NATIONAL WEATHER SERVICE COLUMBIA SC
125 AM EDT THU OCT 23 2014


...................................

...THE ORANGEBURG AIRPORT SC CLIMATE SUMMARY FOR OCTOBER 22 2014...

CLIMATE NORMAL PERIOD 1981 TO 2010
CLIMATE RECORD PERIOD 9999 TO 9999


WEATHER ITEM   OBSERVED TIME   RECORD YEAR NORMAL DEPARTURE LAST
                VALUE   (LST)  VALUE       VALUE  FROM      YEAR
                                                  NORMAL
..................................................................
TEMPERATURE (F)
 YESTERDAY
  MAXIMUM         69    137 PM  MM      MM  75     -6       70
  MINIMUM         48    654 AM  MM      MM  51     -3       59
  AVERAGE         59                        63     -4       65

PRECIPITATION (IN)
  YESTERDAY        0.00         MM      MM   0.09  -0.09     0.01
  MONTH TO DATE    1.27                      2.73  -1.46     0.41
  SINCE SEP 1      5.13                      6.52  -1.39     2.01
  SINCE JAN 1     40.15                     39.83   0.32    49.32

DEGREE DAYS
 HEATING
  YESTERDAY        6                         4      2        0
  MONTH TO DATE   32                        43    -11        3
  SINCE SEP 1     36                        47    -11        3
  SINCE JUL 1     36                        47    -11        3

 COOLING
  YESTERDAY        0                         2     -2        0
  MONTH TO DATE  105                        79     26      115
  SINCE SEP 1    436                       380     56      429
  SINCE JAN 1   2227                      2073    154     2021
..................................................................


WIND (MPH)
  HIGHEST WIND SPEED    15   HIGHEST WIND DIRECTION     N (20)
  HIGHEST GUST SPEED    19   HIGHEST GUST DIRECTION     N (340)
  AVERAGE WIND SPEED     5.4


SKY COVER
  AVERAGE SKY COVER 0.0


WEATHER CONDITIONS
 THE FOLLOWING WEATHER WAS RECORDED YESTERDAY.
  NO SIGNIFICANT WEATHER WAS OBSERVED.


RELATIVE HUMIDITY (PERCENT)
 HIGHEST    86           900 PM
 LOWEST     35           200 PM

..........................................................


THE ORANGEBURG AIRPORT SC CLIMATE NORMALS FOR TODAY
                         NORMAL    RECORD    YEAR
 MAXIMUM TEMPERATURE (F)   75        MM        MM
 MINIMUM TEMPERATURE (F)   51        MM        MM


SUNRISE AND SUNSET
OCTOBER 23 2014.......SUNRISE   734 AM EDT   SUNSET   641 PM EDT
OCTOBER 24 2014.......SUNRISE   735 AM EDT   SUNSET   639 PM EDT


-  INDICATES NEGATIVE NUMBERS.
R  INDICATES RECORD WAS SET OR TIED.
MM INDICATES DATA IS MISSING.
T  INDICATES TRACE AMOUNT.




$$
