000
CDHW42 PHFO 230232
CLIOGG


CLIMATE REPORT
NATIONAL WEATHER SERVICE HONOLULU HI
431 PM HST SUN OCT 22 2017


...................................

...THE KAHULUI HI CLIMATE SUMMARY FOR OCTOBER 22 2017...
VALID TODAY AS OF 0400 PM LOCAL TIME.

CLIMATE NORMAL PERIOD 1981 TO 2010
CLIMATE RECORD PERIOD 1946 TO 2017


WEATHER ITEM   OBSERVED TIME   RECORD YEAR NORMAL DEPARTURE LAST
                VALUE   (LST)  VALUE       VALUE  FROM      YEAR
                                                  NORMAL
..................................................................
TEMPERATURE (F)
 TODAY
  MAXIMUM         92    316 PM  95    1953  87      5       85
  MINIMUM         66    556 AM  62    1998  69     -3       72
  AVERAGE         79                        78      1       79

PRECIPITATION (IN)
  TODAY            0.00          0.25 1958   0.05  -0.05     0.17
  MONTH TO DATE    0.38                      0.76  -0.38     0.47
  SINCE SEP 1      0.44                      1.14  -0.70     1.71
  SINCE JAN 1     15.54                     11.84   3.70    11.52

SNOWFALL (IN)
  TODAY            0.0
  MONTH TO DATE    0.0
  SINCE SEP 1      0.0
  SINCE JUL 1      0.0
  SNOW DEPTH      MM

DEGREE DAYS
 HEATING
  TODAY            0                         0      0        0
  MONTH TO DATE    0                         0      0        0
  SINCE SEP 1      0                         0      0        0
  SINCE JUL 1      0                         0      0        0

 COOLING
  TODAY           14                        13      1       14
  MONTH TO DATE  294                       295     -1      334
  SINCE SEP 1    758                       721     37      822
  SINCE JAN 1   3522                      3263    259     3723
..................................................................


WIND (MPH)
  HIGHEST WIND SPEED    13   HIGHEST WIND DIRECTION     N (20)
  HIGHEST GUST SPEED    18   HIGHEST GUST DIRECTION     N (340)
  AVERAGE WIND SPEED    MM


SKY COVER
  POSSIBLE SUNSHINE  MM
  AVERAGE SKY COVER  MM


WEATHER CONDITIONS
 THE FOLLOWING WEATHER WAS RECORDED TODAY.
  NO SIGNIFICANT WEATHER WAS OBSERVED.


RELATIVE HUMIDITY (PERCENT)
 HIGHEST    MM
 LOWEST     MM
 AVERAGE    MM

..........................................................


THE KAHULUI HI CLIMATE NORMALS FOR TOMORROW
                         NORMAL    RECORD    YEAR
 MAXIMUM TEMPERATURE (F)   86        93      1984
 MINIMUM TEMPERATURE (F)   69        61      1975


SUNRISE AND SUNSET
OCTOBER 22 2017.......SUNRISE   624 AM HST   SUNSET   556 PM HST
OCTOBER 23 2017.......SUNRISE   624 AM HST   SUNSET   555 PM HST


-  INDICATES NEGATIVE NUMBERS.
R  INDICATES RECORD WAS SET OR TIED.
MM INDICATES DATA IS MISSING.
T  INDICATES TRACE AMOUNT.




$$
