000
CDHW42 PHFO 301245
CLIOGG


CLIMATE REPORT
NATIONAL WEATHER SERVICE HONOLULU HI
245 AM HST TUE SEP 30 2014


...................................

...THE KAHULUI HI CLIMATE SUMMARY FOR SEPTEMBER 29 2014...

CLIMATE NORMAL PERIOD 1981 TO 2010
CLIMATE RECORD PERIOD 1946 TO 2014


WEATHER ITEM   OBSERVED TIME   RECORD YEAR NORMAL DEPARTURE LAST
                VALUE   (LST)  VALUE       VALUE  FROM      YEAR
                                                  NORMAL
..................................................................
TEMPERATURE (F)
 YESTERDAY
  MAXIMUM         89    327 PM  94    1951  88      1       87
  MINIMUM         70    537 AM  62    1949  70      0       70
  AVERAGE         80                        79      1       79

PRECIPITATION (IN)
  YESTERDAY        0.00          0.17 1987   0.01  -0.01     0.00
  MONTH TO DATE    0.70                      0.36   0.34     0.25
  SINCE SEP 1      0.70                      0.36   0.34     0.25
  SINCE JAN 1     16.35                     11.06   5.29     8.91

SNOWFALL (IN)
  YESTERDAY        0.0
  MONTH TO DATE    0.0
  SINCE SEP 1      0.0
  SINCE JUL 1      0.0
  SNOW DEPTH      MM

DEGREE DAYS
 HEATING
  YESTERDAY        0                         0      0        0
  MONTH TO DATE    0                         0      0        0
  SINCE SEP 1      0                         0      0        0
  SINCE JUL 1      0                         0      0        0

 COOLING
  YESTERDAY       15                        14      1       14
  MONTH TO DATE  460                       408     52      449
  SINCE SEP 1    460                       408     52      449
  SINCE JAN 1   3348                      2950    398     3236
..................................................................


WIND (MPH)
  HIGHEST WIND SPEED    18   HIGHEST WIND DIRECTION    NE (40)
  HIGHEST GUST SPEED    22   HIGHEST GUST DIRECTION    NE (40)
  AVERAGE WIND SPEED     4.9


SKY COVER
  POSSIBLE SUNSHINE  MM
  AVERAGE SKY COVER 0.5


WEATHER CONDITIONS
 THE FOLLOWING WEATHER WAS RECORDED YESTERDAY.
  FOG
  HAZE


RELATIVE HUMIDITY (PERCENT)
 HIGHEST    90           300 AM
 LOWEST     52           100 PM
 AVERAGE    71

..........................................................


THE KAHULUI HI CLIMATE NORMALS FOR TODAY
                         NORMAL    RECORD    YEAR
 MAXIMUM TEMPERATURE (F)   88        93      1980
 MINIMUM TEMPERATURE (F)   70        62      1962


SUNRISE AND SUNSET
SEPTEMBER 30 2014.....SUNRISE   617 AM HST   SUNSET   614 PM HST
OCTOBER  1 2014.......SUNRISE   617 AM HST   SUNSET   613 PM HST


-  INDICATES NEGATIVE NUMBERS.
R  INDICATES RECORD WAS SET OR TIED.
MM INDICATES DATA IS MISSING.
T  INDICATES TRACE AMOUNT.




$$
