000
CDHW42 PHFO 210325
CLIOGG


CLIMATE REPORT
NATIONAL WEATHER SERVICE HONOLULU HI
524 PM HST FRI JAN 20 2017


...................................

...THE KAHULUI HI CLIMATE SUMMARY FOR JANUARY 20 2017...
VALID TODAY AS OF 0500 PM LOCAL TIME.

CLIMATE NORMAL PERIOD 1981 TO 2010
CLIMATE RECORD PERIOD 1946 TO 2017


WEATHER ITEM   OBSERVED TIME   RECORD YEAR NORMAL DEPARTURE LAST
                VALUE   (LST)  VALUE       VALUE  FROM      YEAR
                                                  NORMAL
..................................................................
TEMPERATURE (F)
 TODAY
  MAXIMUM         82   1235 PM  88    2012  81      1       81
  MINIMUM         61    706 AM  48    1969  63     -2       60
  AVERAGE         72                        72      0       71

PRECIPITATION (IN)
  TODAY            0.00          4.68 1952   0.09  -0.09     0.06
  MONTH TO DATE    0.06                      1.90  -1.84     0.54
  SINCE DEC 1      6.65                      5.25   1.40     1.27
  SINCE JAN 1      0.06                      1.90  -1.84     0.54

SNOWFALL (IN)
  TODAY            0.0
  MONTH TO DATE    0.0
  SINCE DEC 1      0.0
  SINCE JUL 1      0.0
  SNOW DEPTH       0

DEGREE DAYS
 HEATING
  TODAY            0                         0      0        0
  MONTH TO DATE    0                         0      0        0
  SINCE DEC 1      0                         0      0        0
  SINCE JUL 1      0                         0      0        0

 COOLING
  TODAY            7                         7      0        6
  MONTH TO DATE  144                       140      4      139
  SINCE DEC 1    439                       399     40      454
  SINCE JAN 1    144                       140      4      139
..................................................................


WIND (MPH)
  HIGHEST WIND SPEED    17   HIGHEST WIND DIRECTION    NE (40)
  HIGHEST GUST SPEED    20   HIGHEST GUST DIRECTION    NE (40)
  AVERAGE WIND SPEED     7.1


SKY COVER
  POSSIBLE SUNSHINE  MM
  AVERAGE SKY COVER 0.4


WEATHER CONDITIONS
 THE FOLLOWING WEATHER WAS RECORDED TODAY.
  NO SIGNIFICANT WEATHER WAS OBSERVED.


RELATIVE HUMIDITY (PERCENT)
 HIGHEST    84           400 AM
 LOWEST     56           300 PM
 AVERAGE    70

..........................................................


THE KAHULUI HI CLIMATE NORMALS FOR TOMORROW
                         NORMAL    RECORD    YEAR
 MAXIMUM TEMPERATURE (F)   81        87      1996
                                             1984
 MINIMUM TEMPERATURE (F)   63        50      1972


SUNRISE AND SUNSET
JANUARY 20 2017.......SUNRISE   705 AM HST   SUNSET   609 PM HST
JANUARY 21 2017.......SUNRISE   705 AM HST   SUNSET   610 PM HST


-  INDICATES NEGATIVE NUMBERS.
R  INDICATES RECORD WAS SET OR TIED.
MM INDICATES DATA IS MISSING.
T  INDICATES TRACE AMOUNT.




$$
