000
CDHW42 PHFO 241245
CLIOGG


CLIMATE REPORT
NATIONAL WEATHER SERVICE HONOLULU HI
245 AM HST WED MAY 24 2017


...................................

...THE KAHULUI HI CLIMATE SUMMARY FOR MAY 23 2017...

CLIMATE NORMAL PERIOD 1981 TO 2010
CLIMATE RECORD PERIOD 1946 TO 2017


WEATHER ITEM   OBSERVED TIME   RECORD YEAR NORMAL DEPARTURE LAST
                VALUE   (LST)  VALUE       VALUE  FROM      YEAR
                                                  NORMAL
..................................................................
TEMPERATURE (F)
 YESTERDAY
  MAXIMUM         84   1200 PM  92    1996  85     -1       85
  MINIMUM         71    641 AM  60    1951  68      3       67
  AVERAGE         78                        76      2       76

PRECIPITATION (IN)
  YESTERDAY        0.04          0.74 1978   0.01   0.03     0.00
  MONTH TO DATE    0.08                      0.63  -0.55     2.43
  SINCE MAR 1     11.99                      4.63   7.36     5.58
  SINCE JAN 1     14.47                      9.39   5.08     7.13

SNOWFALL (IN)
  YESTERDAY        0.0
  MONTH TO DATE    0.0
  SINCE MAR 1      0.0
  SINCE JUL 1      0.0
  SNOW DEPTH      MM

DEGREE DAYS
 HEATING
  YESTERDAY        0                         0      0        0
  MONTH TO DATE    0                         0      0        0
  SINCE MAR 1      0                         0      0        0
  SINCE JUL 1      0                         0      0        0

 COOLING
  YESTERDAY       13                        11      2       11
  MONTH TO DATE  270                       240     30      290
  SINCE MAR 1    803                       757     46      927
  SINCE JAN 1   1274                      1166    108     1395
..................................................................


WIND (MPH)
  HIGHEST WIND SPEED    26   HIGHEST WIND DIRECTION    NE (40)
  HIGHEST GUST SPEED    33   HIGHEST GUST DIRECTION    NE (40)
  AVERAGE WIND SPEED    14.4


SKY COVER
  POSSIBLE SUNSHINE  MM
  AVERAGE SKY COVER  MM


WEATHER CONDITIONS
 THE FOLLOWING WEATHER WAS RECORDED YESTERDAY.
  FOG
  HAZE


RELATIVE HUMIDITY (PERCENT)
 HIGHEST    MM
 LOWEST     MM
 AVERAGE    MM

..........................................................


THE KAHULUI HI CLIMATE NORMALS FOR TODAY
                         NORMAL    RECORD    YEAR
 MAXIMUM TEMPERATURE (F)   85        90      2013
                                             1968
                                             1952
 MINIMUM TEMPERATURE (F)   68        58      1952


SUNRISE AND SUNSET
MAY 24 2017...........SUNRISE   545 AM HST   SUNSET   700 PM HST
MAY 25 2017...........SUNRISE   545 AM HST   SUNSET   701 PM HST


-  INDICATES NEGATIVE NUMBERS.
R  INDICATES RECORD WAS SET OR TIED.
MM INDICATES DATA IS MISSING.
T  INDICATES TRACE AMOUNT.




$$
