000
CDHW42 PHFO 220234
CLIOGG


CLIMATE REPORT
NATIONAL WEATHER SERVICE HONOLULU HI
434 PM HST THU AUG 21 2014


...................................

...THE KAHULUI HI CLIMATE SUMMARY FOR AUGUST 21 2014...
VALID TODAY AS OF 0400 PM LOCAL TIME.

CLIMATE NORMAL PERIOD 1981 TO 2010
CLIMATE RECORD PERIOD 1946 TO 2014


WEATHER ITEM   OBSERVED TIME   RECORD YEAR NORMAL DEPARTURE LAST
                VALUE   (LST)  VALUE       VALUE  FROM      YEAR
                                                  NORMAL
..................................................................
TEMPERATURE (F)
 TODAY
  MAXIMUM         91    247 PM  94    1951  88      3       92
  MINIMUM         73    544 AM  61    2005  71      2       68
  AVERAGE         82                        80      2       80

PRECIPITATION (IN)
  TODAY            0.10          0.80 1978   0.01   0.09     0.00
  MONTH TO DATE    0.40                      0.36   0.04     0.53
  SINCE JUN 1      1.62                      1.06   0.56     1.66
  SINCE JAN 1     15.58                     10.56   5.02     8.65

SNOWFALL (IN)
  TODAY            0.0
  MONTH TO DATE    0.0
  SINCE JUN 1      0.0
  SINCE JUL 1      0.0
  SNOW DEPTH       0

DEGREE DAYS
 HEATING
  TODAY            0                         0      0        0
  MONTH TO DATE    0                         0      0        0
  SINCE JUN 1      0                         0      0        0
  SINCE JUL 1      0                         0      0        0

 COOLING
  TODAY           17                        15      2       15
  MONTH TO DATE  340                       315     25      328
  SINCE JUN 1   1238                      1142     96     1246
  SINCE JAN 1   2734                      2401    333     2630
..................................................................


WIND (MPH)
  HIGHEST WIND SPEED    26   HIGHEST WIND DIRECTION    NE (40)
  HIGHEST GUST SPEED    33   HIGHEST GUST DIRECTION    NE (40)
  AVERAGE WIND SPEED    12.6


SKY COVER
  POSSIBLE SUNSHINE  MM
  AVERAGE SKY COVER 0.7


WEATHER CONDITIONS
 THE FOLLOWING WEATHER WAS RECORDED TODAY.
  RAIN
  LIGHT RAIN
  FOG


RELATIVE HUMIDITY (PERCENT)
 HIGHEST    93           300 AM
 LOWEST     47           100 PM
 AVERAGE    70

..........................................................


THE KAHULUI HI CLIMATE NORMALS FOR TOMORROW
                         NORMAL    RECORD    YEAR
 MAXIMUM TEMPERATURE (F)   88        92      2013
                                             1987
                                             1949
 MINIMUM TEMPERATURE (F)   71        61      1976


SUNRISE AND SUNSET
AUGUST 21 2014........SUNRISE   607 AM HST   SUNSET   651 PM HST
AUGUST 22 2014........SUNRISE   607 AM HST   SUNSET   650 PM HST


-  INDICATES NEGATIVE NUMBERS.
R  INDICATES RECORD WAS SET OR TIED.
MM INDICATES DATA IS MISSING.
T  INDICATES TRACE AMOUNT.




$$
