000
CDUS43 KEAX 290639
CLIOJC


CLIMATE REPORT
NATIONAL WEATHER SERVICE KANSAS CITY/PLEASANT HILL MO
139 AM CDT THU SEP 29 2016


...................................

...THE JOHNSON COUNTY EXECUTIVE KS CLIMATE SUMMARY FOR SEPTEMBER 28 2016...

CLIMATE NORMAL PERIOD 1981 TO 2010
CLIMATE RECORD PERIOD 9999 TO 9999


WEATHER ITEM   OBSERVED TIME   NORMAL DEPARTURE LAST
                VALUE   (LST)  VALUE  FROM      YEAR
                                      NORMAL
......................................................
TEMPERATURE (F)
 YESTERDAY
  MAXIMUM         67    410 PM  74     -7       81
  MINIMUM         53   1159 PM  54     -1       57
  AVERAGE         60            64     -4       69

PRECIPITATION (IN)
  YESTERDAY        0.00          0.12  -0.12     0.00
  MONTH TO DATE    3.37          4.27  -0.90     2.67
  SINCE SEP 1      3.37          4.27  -0.90     2.67
  SINCE JAN 1     33.25         32.23   1.02    36.06

DEGREE DAYS
 HEATING
  YESTERDAY        5             4      1        0
  MONTH TO DATE   12            38    -26       13
  SINCE SEP 1     12            38    -26       13
  SINCE JUL 1     12            39    -27       15

 COOLING
  YESTERDAY        0             3     -3        4
  MONTH TO DATE  194           152     42      212
  SINCE SEP 1    194           152     42      212
  SINCE JAN 1   1413          1317     96     1330
......................................................


WIND (MPH)
  HIGHEST WIND SPEED    22   HIGHEST WIND DIRECTION    NE (30)
  HIGHEST GUST SPEED    26   HIGHEST GUST DIRECTION     N (20)
  AVERAGE WIND SPEED    10.2


SKY COVER
  AVERAGE SKY COVER 0.1


WEATHER CONDITIONS
 THE FOLLOWING WEATHER WAS RECORDED YESTERDAY.
  NO SIGNIFICANT WEATHER WAS OBSERVED.


RELATIVE HUMIDITY (PERCENT)
 HIGHEST    80           500 AM
 LOWEST     48           900 AM
 AVERAGE    64

..........................................................


THE JOHNSON COUNTY EXECUTIVE KS CLIMATE NORMALS FOR TODAY
                         NORMAL
 MAXIMUM TEMPERATURE (F)   73
 MINIMUM TEMPERATURE (F)   53


SUNRISE AND SUNSET
SEPTEMBER 29 2016.....SUNRISE   713 AM CDT   SUNSET   704 PM CDT
SEPTEMBER 30 2016.....SUNRISE   714 AM CDT   SUNSET   702 PM CDT


-  INDICATES NEGATIVE NUMBERS.
R  INDICATES RECORD WAS SET OR TIED.
MM INDICATES DATA IS MISSING.
T  INDICATES TRACE AMOUNT.




$$
