000
CDUS43 KEAX 260639
CLIOJC


CLIMATE REPORT
NATIONAL WEATHER SERVICE KANSAS CITY/PLEASANT HILL MO
1238 AM CST MON JAN 26 2015


...................................

...THE JOHNSON COUNTY EXECUTIVE KS CLIMATE SUMMARY FOR JANUARY 25 2015...

CLIMATE NORMAL PERIOD 1981 TO 2010
CLIMATE RECORD PERIOD 9999 TO 9999


WEATHER ITEM   OBSERVED TIME   NORMAL DEPARTURE LAST
                VALUE   (LST)  VALUE  FROM      YEAR
                                      NORMAL
......................................................
TEMPERATURE (F)
 YESTERDAY
  MAXIMUM         47    237 AM  40      7       46
  MINIMUM         29   1159 PM  21      8       26
  AVERAGE         38            30      8       36

PRECIPITATION (IN)
  YESTERDAY        0.04          0.04   0.00     0.00
  MONTH TO DATE    0.16          0.81  -0.65     0.03
  SINCE DEC 1      2.27          2.45  -0.18     0.38
  SINCE JAN 1      0.16          0.81  -0.65     0.03

DEGREE DAYS
 HEATING
  YESTERDAY       27            35     -8       29
  MONTH TO DATE  868           875     -7      983
  SINCE DEC 1   1779          1885   -106     2088
  SINCE JUL 1   2837          2840     -3     3148

 COOLING
  YESTERDAY        0             0      0        0
  MONTH TO DATE    0             0      0        0
  SINCE DEC 1      0             0      0        0
  SINCE JAN 1      0             0      0        0
......................................................


WIND (MPH)
  HIGHEST WIND SPEED    26   HIGHEST WIND DIRECTION    NW (310)
  HIGHEST GUST SPEED    37   HIGHEST GUST DIRECTION     N (340)
  AVERAGE WIND SPEED    13.4


SKY COVER
  AVERAGE SKY COVER 0.9


WEATHER CONDITIONS
 THE FOLLOWING WEATHER WAS RECORDED YESTERDAY.
  LIGHT RAIN
  FOG


RELATIVE HUMIDITY (PERCENT)
 HIGHEST    86          1200 AM
 LOWEST     70           600 PM
 AVERAGE    78

..........................................................


THE JOHNSON COUNTY EXECUTIVE KS CLIMATE NORMALS FOR TODAY
                         NORMAL
 MAXIMUM TEMPERATURE (F)   40
 MINIMUM TEMPERATURE (F)   21


SUNRISE AND SUNSET
JANUARY 26 2015.......SUNRISE   730 AM CST   SUNSET   533 PM CST
JANUARY 27 2015.......SUNRISE   729 AM CST   SUNSET   534 PM CST


-  INDICATES NEGATIVE NUMBERS.
R  INDICATES RECORD WAS SET OR TIED.
MM INDICATES DATA IS MISSING.
T  INDICATES TRACE AMOUNT.




$$
