212
CDUS43 KEAX 142226
CLIOJC


CLIMATE REPORT
NATIONAL WEATHER SERVICE KANSAS CITY/PLEASANT HILL MO
425 PM CST SUN FEB 14 2016


...................................

...THE JOHNSON COUNTY EXECUTIVE KS CLIMATE SUMMARY FOR FEBRUARY 14 2016...
VALID AS OF 0400 PM LOCAL TIME.

CLIMATE NORMAL PERIOD 1981 TO 2010
CLIMATE RECORD PERIOD 9999 TO 9999


WEATHER ITEM   OBSERVED TIME   NORMAL DEPARTURE LAST
                VALUE   (LST)  VALUE  FROM      YEAR
                                      NORMAL
......................................................
TEMPERATURE (F)
 TODAY
  MAXIMUM         48    259 PM  44      4       42
  MINIMUM         22    156 AM  25     -3       17
  AVERAGE         35            34      1       30

PRECIPITATION (IN)
  TODAY            0.01          0.05  -0.04     0.00
  MONTH TO DATE    0.42          0.78  -0.36     0.29
  SINCE DEC 1      5.00          3.54   1.46     3.17
  SINCE JAN 1      1.20          1.90  -0.70     1.06

DEGREE DAYS
 HEATING
  TODAY           30            31     -1       35
  MONTH TO DATE  445           451     -6      450
  SINCE DEC 1   2284          2544   -260     2365
  SINCE JUL 1   3059          3499   -440     3423

 COOLING
  TODAY            0             0      0        0
  MONTH TO DATE    0             0      0        0
  SINCE DEC 1      0             0      0        0
  SINCE JAN 1      0             0      0        0
......................................................


WIND (MPH)
  HIGHEST WIND SPEED    16   HIGHEST WIND DIRECTION    SE (120)
  HIGHEST GUST SPEED    23   HIGHEST GUST DIRECTION     E (100)
  AVERAGE WIND SPEED     9.1


SKY COVER
  AVERAGE SKY COVER 0.2


WEATHER CONDITIONS
 THE FOLLOWING WEATHER WAS RECORDED TODAY.
  SLEET


RELATIVE HUMIDITY (PERCENT)
 HIGHEST    88           800 AM
 LOWEST     44           200 AM
 AVERAGE    66

..........................................................


THE JOHNSON COUNTY EXECUTIVE KS CLIMATE NORMALS FOR TOMORROW
                         NORMAL
 MAXIMUM TEMPERATURE (F)   44
 MINIMUM TEMPERATURE (F)   25


SUNRISE AND SUNSET
FEBRUARY 14 2016......SUNRISE   712 AM CST   SUNSET   555 PM CST
FEBRUARY 15 2016......SUNRISE   711 AM CST   SUNSET   556 PM CST


-  INDICATES NEGATIVE NUMBERS.
R  INDICATES RECORD WAS SET OR TIED.
MM INDICATES DATA IS MISSING.
T  INDICATES TRACE AMOUNT.




$$
