000
CDUS43 KEAX 070034
CLIOJC


CLIMATE REPORT
NATIONAL WEATHER SERVICE KANSAS CITY/PLEASANT HILL MO
733 PM CDT FRI MAY 6 2016


...................................

...THE JOHNSON COUNTY EXECUTIVE KS CLIMATE SUMMARY FOR MAY 6 2016...
VALID TODAY AS OF 0700 PM LOCAL TIME.

CLIMATE NORMAL PERIOD 1981 TO 2010
CLIMATE RECORD PERIOD 9999 TO 9999


WEATHER ITEM   OBSERVED TIME   NORMAL DEPARTURE LAST
                VALUE   (LST)  VALUE  FROM      YEAR
                                      NORMAL
......................................................
TEMPERATURE (F)
 TODAY
  MAXIMUM         79    431 PM  71      8       75
  MINIMUM         50    559 AM  52     -2       62
  AVERAGE         65            62      3       69

PRECIPITATION (IN)
  TODAY            0.00          0.19  -0.19     0.13
  MONTH TO DATE    T             1.15  -1.15     0.69
  SINCE MAR 1      6.59          7.77  -1.18     4.72
  SINCE JAN 1      7.84         10.46  -2.62     6.31

DEGREE DAYS
 HEATING
  TODAY            0             5     -5        0
  MONTH TO DATE   43            32     11        3
  SINCE MAR 1    706           970   -264      760
  SINCE JUL 1   4051          4863   -812     4795

 COOLING
  TODAY            0             1     -1        4
  MONTH TO DATE    0             6     -6       23
  SINCE MAR 1      6            24    -18       32
  SINCE JAN 1      6            24    -18       32
......................................................


WIND (MPH)
  HIGHEST WIND SPEED    14   HIGHEST WIND DIRECTION    SW (210)
  HIGHEST GUST SPEED    17   HIGHEST GUST DIRECTION    SW (220)
  AVERAGE WIND SPEED     6.2


SKY COVER
  AVERAGE SKY COVER 0.0


WEATHER CONDITIONS
 THE FOLLOWING WEATHER WAS RECORDED TODAY.
  NO SIGNIFICANT WEATHER WAS OBSERVED.


RELATIVE HUMIDITY (PERCENT)
 HIGHEST    71          1200 AM
 LOWEST     35           400 PM
 AVERAGE    53

..........................................................


THE JOHNSON COUNTY EXECUTIVE KS CLIMATE NORMALS FOR TOMORROW
                         NORMAL
 MAXIMUM TEMPERATURE (F)   72
 MINIMUM TEMPERATURE (F)   52


SUNRISE AND SUNSET
MAY  6 2016...........SUNRISE   615 AM CDT   SUNSET   817 PM CDT
MAY  7 2016...........SUNRISE   614 AM CDT   SUNSET   818 PM CDT


-  INDICATES NEGATIVE NUMBERS.
R  INDICATES RECORD WAS SET OR TIED.
MM INDICATES DATA IS MISSING.
T  INDICATES TRACE AMOUNT.




$$
