000
CDUS46 KSGX 281421
CLIOKB


CLIMATE REPORT
NATIONAL WEATHER SERVICE SAN DIEGO, CA
719 AM PDT SAT MAY 28 2016


...................................

...THE OCEANSIDE AIRPORT CA CLIMATE SUMMARY FOR MAY 27 2016...

CLIMATE NORMAL PERIOD 1981 TO 2010
CLIMATE RECORD PERIOD 1999 TO 2016


WEATHER ITEM   OBSERVED TIME   RECORD YEAR NORMAL DEPARTURE LAST
                VALUE   (LST)  VALUE       VALUE  FROM      YEAR
                                                  NORMAL
..................................................................
TEMPERATURE (F)
 YESTERDAY
  MAXIMUM         70    158 PM  75    2000  70      0       71
  MINIMUM         61    452 AM  47    2008  56      5       61
  AVERAGE         66                        63      3       66

PRECIPITATION (IN)
  YESTERDAY        0.00          0.02 2001   0.00   0.00     0.00
  MONTH TO DATE    0.54                      0.25   0.29     1.46
  SINCE OCT 1      7.12                     13.03  -5.91     7.38
  SINCE JAN 1      4.95                      9.15  -4.20     2.98

DEGREE DAYS
 HEATING
  YESTERDAY        0                         2     -2        0
  MONTH TO DATE   69                        99    -30       79
  SINCE MAR 1    432                       585   -153      329
  SINCE JUL 1   1600                      1993   -393     1203

 COOLING
  YESTERDAY        1                         0      1        1
  MONTH TO DATE    7                         0      7        2
  SINCE MAR 1     11                         3      8       36
  SINCE JAN 1     17                         3     14       36
..................................................................


WIND (MPH)
  RESULTANT WIND SPEED   4   RESULTANT WIND DIRECTION   W (270)
  HIGHEST WIND SPEED    15   HIGHEST WIND DIRECTION    SW (240)
  HIGHEST GUST SPEED    19   HIGHEST GUST DIRECTION     W (250)
  AVERAGE WIND SPEED     5.4


SKY COVER
  POSSIBLE SUNSHINE  MM
  AVERAGE SKY COVER 0.8


WEATHER CONDITIONS
 THE FOLLOWING WEATHER WAS RECORDED YESTERDAY.
  NO SIGNIFICANT WEATHER WAS OBSERVED.


RELATIVE HUMIDITY (PERCENT)
 HIGHEST    78           200 AM
 LOWEST     57           300 PM
 AVERAGE    68

..........................................................


THE OCEANSIDE AIRPORT CA CLIMATE NORMALS FOR TODAY
                         NORMAL    RECORD    YEAR
 MAXIMUM TEMPERATURE (F)   70        77      2000
 MINIMUM TEMPERATURE (F)   56        47      2008


SUNRISE AND SUNSET
MAY 28 2016...........SUNRISE   542 AM PDT   SUNSET   752 PM PDT
MAY 29 2016...........SUNRISE   542 AM PDT   SUNSET   752 PM PDT


-  INDICATES NEGATIVE NUMBERS.
R  INDICATES RECORD WAS SET OR TIED.
MM INDICATES DATA IS MISSING.
T  INDICATES TRACE AMOUNT.




$$
