000
CDUS46 KSGX 171232
CLIOKB


CLIMATE REPORT
NATIONAL WEATHER SERVICE SAN DIEGO, CA
432 AM PST SUN DEC 17 2017


...................................

...THE OCEANSIDE AIRPORT CA CLIMATE SUMMARY FOR DECEMBER 16 2017...

CLIMATE NORMAL PERIOD 1981 TO 2010
CLIMATE RECORD PERIOD 1999 TO 2017


WEATHER ITEM   OBSERVED TIME   RECORD YEAR NORMAL DEPARTURE LAST
                VALUE   (LST)  VALUE       VALUE  FROM      YEAR
                                                  NORMAL
..................................................................
TEMPERATURE (F)
 YESTERDAY
  MAXIMUM         MM        MM  84    2013  65     MM       63
  MINIMUM         MM        MM  29    2015  40     MM       55
  AVERAGE         MM                        52     MM       59

PRECIPITATION (IN)
  YESTERDAY       MM             0.72 2016   0.07  MM        0.72
  MONTH TO DATE    0.00                      0.70  -0.70     1.15
  SINCE OCT 1      0.04                      2.43  -2.39     2.49
  SINCE JAN 1      9.88                     12.21  -2.33     7.68

DEGREE DAYS
 HEATING
  YESTERDAY       MM                        13     MM        6
  MONTH TO DATE   75                       192   -117      141
  SINCE DEC 1     75                       192   -117      141
  SINCE JUL 1    244                       542   -298      327

 COOLING
  YESTERDAY       MM                         0     MM        0
  MONTH TO DATE    2                         0      2        0
  SINCE DEC 1      2                         0      2        0
  SINCE JAN 1    761                       419    342      657
..................................................................


WIND (MPH)
  RESULTANT WIND SPEED   3   RESULTANT WIND DIRECTION   E (110)
  HIGHEST WIND SPEED    MM   HIGHEST WIND DIRECTION    MM
  HIGHEST GUST SPEED    MM   HIGHEST GUST DIRECTION    MM
  AVERAGE WIND SPEED    MM


SKY COVER
  POSSIBLE SUNSHINE  MM
  AVERAGE SKY COVER  MM


WEATHER CONDITIONS
 THE FOLLOWING WEATHER WAS RECORDED YESTERDAY.
  NO SIGNIFICANT WEATHER WAS OBSERVED.


RELATIVE HUMIDITY (PERCENT)
 HIGHEST    MM           100 AM
 LOWEST     MM           100 AM
 AVERAGE    MM

..........................................................


THE OCEANSIDE AIRPORT CA CLIMATE NORMALS FOR TODAY
                         NORMAL    RECORD    YEAR
 MAXIMUM TEMPERATURE (F)   65        77      2013
                                             2004
 MINIMUM TEMPERATURE (F)   40        32      2015


SUNRISE AND SUNSET
DECEMBER 17 2017......SUNRISE   647 AM PST   SUNSET   445 PM PST
DECEMBER 18 2017......SUNRISE   647 AM PST   SUNSET   445 PM PST


-  INDICATES NEGATIVE NUMBERS.
R  INDICATES RECORD WAS SET OR TIED.
MM INDICATES DATA IS MISSING.
T  INDICATES TRACE AMOUNT.




$$
