000
CDUS46 KSGX 281417
CLIOKB


CLIMATE REPORT
NATIONAL WEATHER SERVICE SAN DIEGO, CA
617 AM PST FRI NOV 28 2014


...................................

...THE OCEANSIDE AIRPORT CA CLIMATE SUMMARY FOR NOVEMBER 27 2014...

CLIMATE NORMAL PERIOD 1981 TO 2010
CLIMATE RECORD PERIOD 1999 TO 2014


WEATHER ITEM   OBSERVED TIME   RECORD YEAR NORMAL DEPARTURE LAST
                VALUE   (LST)  VALUE       VALUE  FROM      YEAR
                                                  NORMAL
..................................................................
TEMPERATURE (F)
 YESTERDAY
  MAXIMUM         86R  1106 AM  84    2011  68     18       73
  MINIMUM         44   1159 PM  28    2010  42      2       43
  AVERAGE         65                        55     10       58

PRECIPITATION (IN)
  YESTERDAY        0.00          0.52 2008   0.02  -0.02     0.00
  MONTH TO DATE    0.71                      0.95  -0.24     0.48
  SINCE JUL 1      0.85                      2.16  -1.31     0.92
  SINCE JAN 1      3.45                     11.43  -7.98     3.24

SNOWFALL (IN)
  YESTERDAY        0.0
  MONTH TO DATE    0.0
  SINCE JAN 1      0.0
  SINCE JUL 1      0.0
  SNOW DEPTH       0

DEGREE DAYS
 HEATING
  YESTERDAY        0                        10    -10        7
  MONTH TO DATE  108                       216   -108      160
  SINCE SEP 1    115                       313   -198      274
  SINCE JUL 1    115                       318   -203      274

 COOLING
  YESTERDAY        0                         0      0        0
  MONTH TO DATE    7                         0      7        5
  SINCE SEP 1    348                       116    232      134
  SINCE JAN 1    855                       416    439      535
..................................................................


WIND (MPH)
  RESULTANT WIND SPEED   1   RESULTANT WIND DIRECTION   W (270)
  HIGHEST WIND SPEED    12   HIGHEST WIND DIRECTION     W (250)
  HIGHEST GUST SPEED    14   HIGHEST GUST DIRECTION     W (250)
  AVERAGE WIND SPEED     3.5


SKY COVER
  POSSIBLE SUNSHINE  MM
  AVERAGE SKY COVER 0.0


WEATHER CONDITIONS
 THE FOLLOWING WEATHER WAS RECORDED YESTERDAY.
  NO SIGNIFICANT WEATHER WAS OBSERVED.


RELATIVE HUMIDITY (PERCENT)
 HIGHEST    71           800 PM
 LOWEST     12          1100 AM
 AVERAGE    42

..........................................................


THE OCEANSIDE AIRPORT CA CLIMATE NORMALS FOR TODAY
                         NORMAL    RECORD    YEAR
 MAXIMUM TEMPERATURE (F)   67        81      2007
 MINIMUM TEMPERATURE (F)   41        35      2001
                                             1999


SUNRISE AND SUNSET
NOVEMBER 28 2014......SUNRISE   632 AM PST   SUNSET   442 PM PST
NOVEMBER 29 2014......SUNRISE   633 AM PST   SUNSET   442 PM PST


-  INDICATES NEGATIVE NUMBERS.
R  INDICATES RECORD WAS SET OR TIED.
MM INDICATES DATA IS MISSING.
T  INDICATES TRACE AMOUNT.




$$
