000
CDUS46 KSGX 241427
CLIOKB


CLIMATE REPORT
NATIONAL WEATHER SERVICE SAN DIEGO, CA
726 AM PDT FRI MAR 24 2017


...................................

...THE OCEANSIDE AIRPORT CA CLIMATE SUMMARY FOR MARCH 23 2017...

CLIMATE NORMAL PERIOD 1981 TO 2010
CLIMATE RECORD PERIOD 1999 TO 2017


WEATHER ITEM   OBSERVED TIME   RECORD YEAR NORMAL DEPARTURE LAST
                VALUE   (LST)  VALUE       VALUE  FROM      YEAR
                                                  NORMAL
..................................................................
TEMPERATURE (F)
 YESTERDAY
  MAXIMUM         66   1255 PM  81    2008  66      0       72
  MINIMUM         46   1101 PM  36    2009  47     -1       43
  AVERAGE         56                        56      0       58

PRECIPITATION (IN)
  YESTERDAY        T             0.24 2011   0.03  -0.03     0.00
  MONTH TO DATE    0.06                      1.90  -1.84     1.19
  SINCE OCT 1     13.63                     11.50   2.13     6.10
  SINCE JAN 1      8.48                      7.62   0.86     3.93

DEGREE DAYS
 HEATING
  YESTERDAY        9                         9      0        7
  MONTH TO DATE  154                       222    -68      153
  SINCE MAR 1    154                       222    -68      153
  SINCE JUL 1   1169                      1630   -461     1321

 COOLING
  YESTERDAY        0                         0      0        0
  MONTH TO DATE    0                         0      0        0
  SINCE MAR 1      0                         0      0        0
  SINCE JAN 1      0                         0      0        6
..................................................................


WIND (MPH)
  RESULTANT WIND SPEED   7   RESULTANT WIND DIRECTION   W (270)
  HIGHEST WIND SPEED    16   HIGHEST WIND DIRECTION    SW (240)
  HIGHEST GUST SPEED    22   HIGHEST GUST DIRECTION     W (260)
  AVERAGE WIND SPEED     7.3


SKY COVER
  POSSIBLE SUNSHINE  MM
  AVERAGE SKY COVER 0.2


WEATHER CONDITIONS
 THE FOLLOWING WEATHER WAS RECORDED YESTERDAY.
  LIGHT RAIN


RELATIVE HUMIDITY (PERCENT)
 HIGHEST    93          1100 PM
 LOWEST     56          1000 AM
 AVERAGE    75

..........................................................


THE OCEANSIDE AIRPORT CA CLIMATE NORMALS FOR TODAY
                         NORMAL    RECORD    YEAR
 MAXIMUM TEMPERATURE (F)   66        79      2008
 MINIMUM TEMPERATURE (F)   47        34      2009


SUNRISE AND SUNSET
MARCH 24 2017.........SUNRISE   647 AM PDT   SUNSET   704 PM PDT
MARCH 25 2017.........SUNRISE   646 AM PDT   SUNSET   705 PM PDT


-  INDICATES NEGATIVE NUMBERS.
R  INDICATES RECORD WAS SET OR TIED.
MM INDICATES DATA IS MISSING.
T  INDICATES TRACE AMOUNT.




$$
