000
CDUS46 KSGX 270017
CLIOKB


CLIMATE REPORT
NATIONAL WEATHER SERVICE SAN DIEGO, CA
517 PM PDT THU MAR 26 2015


...................................

...THE OCEANSIDE AIRPORT CA CLIMATE SUMMARY FOR MARCH 26 2015...
VALID TODAY AS OF 0500 PM LOCAL TIME.

CLIMATE NORMAL PERIOD 1981 TO 2010
CLIMATE RECORD PERIOD 1999 TO 2015


WEATHER ITEM   OBSERVED TIME   RECORD YEAR NORMAL DEPARTURE LAST
                VALUE   (LST)  VALUE       VALUE  FROM      YEAR
                                                  NORMAL
..................................................................
TEMPERATURE (F)
 TODAY
  MAXIMUM         85R   240 PM  69    2003  66     19       68
  MINIMUM         49    425 AM  41    2002  47      2       58
  AVERAGE         67                        56     11       63

PRECIPITATION (IN)
  TODAY            0.00          0.17 2004   0.04  -0.04      T
  MONTH TO DATE    0.74                      2.02  -1.28     0.50
  SINCE OCT 1      5.88                     11.62  -5.74     3.85
  SINCE JAN 1      1.48                      7.74  -6.26     2.26

SNOWFALL (IN)
  TODAY            0.0
  MONTH TO DATE    0.0
  SINCE MAR 1      0.0
  SINCE JUL 1      0.0
  SNOW DEPTH       0

DEGREE DAYS
 HEATING
  TODAY            0                         9     -9        2
  MONTH TO DATE  119                       249   -130      131
  SINCE MAR 1    119                       249   -130      131
  SINCE JUL 1    993                      1657   -664     1303

 COOLING
  TODAY            2                         0      2        0
  MONTH TO DATE   31                         0     31        2
  SINCE MAR 1     31                         0     31        2
  SINCE JAN 1     31                         0     31        2
..................................................................


WIND (MPH)
  RESULTANT WIND SPEED   3   RESULTANT WIND DIRECTION   W (290)
  HIGHEST WIND SPEED    18   HIGHEST WIND DIRECTION     W (290)
  HIGHEST GUST SPEED    23   HIGHEST GUST DIRECTION     W (290)
  AVERAGE WIND SPEED     5.5


SKY COVER
  POSSIBLE SUNSHINE  MM
  AVERAGE SKY COVER 0.0


WEATHER CONDITIONS
 THE FOLLOWING WEATHER WAS RECORDED TODAY.
  NO SIGNIFICANT WEATHER WAS OBSERVED.


RELATIVE HUMIDITY (PERCENT)
 HIGHEST    93          1200 AM
 LOWEST     22           200 PM
 AVERAGE    58

..........................................................


THE OCEANSIDE AIRPORT CA CLIMATE NORMALS FOR TOMORROW
                         NORMAL    RECORD    YEAR
 MAXIMUM TEMPERATURE (F)   66        79      2010
 MINIMUM TEMPERATURE (F)   47        39      2012


SUNRISE AND SUNSET
MARCH 26 2015.........SUNRISE   645 AM PDT   SUNSET   705 PM PDT
MARCH 27 2015.........SUNRISE   644 AM PDT   SUNSET   706 PM PDT


-  INDICATES NEGATIVE NUMBERS.
R  INDICATES RECORD WAS SET OR TIED.
MM INDICATES DATA IS MISSING.
T  INDICATES TRACE AMOUNT.




$$
