000
CDUS46 KSGX 261130
CLIOKB


CLIMATE REPORT
NATIONAL WEATHER SERVICE SAN DIEGO, CA
430 AM PDT FRI MAY 26 2017


...................................

...THE OCEANSIDE AIRPORT CA CLIMATE SUMMARY FOR MAY 25 2017...

CLIMATE NORMAL PERIOD 1981 TO 2010
CLIMATE RECORD PERIOD 1999 TO 2017


WEATHER ITEM   OBSERVED TIME   RECORD YEAR NORMAL DEPARTURE LAST
                VALUE   (LST)  VALUE       VALUE  FROM      YEAR
                                                  NORMAL
..................................................................
TEMPERATURE (F)
 YESTERDAY
  MAXIMUM         69    233 PM  73    2014  70     -1       70
                                      2013
                                      2005
  MINIMUM         60    557 AM  43    2010  55      5       50
  AVERAGE         65                        63      2       60

PRECIPITATION (IN)
  YESTERDAY        0.00          0.04 2012   0.00   0.00     0.00
  MONTH TO DATE    1.27                      0.25   1.02     0.54
  SINCE OCT 1     14.92                     13.03   1.89     7.12
  SINCE JAN 1      9.77                      9.15   0.62     4.95

DEGREE DAYS
 HEATING
  YESTERDAY        0                         3     -3        5
  MONTH TO DATE   64                        95    -31       68
  SINCE MAR 1    385                       581   -196      431
  SINCE JUL 1   1400                      1989   -589     1599

 COOLING
  YESTERDAY        0                         0      0        0
  MONTH TO DATE   11                         0     11        6
  SINCE MAR 1     17                         3     14       10
  SINCE JAN 1     17                         3     14       16
..................................................................


WIND (MPH)
  RESULTANT WIND SPEED   8   RESULTANT WIND DIRECTION   W (250)
  HIGHEST WIND SPEED    16   HIGHEST WIND DIRECTION    SW (240)
  HIGHEST GUST SPEED    25   HIGHEST GUST DIRECTION    NW (300)
  AVERAGE WIND SPEED     7.9


SKY COVER
  POSSIBLE SUNSHINE  MM
  AVERAGE SKY COVER 1.0


WEATHER CONDITIONS
 THE FOLLOWING WEATHER WAS RECORDED YESTERDAY.
  NO SIGNIFICANT WEATHER WAS OBSERVED.


RELATIVE HUMIDITY (PERCENT)
 HIGHEST    72          1200 AM
 LOWEST     49           300 PM
 AVERAGE    61

..........................................................


THE OCEANSIDE AIRPORT CA CLIMATE NORMALS FOR TODAY
                         NORMAL    RECORD    YEAR
 MAXIMUM TEMPERATURE (F)   70        73      2014
                                             2005
 MINIMUM TEMPERATURE (F)   55        50      2010


SUNRISE AND SUNSET
MAY 26 2017...........SUNRISE   543 AM PDT   SUNSET   750 PM PDT
MAY 27 2017...........SUNRISE   543 AM PDT   SUNSET   751 PM PDT


-  INDICATES NEGATIVE NUMBERS.
R  INDICATES RECORD WAS SET OR TIED.
MM INDICATES DATA IS MISSING.
T  INDICATES TRACE AMOUNT.




$$
