000
CDUS46 KSGX 040018
CLIOKB


CLIMATE REPORT
NATIONAL WEATHER SERVICE SAN DIEGO, CA
517 PM PDT MON AUG 3 2015


...................................

...THE OCEANSIDE AIRPORT CA CLIMATE SUMMARY FOR AUGUST 3 2015...
VALID TODAY AS OF 0500 PM LOCAL TIME.

CLIMATE NORMAL PERIOD 1981 TO 2010
CLIMATE RECORD PERIOD 1999 TO 2015


WEATHER ITEM   OBSERVED TIME   RECORD YEAR NORMAL DEPARTURE LAST
                VALUE   (LST)  VALUE       VALUE  FROM      YEAR
                                                  NORMAL
..................................................................
TEMPERATURE (F)
 TODAY
  MAXIMUM         79   1146 AM  83    2009  77      2       82
  MINIMUM         70    525 AM  56    2011  62      8       71
  AVERAGE         75                        69      6       77

PRECIPITATION (IN)
  TODAY            0.00          0.01 2006   0.00   0.00      T
  MONTH TO DATE    0.00                      0.00   0.00     0.03
  SINCE OCT 1      8.17                     13.27  -5.10     4.22
  SINCE JAN 1      3.77                      9.39  -5.62     2.63

DEGREE DAYS
 HEATING
  TODAY            0                         0      0        0
  MONTH TO DATE    0                         0      0        0
  SINCE JUN 1      4                        30    -26        4
  SINCE JUL 1      0                         3     -3        0

 COOLING
  TODAY           10                         4      6       12
  MONTH TO DATE   28                        12     16       29
  SINCE JUN 1    344                       164    180      219
  SINCE JAN 1    383                       174    209      311
..................................................................


WIND (MPH)
  RESULTANT WIND SPEED   4   RESULTANT WIND DIRECTION  SW (230)
  HIGHEST WIND SPEED    14   HIGHEST WIND DIRECTION     W (250)
  HIGHEST GUST SPEED    18   HIGHEST GUST DIRECTION     W (250)
  AVERAGE WIND SPEED     5.3


SKY COVER
  POSSIBLE SUNSHINE  MM
  AVERAGE SKY COVER 0.6


WEATHER CONDITIONS
 THE FOLLOWING WEATHER WAS RECORDED TODAY.
  NO SIGNIFICANT WEATHER WAS OBSERVED.


RELATIVE HUMIDITY (PERCENT)
 HIGHEST    84           500 AM
 LOWEST     62          1100 AM
 AVERAGE    73

..........................................................


THE OCEANSIDE AIRPORT CA CLIMATE NORMALS FOR TOMORROW
                         NORMAL    RECORD    YEAR
 MAXIMUM TEMPERATURE (F)   77        82      2014
                                             2008
 MINIMUM TEMPERATURE (F)   62        55      2011


SUNRISE AND SUNSET
AUGUST  3 2015........SUNRISE   604 AM PDT   SUNSET   747 PM PDT
AUGUST  4 2015........SUNRISE   604 AM PDT   SUNSET   746 PM PDT


-  INDICATES NEGATIVE NUMBERS.
R  INDICATES RECORD WAS SET OR TIED.
MM INDICATES DATA IS MISSING.
T  INDICATES TRACE AMOUNT.




$$
