000
CDUS46 KSGX 201516
CLIOKB


CLIMATE REPORT
NATIONAL WEATHER SERVICE SAN DIEGO, CA
716 AM PST MON FEB 20 2017


...................................

...THE OCEANSIDE AIRPORT CA CLIMATE SUMMARY FOR FEBRUARY 19 2017...

CLIMATE NORMAL PERIOD 1981 TO 2010
CLIMATE RECORD PERIOD 1999 TO 2017


WEATHER ITEM   OBSERVED TIME   RECORD YEAR NORMAL DEPARTURE LAST
                VALUE   (LST)  VALUE       VALUE  FROM      YEAR
                                                  NORMAL
..................................................................
TEMPERATURE (F)
 YESTERDAY
  MAXIMUM         61    107 PM  79    2000  65     -4       66
  MINIMUM         54    701 PM  34    2009  44     10       45
  AVERAGE         58                        54      4       56

PRECIPITATION (IN)
  YESTERDAY        T             0.45 2011   0.13  -0.13     0.00
  MONTH TO DATE    2.57                      1.91   0.66     0.13
  SINCE OCT 1     11.98                      8.44   3.54     4.91
  SINCE JAN 1      6.83                      4.56   2.27     2.74

DEGREE DAYS
 HEATING
  YESTERDAY        7                        11     -4        9
  MONTH TO DATE  139                       209    -70      118
  SINCE DEC 1    726                       964   -238      858
  SINCE JUL 1    912                      1314   -402     1089

 COOLING
  YESTERDAY        0                         0      0        0
  MONTH TO DATE    0                         0      0        6
  SINCE DEC 1      0                         0      0        6
  SINCE JAN 1      0                         0      0        6
..................................................................


WIND (MPH)
  RESULTANT WIND SPEED   3   RESULTANT WIND DIRECTION   W (250)
  HIGHEST WIND SPEED    15   HIGHEST WIND DIRECTION     W (250)
  HIGHEST GUST SPEED    20   HIGHEST GUST DIRECTION    SW (240)
  AVERAGE WIND SPEED     4.2


SKY COVER
  POSSIBLE SUNSHINE  MM
  AVERAGE SKY COVER 1.0


WEATHER CONDITIONS
 THE FOLLOWING WEATHER WAS RECORDED YESTERDAY.
  LIGHT RAIN
  FOG


RELATIVE HUMIDITY (PERCENT)
 HIGHEST   100           700 AM
 LOWEST     67           300 PM
 AVERAGE    84

..........................................................


THE OCEANSIDE AIRPORT CA CLIMATE NORMALS FOR TODAY
                         NORMAL    RECORD    YEAR
 MAXIMUM TEMPERATURE (F)   65        77      2014
 MINIMUM TEMPERATURE (F)   44        35      2006


SUNRISE AND SUNSET
FEBRUARY 20 2017......SUNRISE   627 AM PST   SUNSET   539 PM PST
FEBRUARY 21 2017......SUNRISE   626 AM PST   SUNSET   540 PM PST


-  INDICATES NEGATIVE NUMBERS.
R  INDICATES RECORD WAS SET OR TIED.
MM INDICATES DATA IS MISSING.
T  INDICATES TRACE AMOUNT.




$$
