000
CDUS44 KOUN 260634
CLIOKC

CLIMATE REPORT
NATIONAL WEATHER SERVICE NORMAN OK
133 AM CDT TUE JUL 26 2016


...................................

...THE OKLAHOMA CITY CLIMATE SUMMARY FOR JULY 25 2016...

CLIMATE NORMAL PERIOD 1981 TO 2010
CLIMATE RECORD PERIOD 1890 TO 2016


WEATHER ITEM   OBSERVED TIME   RECORD YEAR NORMAL DEPARTURE LAST
                VALUE   (LST)  VALUE       VALUE  FROM      YEAR
                                                  NORMAL
..................................................................
TEMPERATURE (F)
 YESTERDAY
  MAXIMUM         95    501 PM 106    1998  95      0       96
                                      1977
  MINIMUM         72   1157 PM  58    1911  73     -1       71
  AVERAGE         84                        84      0       84

PRECIPITATION (IN)
  YESTERDAY        0.78          1.96 1906   0.09   0.69     0.00
  MONTH TO DATE    2.22                      2.40  -0.18     7.22
  SINCE JAN 1     17.93                     21.08  -3.15    41.65

DEGREE DAYS
 COOLING
  YESTERDAY       19                        19      0       19
  MONTH TO DATE  472                       448     24      409
  SINCE JAN 1   1094                      1088      6     1013
..................................................................


WIND (MPH)
  HIGHEST WIND SPEED    25   HIGHEST WIND DIRECTION     E (90)
  HIGHEST GUST SPEED    34   HIGHEST GUST DIRECTION     N (360)
  AVERAGE WIND SPEED     7.4


SKY COVER
  AVERAGE SKY COVER 0.7


WEATHER CONDITIONS
 THE FOLLOWING WEATHER WAS RECORDED YESTERDAY.
  THUNDERSTORM
  HEAVY RAIN
  LIGHT RAIN
  FOG


RELATIVE HUMIDITY (PERCENT)
 HIGHEST    88          1000 PM
 LOWEST     46           300 PM
 AVERAGE    67

..........................................................


THE OKLAHOMA CITY CLIMATE NORMALS FOR TODAY
                         NORMAL    RECORD    YEAR
 MAXIMUM TEMPERATURE (F)   95       107      1998
 MINIMUM TEMPERATURE (F)   73        63      2004
                                             1911


SUNRISE AND SUNSET
JULY 26 2016..........SUNRISE   635 AM CDT   SUNSET   839 PM CDT
JULY 27 2016..........SUNRISE   636 AM CDT   SUNSET   838 PM CDT


-  INDICATES NEGATIVE NUMBERS.
R  INDICATES RECORD WAS SET OR TIED.
MM INDICATES DATA IS MISSING.
T  INDICATES TRACE AMOUNT.

$$
