431
CDUS44 KOUN 140733
CLIOKC

CLIMATE REPORT
NATIONAL WEATHER SERVICE NORMAN OK
131 AM CST SUN FEB 14 2016


...................................

...THE OKLAHOMA CITY CLIMATE SUMMARY FOR FEBRUARY 13 2016...

CLIMATE NORMAL PERIOD 1981 TO 2010
CLIMATE RECORD PERIOD 1890 TO 2016


WEATHER ITEM   OBSERVED TIME   RECORD YEAR NORMAL DEPARTURE LAST
                VALUE   (LST)  VALUE       VALUE  FROM      YEAR
                                                  NORMAL
..................................................................
TEMPERATURE (F)
 YESTERDAY
  MAXIMUM         58    455 PM  82    1962  54      4       67
  MINIMUM         31    804 AM -11    1905  32     -1       30
  AVERAGE         45                        43      2       49

PRECIPITATION (IN)
  YESTERDAY        0.00          0.76 1908   0.06  -0.06     0.00
  MONTH TO DATE    0.26                      0.69  -0.43     0.04
  SINCE JAN 1      0.37                      2.08  -1.71     1.84

SNOWFALL (IN)
  YESTERDAY        0.0           1.1  1968   0.0    0.0      0.0
  MONTH TO DATE    0.0                       0.8   -0.8      0.0
  SINCE JUL 1      1.2                       6.1   -4.9      6.0
  SNOW DEPTH       0

DEGREE DAYS
 HEATING
  YESTERDAY       20                        22     -2       16
  MONTH TO DATE  280                       301    -21      266
  SINCE JUL 1   2168                      2454   -286     2325
..................................................................


WIND (MPH)
  HIGHEST WIND SPEED    21   HIGHEST WIND DIRECTION     S (160)
  HIGHEST GUST SPEED    27   HIGHEST GUST DIRECTION    SE (150)
  AVERAGE WIND SPEED    14.2


SKY COVER
  AVERAGE SKY COVER 0.2


WEATHER CONDITIONS
 THE FOLLOWING WEATHER WAS RECORDED YESTERDAY.
  NO SIGNIFICANT WEATHER WAS OBSERVED.


RELATIVE HUMIDITY (PERCENT)
 HIGHEST    70           300 AM
 LOWEST     36           300 PM
 AVERAGE    53

..........................................................


THE OKLAHOMA CITY CLIMATE NORMALS FOR TODAY
                         NORMAL    RECORD    YEAR
 MAXIMUM TEMPERATURE (F)   54        81      1954
 MINIMUM TEMPERATURE (F)   33         1      1936


SUNRISE AND SUNSET
FEBRUARY 14 2016......SUNRISE   718 AM CST   SUNSET   611 PM CST
FEBRUARY 15 2016......SUNRISE   717 AM CST   SUNSET   612 PM CST


-  INDICATES NEGATIVE NUMBERS.
R  INDICATES RECORD WAS SET OR TIED.
MM INDICATES DATA IS MISSING.
T  INDICATES TRACE AMOUNT.




$$
