775
CDUS44 KOUN 260657
CLIOKC

OUNCLIOKC 000
TTAA00 KOUN 260635


CLIMATE REPORT
NATIONAL WEATHER SERVICE NORMAN OK
135 AM CDT WED JUL 26 2017


...................................

...THE OKLAHOMA CITY CLIMATE SUMMARY FOR JULY 25 2017...

CLIMATE NORMAL PERIOD 1981 TO 2010
CLIMATE RECORD PERIOD 1890 TO 2017


WEATHER ITEM   OBSERVED TIME   RECORD YEAR NORMAL DEPARTURE LAST
                VALUE   (LST)  VALUE       VALUE  FROM      YEAR
                                                  NORMAL
..................................................................
TEMPERATURE (F)
 YESTERDAY
  MAXIMUM         98    339 PM 106    1998  95      3       95
                                      1977
  MINIMUM         72    224 AM  58    1911  73     -1       72
  AVERAGE         85                        84      1       84

PRECIPITATION (IN)
  YESTERDAY        0.00          1.96 1906   0.09  -0.09     0.78
  MONTH TO DATE    1.31                      2.40  -1.09     2.22
  SINCE JUN 1      1.42                      7.33  -5.91     5.52
  SINCE JAN 1     16.08                     21.08  -5.00    17.93

SNOWFALL (IN)
  YESTERDAY        0.0

DEGREE DAYS
 HEATING
  YESTERDAY        0                         0      0        0
  MONTH TO DATE    0                         0      0        0
  SINCE JUN 1      0                         1     -1        0
  SINCE JUL 1      0                         0      0        0

 COOLING
  YESTERDAY       20                        19      1       19
  MONTH TO DATE  450                       448      2      472
  SINCE JUN 1    840                       838      2      908
  SINCE JAN 1   1065                      1088    -23     1094
..................................................................


WIND (MPH)
  HIGHEST WIND SPEED    20   HIGHEST WIND DIRECTION    SE (150)
  HIGHEST GUST SPEED    25   HIGHEST GUST DIRECTION     S (180)
  AVERAGE WIND SPEED    10.4


SKY COVER
  AVERAGE SKY COVER 0.2


WEATHER CONDITIONS
 THE FOLLOWING WEATHER WAS RECORDED YESTERDAY.
  NO SIGNIFICANT WEATHER WAS OBSERVED.


RELATIVE HUMIDITY (PERCENT)
 HIGHEST    93           500 AM
 LOWEST     28           600 PM
 AVERAGE    61

..........................................................


THE OKLAHOMA CITY CLIMATE NORMALS FOR TODAY
                         NORMAL    RECORD    YEAR
 MAXIMUM TEMPERATURE (F)   95       107      1998
 MINIMUM TEMPERATURE (F)   73        63      2004
                                             1911


SUNRISE AND SUNSET
JULY 26 2017..........SUNRISE   635 AM CDT   SUNSET   839 PM CDT
JULY 27 2017..........SUNRISE   635 AM CDT   SUNSET   838 PM CDT


-  INDICATES NEGATIVE NUMBERS.
R  INDICATES RECORD WAS SET OR TIED.
MM INDICATES DATA IS MISSING.
T  INDICATES TRACE AMOUNT.




$$
