000
CDUS44 KOUN 270652
CLIOKC

OUNCLIOKC 000
TTAA00 KOUN 270635


CLIMATE REPORT
NATIONAL WEATHER SERVICE NORMAN OK
1235 AM CST TUE JAN 27 2015


...................................

...THE OKLAHOMA CITY CLIMATE SUMMARY FOR JANUARY 26 2015...

CLIMATE NORMAL PERIOD 1981 TO 2010
CLIMATE RECORD PERIOD 1890 TO 2015


WEATHER ITEM   OBSERVED TIME   RECORD YEAR NORMAL DEPARTURE LAST
                VALUE   (LST)  VALUE       VALUE  FROM      YEAR
                                                  NORMAL
..................................................................
TEMPERATURE (F)
 YESTERDAY
  MAXIMUM         77R   317 PM  71    1999  51     26       68
                                      1912
                                      1911
  MINIMUM         28    705 AM   0    1902  29     -1       31
  AVERAGE         53                        40     13       50

PRECIPITATION (IN)
  YESTERDAY        0.00          1.25 1916   0.05  -0.05     0.00
  MONTH TO DATE    1.22                      1.13   0.09     0.06
  SINCE JAN 1      1.22                      1.13   0.09     0.06

SNOWFALL (IN)
  YESTERDAY        0.0           6.2  2000   0.1   -0.1      0.0
  MONTH TO DATE    T                         2.3   -2.3      0.2
  SINCE JUL 1      6.0                       4.8    1.2      4.3
  SNOW DEPTH       0

DEGREE DAYS
 HEATING
  YESTERDAY       12                        25    -13       15
  MONTH TO DATE  688                       672     16      666
  SINCE JUL 1   1992                      2027    -35     2194
..................................................................


WIND (MPH)
  HIGHEST WIND SPEED    21   HIGHEST WIND DIRECTION    NW (320)
  HIGHEST GUST SPEED    25   HIGHEST GUST DIRECTION    NW (320)
  AVERAGE WIND SPEED     6.3


SKY COVER
  AVERAGE SKY COVER 0.0


WEATHER CONDITIONS
 THE FOLLOWING WEATHER WAS RECORDED YESTERDAY.
  NO SIGNIFICANT WEATHER WAS OBSERVED.


RELATIVE HUMIDITY (PERCENT)
 HIGHEST    85           700 AM
 LOWEST     19           300 PM
 AVERAGE    52

..........................................................


THE OKLAHOMA CITY CLIMATE NORMALS FOR TODAY
                         NORMAL    RECORD    YEAR
 MAXIMUM TEMPERATURE (F)   51        72      1914
 MINIMUM TEMPERATURE (F)   29         3      1963
                                             1902
                                             1897


SUNRISE AND SUNSET
JANUARY 27 2015.......SUNRISE   734 AM CST   SUNSET   553 PM CST
JANUARY 28 2015.......SUNRISE   733 AM CST   SUNSET   554 PM CST


-  INDICATES NEGATIVE NUMBERS.
R  INDICATES RECORD WAS SET OR TIED.
MM INDICATES DATA IS MISSING.
T  INDICATES TRACE AMOUNT.




$$
