000
CDUS44 KOUN 260639
CLIOKC

CLIMATE REPORT
NATIONAL WEATHER SERVICE NORMAN OK
1238 AM CST FRI DEC 26 2014


...................................

...THE OKLAHOMA CITY CLIMATE SUMMARY FOR DECEMBER 25 2014...

CLIMATE NORMAL PERIOD 1981 TO 2010
CLIMATE RECORD PERIOD 1890 TO 2014


WEATHER ITEM   OBSERVED TIME   RECORD YEAR NORMAL DEPARTURE LAST
                VALUE   (LST)  VALUE       VALUE  FROM      YEAR
                                                  NORMAL
..................................................................
TEMPERATURE (F)
 YESTERDAY
  MAXIMUM         60    359 PM  73    1922  49     11       44
  MINIMUM         29    113 AM  -1    1983  29      0       29
  AVERAGE         45                        39      6       37

PRECIPITATION (IN)
  YESTERDAY        0.00          1.05 1987   0.06  -0.06     0.00
  MONTH TO DATE    0.54                      1.58  -1.04     1.26
  SINCE JAN 1     28.22                     36.22  -8.00    52.78

SNOWFALL (IN)
  YESTERDAY        0.0           6.5  1914   0.1   -0.1      0.0
  MONTH TO DATE    T                         1.6   -1.6      3.5
  SINCE JUL 1      2.5                       2.0    0.5      4.1
  SNOW DEPTH       0

DEGREE DAYS
 HEATING
  YESTERDAY       20                        26     -6       28
  MONTH TO DATE  488                       601   -113      707
  SINCE JUL 1   1115                      1200    -85     1367
..................................................................


WIND (MPH)
  HIGHEST WIND SPEED    37   HIGHEST WIND DIRECTION     S (200)
  HIGHEST GUST SPEED    46   HIGHEST GUST DIRECTION     S (190)
  AVERAGE WIND SPEED    19.4


SKY COVER
  AVERAGE SKY COVER 0.6


WEATHER CONDITIONS
 THE FOLLOWING WEATHER WAS RECORDED YESTERDAY.
  NO SIGNIFICANT WEATHER WAS OBSERVED.


RELATIVE HUMIDITY (PERCENT)
 HIGHEST    75           100 AM
 LOWEST     26           200 PM
 AVERAGE    51

..........................................................


THE OKLAHOMA CITY CLIMATE NORMALS FOR TODAY
                         NORMAL    RECORD    YEAR
 MAXIMUM TEMPERATURE (F)   49        76      2008
 MINIMUM TEMPERATURE (F)   29         2      1892


SUNRISE AND SUNSET
DECEMBER 26 2014......SUNRISE   738 AM CST   SUNSET   524 PM CST
DECEMBER 27 2014......SUNRISE   738 AM CST   SUNSET   525 PM CST


-  INDICATES NEGATIVE NUMBERS.
R  INDICATES RECORD WAS SET OR TIED.
MM INDICATES DATA IS MISSING.
T  INDICATES TRACE AMOUNT.




$$
