000
CDUS44 KOUN 051621 CCA
CLIOKC

CLIMATE REPORT...CORRECTED SNOWFALL...
NATIONAL WEATHER SERVICE NORMAN OK
1015 AM CST THU MAR 5 2015


...................................

...THE OKLAHOMA CITY CLIMATE SUMMARY FOR MARCH 4 2015...

CLIMATE NORMAL PERIOD 1981 TO 2010
CLIMATE RECORD PERIOD 1890 TO 2015


WEATHER ITEM   OBSERVED TIME   RECORD YEAR NORMAL DEPARTURE LAST
                VALUE   (LST)  VALUE       VALUE  FROM      YEAR
                                                  NORMAL
..................................................................
TEMPERATURE (F)
 YESTERDAY
  MAXIMUM         44   1220 AM  84    1938  60    -16       49
                                      1907
  MINIMUM         20   1159 PM   8    1960  38    -18       14
  AVERAGE         32                        49    -17       32

PRECIPITATION (IN)
  YESTERDAY        0.09          1.60 2004   0.09   0.00     0.00
  MONTH TO DATE    0.09                      0.34  -0.25     0.16
  SINCE JAN 1      2.30                      3.31  -1.01     0.59

SNOWFALL (IN)
  YESTERDAY        3.0 R         3.0  2015   0.0    3.0      0.0
  MONTH TO DATE    3.0                       0.1    2.9      1.5
  SINCE JUL 1     13.6                       6.8    6.8     10.2
  SNOW DEPTH       0

DEGREE DAYS
 HEATING
  YESTERDAY       33                        17     16       33
  MONTH TO DATE  116                        68     48      163
  SINCE JUL 1   2891                      2818     73     3251

 COOLING
  YESTERDAY        0                         0      0        0
  MONTH TO DATE    0                         0      0        0
  SINCE JAN 1      0                         1     -1        0
..................................................................


WIND (MPH)
  HIGHEST WIND SPEED    30   HIGHEST WIND DIRECTION     N (20)
  HIGHEST GUST SPEED    38   HIGHEST GUST DIRECTION     N (20)
  AVERAGE WIND SPEED    18.4


SKY COVER
  AVERAGE SKY COVER 1.0


WEATHER CONDITIONS
 THE FOLLOWING WEATHER WAS RECORDED YESTERDAY.
  LT FREEZING RAIN
  HEAVY SNOW
  SNOW
  LIGHT SNOW
  SLEET
  FOG
  HAZE


RELATIVE HUMIDITY (PERCENT)
 HIGHEST    81           600 PM
 LOWEST     63           900 AM
 AVERAGE    72

..........................................................


THE OKLAHOMA CITY CLIMATE NORMALS FOR TODAY
                         NORMAL    RECORD    YEAR
 MAXIMUM TEMPERATURE (F)   60        91      1991
 MINIMUM TEMPERATURE (F)   38        10      1960


SUNRISE AND SUNSET
MARCH  5 2015.........SUNRISE   655 AM CST   SUNSET   629 PM CST
MARCH  6 2015.........SUNRISE   654 AM CST   SUNSET   630 PM CST


-  INDICATES NEGATIVE NUMBERS.
R  INDICATES RECORD WAS SET OR TIED.
MM INDICATES DATA IS MISSING.
T  INDICATES TRACE AMOUNT.

$$
