000
CDUS44 KOUN 310637
CLIOKC

CLIMATE REPORT
NATIONAL WEATHER SERVICE NORMAN OK
136 AM CDT FRI JUL 31 2015


...................................

...THE OKLAHOMA CITY CLIMATE SUMMARY FOR JULY 30 2015...

CLIMATE NORMAL PERIOD 1981 TO 2010
CLIMATE RECORD PERIOD 1890 TO 2015


WEATHER ITEM   OBSERVED TIME   RECORD YEAR NORMAL DEPARTURE LAST
                VALUE   (LST)  VALUE       VALUE  FROM      YEAR
                                                  NORMAL
..................................................................
TEMPERATURE (F)
 YESTERDAY
  MAXIMUM         94   1047 AM 108    1986  95     -1       73
  MINIMUM         75    559 AM  57    1971  73      2       67
  AVERAGE         85                        84      1       70

PRECIPITATION (IN)
  YESTERDAY        0.00          1.67 2014   0.09  -0.09     1.67
  MONTH TO DATE    7.22                      2.84   4.38     4.12
  SINCE JAN 1     41.65                     21.52  20.13    19.85

DEGREE DAYS
 COOLING
  YESTERDAY       20                        19      1        5
  MONTH TO DATE  502                       543    -41      440
  SINCE JAN 1   1106                      1183    -77     1130
..................................................................


WIND (MPH)
  HIGHEST WIND SPEED    23   HIGHEST WIND DIRECTION     N (10)
  HIGHEST GUST SPEED    28   HIGHEST GUST DIRECTION     N (20)
  AVERAGE WIND SPEED     8.7


SKY COVER
  AVERAGE SKY COVER 0.5


WEATHER CONDITIONS
 THE FOLLOWING WEATHER WAS RECORDED YESTERDAY.
  NO SIGNIFICANT WEATHER WAS OBSERVED.


RELATIVE HUMIDITY (PERCENT)
 HIGHEST    94           500 AM
 LOWEST     52          1000 AM
 AVERAGE    73

..........................................................


THE OKLAHOMA CITY CLIMATE NORMALS FOR TODAY
                         NORMAL    RECORD    YEAR
 MAXIMUM TEMPERATURE (F)   95       108      2012
 MINIMUM TEMPERATURE (F)   73        53      1971


SUNRISE AND SUNSET
JULY 31 2015..........SUNRISE   638 AM CDT   SUNSET   835 PM CDT
AUGUST  1 2015........SUNRISE   639 AM CDT   SUNSET   834 PM CDT


-  INDICATES NEGATIVE NUMBERS.
R  INDICATES RECORD WAS SET OR TIED.
MM INDICATES DATA IS MISSING.
T  INDICATES TRACE AMOUNT.




$$
