000
CDUS44 KOUN 300646
CLIOKC

CLIMATE REPORT
NATIONAL WEATHER SERVICE NORMAN OK
145 AM CDT THU MAR 30 2017


...................................

...THE OKLAHOMA CITY CLIMATE SUMMARY FOR MARCH 29 2017...

CLIMATE NORMAL PERIOD 1981 TO 2010
CLIMATE RECORD PERIOD 1890 TO 2017


WEATHER ITEM   OBSERVED TIME   RECORD YEAR NORMAL DEPARTURE LAST
                VALUE   (LST)  VALUE       VALUE  FROM      YEAR
                                                  NORMAL
..................................................................
TEMPERATURE (F)
 YESTERDAY
  MAXIMUM         62    257 PM  87    1895  67     -5       73
  MINIMUM         46   1024 PM  19    1894  44      2       47
  AVERAGE         54                        56     -2       60

PRECIPITATION (IN)
  YESTERDAY        0.79          1.43 2007   0.10   0.69     0.00
  MONTH TO DATE    2.60                      2.85  -0.25     0.88
  SINCE JAN 1      7.29                      5.82   1.47     2.34

SNOWFALL (IN)
  YESTERDAY        0.0           3.0  1937   0.0    0.0      0.0
  MONTH TO DATE    0.0                       0.9   -0.9      0.0
  SINCE JUL 1      2.1                       7.6   -5.5      1.2
  SNOW DEPTH       0

DEGREE DAYS
 HEATING
  YESTERDAY       11                        10      1        5
  MONTH TO DATE  261                       391   -130      284
  SINCE JUL 1   2481                      3141   -660     2641

 COOLING
  YESTERDAY        0                         1     -1        0
  MONTH TO DATE   48                         8     40        0
  SINCE JAN 1     57                         9     48        4
..................................................................


WIND (MPH)
  HIGHEST WIND SPEED    24   HIGHEST WIND DIRECTION     W (290)
  HIGHEST GUST SPEED    31   HIGHEST GUST DIRECTION     W (290)
  AVERAGE WIND SPEED    11.7


SKY COVER
  AVERAGE SKY COVER 0.9


WEATHER CONDITIONS
 THE FOLLOWING WEATHER WAS RECORDED YESTERDAY.
  THUNDERSTORM
  HEAVY RAIN
  RAIN
  LIGHT RAIN
  FOG


RELATIVE HUMIDITY (PERCENT)
 HIGHEST   100          1200 AM
 LOWEST     61           500 PM
 AVERAGE    81

..........................................................


THE OKLAHOMA CITY CLIMATE NORMALS FOR TODAY
                         NORMAL    RECORD    YEAR
 MAXIMUM TEMPERATURE (F)   68        88      1904
 MINIMUM TEMPERATURE (F)   45        22      1987


SUNRISE AND SUNSET
MARCH 30 2017.........SUNRISE   719 AM CDT   SUNSET   751 PM CDT
MARCH 31 2017.........SUNRISE   718 AM CDT   SUNSET   751 PM CDT


-  INDICATES NEGATIVE NUMBERS.
R  INDICATES RECORD WAS SET OR TIED.
MM INDICATES DATA IS MISSING.
T  INDICATES TRACE AMOUNT.




$$
