000
CDUS44 KOUN 060633
CLIOKC

CLIMATE REPORT
NATIONAL WEATHER SERVICE NORMAN OK
131 AM CDT MON JUL 6 2015


...................................

...THE OKLAHOMA CITY CLIMATE SUMMARY FOR JULY 5 2015...

CLIMATE NORMAL PERIOD 1981 TO 2010
CLIMATE RECORD PERIOD 1890 TO 2015


WEATHER ITEM   OBSERVED TIME   RECORD YEAR NORMAL DEPARTURE LAST
                VALUE   (LST)  VALUE       VALUE  FROM      YEAR
                                                  NORMAL
..................................................................
TEMPERATURE (F)
 YESTERDAY
  MAXIMUM         92    310 PM 108    1996  93     -1       92
  MINIMUM         72    602 AM  55    1915  72      0       71
  AVERAGE         82                        82      0       82

PRECIPITATION (IN)
  YESTERDAY        0.00          3.21 1979   0.11  -0.11     0.00
  MONTH TO DATE    3.87                      0.55   3.32     0.00
  SINCE JAN 1     38.30                     19.23  19.07    15.73

DEGREE DAYS
 COOLING
  YESTERDAY       17                        17      0       17
  MONTH TO DATE   79                        84     -5       66
  SINCE JAN 1    683                       724    -41      756
..................................................................


WIND (MPH)
  HIGHEST WIND SPEED    20   HIGHEST WIND DIRECTION     S (170)
  HIGHEST GUST SPEED    25   HIGHEST GUST DIRECTION     S (200)
  AVERAGE WIND SPEED    12.3


SKY COVER
  AVERAGE SKY COVER 0.5


WEATHER CONDITIONS
 THE FOLLOWING WEATHER WAS RECORDED YESTERDAY.
  NO SIGNIFICANT WEATHER WAS OBSERVED.


RELATIVE HUMIDITY (PERCENT)
 HIGHEST   100           500 AM
 LOWEST     52           300 PM
 AVERAGE    76

..........................................................


THE OKLAHOMA CITY CLIMATE NORMALS FOR TODAY
                         NORMAL    RECORD    YEAR
 MAXIMUM TEMPERATURE (F)   93       110      1996
 MINIMUM TEMPERATURE (F)   72        55      1972


SUNRISE AND SUNSET
JULY  6 2015..........SUNRISE   621 AM CDT   SUNSET   849 PM CDT
JULY  7 2015..........SUNRISE   622 AM CDT   SUNSET   849 PM CDT


-  INDICATES NEGATIVE NUMBERS.
R  INDICATES RECORD WAS SET OR TIED.
MM INDICATES DATA IS MISSING.
T  INDICATES TRACE AMOUNT.




$$
