000
CDUS45 KGGW 221235
CLIOLF


CLIMATE REPORT
NATIONAL WEATHER SERVICE GLASGOW MT
635 AM MDT FRI MAY 22 2015


...................................

...THE WOLF POINT MT CLIMATE SUMMARY FOR MAY 22 2015...
VALID AS OF 0600 AM LOCAL TIME.

CLIMATE NORMAL PERIOD 1981 TO 2010
CLIMATE RECORD PERIOD 9999 TO 9999


WEATHER ITEM   OBSERVED RECORD YEAR NORMAL DEPARTURE
                VALUE   VALUE       VALUE  FROM
                                           NORMAL
........................................................
TEMPERATURE (F)
 TODAY
  MAXIMUM         47     MM      MM  71
  MINIMUM         39     MM      MM  41
  AVERAGE         43

PRECIPITATION (IN)
  TODAY            0.00  MM      MM   0.06  -0.06
  MONTH TO DATE    1.07               1.03   0.04
  SINCE OCT 1      3.20               4.45  -1.25
  SINCE JAN 1      2.63               2.95  -0.32

SNOWFALL (IN)
  TODAY            0.0   MM      MM  MM
  MONTH TO DATE    0.0               MM
  SINCE MAR 1      0.0               MM
  SINCE JUL 1      0.0               MM

DEGREE DAYS
 HEATING
  TODAY           22

 COOLING
  TODAY            0
........................................................







THE WOLF POINT MT CLIMATE NORMALS FOR TOMORROW
                         NORMAL    RECORD    YEAR
 MAXIMUM TEMPERATURE (F)   71        MM        MM
 MINIMUM TEMPERATURE (F)   42        MM        MM


SUNRISE AND SUNSET
MAY 22 2015...........SUNRISE   515 AM MDT   SUNSET   843 PM MDT
MAY 23 2015...........SUNRISE   514 AM MDT   SUNSET   845 PM MDT


-  INDICATES NEGATIVE NUMBERS.
R  INDICATES RECORD WAS SET OR TIED.
MM INDICATES DATA IS MISSING.
T  INDICATES TRACE AMOUNT.




$$
