000
CDUS45 KGGW 010746
CLIOLF


CLIMATE REPORT
NATIONAL WEATHER SERVICE GLASGOW MT
145 AM MDT FRI AUG 1 2014


...................................

...THE WOLF POINT MT CLIMATE SUMMARY FOR JULY 31 2014...

CLIMATE NORMAL PERIOD 1981 TO 2010
CLIMATE RECORD PERIOD 9999 TO 9999


WEATHER ITEM   OBSERVED RECORD YEAR NORMAL DEPARTURE
                VALUE   VALUE       VALUE  FROM
                                           NORMAL
........................................................
TEMPERATURE (F)
 YESTERDAY
  MAXIMUM        100     MM      MM  88
  MINIMUM         64     MM      MM  56
  AVERAGE         82

PRECIPITATION (IN)
  YESTERDAY        0.00  MM      MM   0.06  -0.06
  MONTH TO DATE    0.65               1.98  -1.33
  SINCE OCT 1      5.73               9.89  -4.16
  SINCE JAN 1      5.17               8.39  -3.22

SNOWFALL (IN)
  YESTERDAY        0.0   MM      MM  MM
  MONTH TO DATE    0.0               MM
  SINCE JUN 1      0.0               MM
  SINCE JUL 1      0.0               MM

DEGREE DAYS
 HEATING
  YESTERDAY        0

 COOLING
  YESTERDAY       17
........................................................







THE WOLF POINT MT CLIMATE NORMALS FOR TODAY
                         NORMAL    RECORD    YEAR
 MAXIMUM TEMPERATURE (F)   88        MM        MM
 MINIMUM TEMPERATURE (F)   56        MM        MM


SUNRISE AND SUNSET
AUGUST  1 2014........SUNRISE   538 AM MDT   SUNSET   838 PM MDT
AUGUST  2 2014........SUNRISE   540 AM MDT   SUNSET   837 PM MDT


-  INDICATES NEGATIVE NUMBERS.
R  INDICATES RECORD WAS SET OR TIED.
MM INDICATES DATA IS MISSING.
T  INDICATES TRACE AMOUNT.




$$
