000
CDUS46 KSEW 310826
CLIOLM


CLIMATE REPORT
NATIONAL WEATHER SERVICE SEATTLE WA
126 AM PDT FRI OCT 31 2014


...................................

...THE OLYMPIA WA AIRPORT CLIMATE SUMMARY FOR OCTOBER 30 2014...

CLIMATE NORMAL PERIOD 1981 TO 2010
CLIMATE RECORD PERIOD 1948 TO 2014


WEATHER ITEM   OBSERVED TIME   RECORD YEAR NORMAL DEPARTURE LAST
                VALUE   (LST)  VALUE       VALUE  FROM      YEAR
                                                  NORMAL
..................................................................
TEMPERATURE (F)
 YESTERDAY
  MAXIMUM         59    543 PM  73    1958  55      4       58
  MINIMUM         51   1233 AM  17    2002  39     12       32
  AVERAGE         55                        47      8       45

PRECIPITATION (IN)
  YESTERDAY        0.66          2.04 1997   0.23   0.43     0.04
  MONTH TO DATE    6.29                      4.38   1.91     1.98
  SINCE OCT 1      6.29                      4.38   1.91     1.98
  SINCE JAN 1     41.77                     33.69   8.08    34.60

DEGREE DAYS
 HEATING
  YESTERDAY       10                        18     -8       20
  MONTH TO DATE  262                       436   -174      490
  SINCE SEP 1    380                       626   -246      632
  SINCE JUL 1    433                       776   -343      709

 COOLING
  YESTERDAY        0                         0      0        0
  MONTH TO DATE    0                         0      0        0
  SINCE SEP 1      6                         7     -1       26
  SINCE JAN 1    187                       106     81      147
..................................................................


WIND (MPH)
  RESULTANT WIND SPEED   2   RESULTANT WIND DIRECTION   S (200)
  HIGHEST WIND SPEED    14   HIGHEST WIND DIRECTION    SW (210)
  HIGHEST GUST SPEED    19   HIGHEST GUST DIRECTION     S (180)
  AVERAGE WIND SPEED     2.9


SKY COVER
  AVERAGE SKY COVER 0.9


WEATHER CONDITIONS
 THE FOLLOWING WEATHER WAS RECORDED YESTERDAY.
  HEAVY RAIN
  RAIN
  LIGHT RAIN
  FOG


RELATIVE HUMIDITY (PERCENT)
 HIGHEST   100           100 AM
 LOWEST     93           300 AM
 AVERAGE    97

..........................................................


THE OLYMPIA WA AIRPORT CLIMATE NORMALS FOR TODAY
                         NORMAL    RECORD    YEAR
 MAXIMUM TEMPERATURE (F)   55        74      1949
 MINIMUM TEMPERATURE (F)   39        14      2002


SUNRISE AND SUNSET
OCTOBER 31 2014.......SUNRISE   753 AM PDT   SUNSET   557 PM PDT
NOVEMBER  1 2014......SUNRISE   754 AM PDT   SUNSET   555 PM PDT


-  INDICATES NEGATIVE NUMBERS.
R  INDICATES RECORD WAS SET OR TIED.
MM INDICATES DATA IS MISSING.
T  INDICATES TRACE AMOUNT.




$$
