000
CDUS46 KSEW 310121
CLIOLM


CLIMATE REPORT
NATIONAL WEATHER SERVICE SEATTLE WA
620 PM PDT WED JUL 30 2014


...................................

...THE OLYMPIA WA AIRPORT CLIMATE SUMMARY FOR JULY 30 2014...
VALID TODAY AS OF 0600 PM LOCAL TIME.

CLIMATE NORMAL PERIOD 1981 TO 2010
CLIMATE RECORD PERIOD 1948 TO 2014


WEATHER ITEM   OBSERVED TIME   RECORD YEAR NORMAL DEPARTURE LAST
                VALUE   (LST)  VALUE       VALUE  FROM      YEAR
                                                  NORMAL
..................................................................
TEMPERATURE (F)
 TODAY
  MAXIMUM         87    455 PM  97    1965  79      8       77
  MINIMUM         53    341 AM  42    1969  52      1       50
                                      1956
  AVERAGE         70                        65      5       64

PRECIPITATION (IN)
  TODAY            0.00          0.13 1955   0.02  -0.02     0.00
  MONTH TO DATE    0.27                      0.62  -0.35      T
  SINCE OCT 1     39.80                     47.34  -7.54    48.38
  SINCE JAN 1     30.96                     26.65   4.31    21.42

DEGREE DAYS
 HEATING
  TODAY            0                         2     -2        1
  MONTH TO DATE   33                        78    -45       57
  SINCE JUN 1    188                       266    -78      193
  SINCE JUL 1     33                        78    -45       57

 COOLING
  TODAY            5                         2      3        0
  MONTH TO DATE   90                        44     46       36
  SINCE JUN 1     91                        55     36       62
  SINCE JAN 1     92                        58     34       64
..................................................................


WIND (MPH)
  RESULTANT WIND SPEED   3   RESULTANT WIND DIRECTION   N (10)
  HIGHEST WIND SPEED    13   HIGHEST WIND DIRECTION    NE (30)
  HIGHEST GUST SPEED    18   HIGHEST GUST DIRECTION     N (10)
  AVERAGE WIND SPEED     3.6


SKY COVER
  AVERAGE SKY COVER 0.3


WEATHER CONDITIONS
 THE FOLLOWING WEATHER WAS RECORDED TODAY.
  FOG
  FOG W/VISIBILITY <= 1/4 MILE


RELATIVE HUMIDITY (PERCENT)
 HIGHEST   100           500 AM
 LOWEST     31           500 PM
 AVERAGE    66

..........................................................


THE OLYMPIA WA AIRPORT CLIMATE NORMALS FOR TOMORROW
                         NORMAL    RECORD    YEAR
 MAXIMUM TEMPERATURE (F)   79        99      1965
 MINIMUM TEMPERATURE (F)   52        40      1957


SUNRISE AND SUNSET
JULY 30 2014..........SUNRISE   549 AM PDT   SUNSET   846 PM PDT
JULY 31 2014..........SUNRISE   550 AM PDT   SUNSET   845 PM PDT


-  INDICATES NEGATIVE NUMBERS.
R  INDICATES RECORD WAS SET OR TIED.
MM INDICATES DATA IS MISSING.
T  INDICATES TRACE AMOUNT.




$$
