000
CDUS46 KSEW 270830
CLIOLM


CLIMATE REPORT
NATIONAL WEATHER SERVICE SEATTLE WA
1230 AM PST SAT DEC 27 2014


...................................

...THE OLYMPIA WA AIRPORT CLIMATE SUMMARY FOR DECEMBER 26 2014...

CLIMATE NORMAL PERIOD 1981 TO 2010
CLIMATE RECORD PERIOD 1948 TO 2014


WEATHER ITEM   OBSERVED TIME   RECORD YEAR NORMAL DEPARTURE LAST
                VALUE   (LST)  VALUE       VALUE  FROM      YEAR
                                                  NORMAL
..................................................................
TEMPERATURE (F)
 YESTERDAY
  MAXIMUM         43    304 PM  62    1980  44     -1       45
  MINIMUM         37    952 AM  17    1962  33      4       28
                                      1948
  AVERAGE         40                        38      2       37

PRECIPITATION (IN)
  YESTERDAY        T             2.45 1994   0.24  -0.24     0.00
  MONTH TO DATE    5.35                      6.33  -0.98     1.99
  SINCE OCT 1     18.38                     19.56  -1.18     8.81
  SINCE JAN 1     53.86                     48.87   4.99    41.43

DEGREE DAYS
 HEATING
  YESTERDAY       25                        27     -2       28
  MONTH TO DATE  580                       691   -111      764
  SINCE DEC 1    580                       691   -111      764
  SINCE JUL 1   1679                      2136   -457     2160

 COOLING
  YESTERDAY        0                         0      0        0
  MONTH TO DATE    0                         0      0        0
  SINCE DEC 1      0                         0      0        0
  SINCE JAN 1    187                       106     81      147
..................................................................


WIND (MPH)
  RESULTANT WIND SPEED   1   RESULTANT WIND DIRECTION   E (90)
  HIGHEST WIND SPEED     6   HIGHEST WIND DIRECTION     E (70)
  HIGHEST GUST SPEED     7   HIGHEST GUST DIRECTION     S (160)
  AVERAGE WIND SPEED     0.9


SKY COVER
  AVERAGE SKY COVER 1.0


WEATHER CONDITIONS
 THE FOLLOWING WEATHER WAS RECORDED YESTERDAY.
  LIGHT RAIN
  FOG


RELATIVE HUMIDITY (PERCENT)
 HIGHEST   100          1200 AM
 LOWEST     85          1100 AM
 AVERAGE    93

..........................................................


THE OLYMPIA WA AIRPORT CLIMATE NORMALS FOR TODAY
                         NORMAL    RECORD    YEAR
 MAXIMUM TEMPERATURE (F)   44        58      1980
 MINIMUM TEMPERATURE (F)   33        16      1977


SUNRISE AND SUNSET
DECEMBER 27 2014......SUNRISE   757 AM PST   SUNSET   429 PM PST
DECEMBER 28 2014......SUNRISE   757 AM PST   SUNSET   430 PM PST


-  INDICATES NEGATIVE NUMBERS.
R  INDICATES RECORD WAS SET OR TIED.
MM INDICATES DATA IS MISSING.
T  INDICATES TRACE AMOUNT.




$$
