000
CDUS46 KSEW 200838
CLIOLM


CLIMATE REPORT
NATIONAL WEATHER SERVICE SEATTLE WA
1238 AM PST FRI JAN 20 2017


...................................

...THE OLYMPIA WA AIRPORT CLIMATE SUMMARY FOR JANUARY 19 2017...

CLIMATE NORMAL PERIOD 1981 TO 2010
CLIMATE RECORD PERIOD 1948 TO 2017


WEATHER ITEM   OBSERVED TIME   RECORD YEAR NORMAL DEPARTURE LAST
                VALUE   (LST)  VALUE       VALUE  FROM      YEAR
                                                  NORMAL
..................................................................
TEMPERATURE (F)
 YESTERDAY
  MAXIMUM         47        MM  64    2005  46      1       45
  MINIMUM         43        MM  15    1984  34      9       37
  AVERAGE         45                        40      5       41

PRECIPITATION (IN)
  YESTERDAY        0.09          2.47 1967   0.27  -0.18     0.47
  MONTH TO DATE    3.54                      4.97  -1.43     3.11
  SINCE OCT 1     31.64                     25.66   5.98    36.11
  SINCE JAN 1      3.54                      4.97  -1.43     3.11

DEGREE DAYS
 HEATING
  YESTERDAY       20                        25     -5       24
  MONTH TO DATE  603                       485    118      520
  SINCE DEC 1   1515                      1310    205     1269
  SINCE JUL 1   2712                      2755    -43     2545

 COOLING
  YESTERDAY        0                         0      0        0
  MONTH TO DATE    0                         0      0        0
  SINCE DEC 1      0                         0      0        0
  SINCE JAN 1      0                         0      0        0
..................................................................


WIND (MPH)
  RESULTANT WIND SPEED  10   RESULTANT WIND DIRECTION   S (190)
  HIGHEST WIND SPEED    21   HIGHEST WIND DIRECTION     S (190)
  HIGHEST GUST SPEED    27   HIGHEST GUST DIRECTION     S (170)
  AVERAGE WIND SPEED    10.5


SKY COVER
  AVERAGE SKY COVER 0.8


WEATHER CONDITIONS
 THE FOLLOWING WEATHER WAS RECORDED YESTERDAY.
  RAIN
  LIGHT RAIN
  FOG


RELATIVE HUMIDITY (PERCENT)
 HIGHEST   100          1100 AM
 LOWEST     86          1000 AM
 AVERAGE    93

..........................................................


THE OLYMPIA WA AIRPORT CLIMATE NORMALS FOR TODAY
                         NORMAL    RECORD    YEAR
 MAXIMUM TEMPERATURE (F)   46        59      1995
 MINIMUM TEMPERATURE (F)   34         7      1954


SUNRISE AND SUNSET
JANUARY 20 2017.......SUNRISE   749 AM PST   SUNSET   457 PM PST
JANUARY 21 2017.......SUNRISE   748 AM PST   SUNSET   459 PM PST


-  INDICATES NEGATIVE NUMBERS.
R  INDICATES RECORD WAS SET OR TIED.
MM INDICATES DATA IS MISSING.
T  INDICATES TRACE AMOUNT.




$$
