000
CDUS46 KSEW 300833
CLIOLM


CLIMATE REPORT
NATIONAL WEATHER SERVICE SEATTLE WA
133 AM PDT SUN APR 30 2017


...................................

...THE OLYMPIA WA AIRPORT CLIMATE SUMMARY FOR APRIL 29 2017...

CLIMATE NORMAL PERIOD 1981 TO 2010
CLIMATE RECORD PERIOD 1948 TO 2017


WEATHER ITEM   OBSERVED TIME   RECORD YEAR NORMAL DEPARTURE LAST
                VALUE   (LST)  VALUE       VALUE  FROM      YEAR
                                                  NORMAL
..................................................................
TEMPERATURE (F)
 YESTERDAY
  MAXIMUM         59    327 PM  81    1957  62     -3       61
  MINIMUM         32    457 AM  28    1952  40     -8       43
  AVERAGE         46                        51     -5       52

PRECIPITATION (IN)
  YESTERDAY        0.37          1.14 1959   0.09   0.28     0.01
  MONTH TO DATE    5.53                      3.45   2.08     1.58
  SINCE OCT 1     57.97                     42.54  15.43    58.23
  SINCE JAN 1     29.87                     21.85   8.02    25.23

DEGREE DAYS
 HEATING
  YESTERDAY       19                        14      5       13
  MONTH TO DATE  497                       486     11      335
  SINCE MAR 1   1132                      1122     10      914
  SINCE JUL 1   4860                      4844     16     4272

 COOLING
  YESTERDAY        0                         0      0        0
  MONTH TO DATE    0                         0      0        1
  SINCE MAR 1      0                         0      0        1
  SINCE JAN 1      0                         0      0        1
..................................................................


WIND (MPH)
  RESULTANT WIND SPEED   4   RESULTANT WIND DIRECTION  SW (210)
  HIGHEST WIND SPEED    14   HIGHEST WIND DIRECTION    SW (230)
  HIGHEST GUST SPEED    20   HIGHEST GUST DIRECTION     S (190)
  AVERAGE WIND SPEED     5.5


SKY COVER
  AVERAGE SKY COVER 0.6


WEATHER CONDITIONS
 THE FOLLOWING WEATHER WAS RECORDED YESTERDAY.
  RAIN
  LIGHT RAIN
  FOG


RELATIVE HUMIDITY (PERCENT)
 HIGHEST   100          1200 AM
 LOWEST     51           100 PM
 AVERAGE    76

..........................................................


THE OLYMPIA WA AIRPORT CLIMATE NORMALS FOR TODAY
                         NORMAL    RECORD    YEAR
 MAXIMUM TEMPERATURE (F)   62        84      1998
 MINIMUM TEMPERATURE (F)   40        26      1964


SUNRISE AND SUNSET
APRIL 30 2017.........SUNRISE   557 AM PDT   SUNSET   821 PM PDT
MAY  1 2017...........SUNRISE   556 AM PDT   SUNSET   823 PM PDT


-  INDICATES NEGATIVE NUMBERS.
R  INDICATES RECORD WAS SET OR TIED.
MM INDICATES DATA IS MISSING.
T  INDICATES TRACE AMOUNT.




$$
