000
CDUS46 KSEW 300828
CLIOLM


CLIMATE REPORT
NATIONAL WEATHER SERVICE SEATTLE WA
128 AM PDT THU JUL 30 2015


...................................

...THE OLYMPIA WA AIRPORT CLIMATE SUMMARY FOR JULY 29 2015...

CLIMATE NORMAL PERIOD 1981 TO 2010
CLIMATE RECORD PERIOD 1948 TO 2015


WEATHER ITEM   OBSERVED TIME   RECORD YEAR NORMAL DEPARTURE LAST
                VALUE   (LST)  VALUE       VALUE  FROM      YEAR
                                                  NORMAL
..................................................................
TEMPERATURE (F)
 YESTERDAY
  MAXIMUM         91    512 PM 104    2009  79     12       89
  MINIMUM         49    447 AM  41    1954  52     -3       50
  AVERAGE         70                        65      5       70

PRECIPITATION (IN)
  YESTERDAY        0.00          0.12 2008   0.01  -0.01     0.00
  MONTH TO DATE    0.15                      0.60  -0.45     0.27
  SINCE OCT 1     39.81                     47.32  -7.51    39.80
  SINCE JAN 1     20.78                     26.63  -5.85    30.96

DEGREE DAYS
 HEATING
  YESTERDAY        0                         2     -2        0
  MONTH TO DATE   17                        76    -59       33
  SINCE JUN 1     80                       264   -184      188
  SINCE JUL 1     17                        76    -59       33

 COOLING
  YESTERDAY        5                         2      3        5
  MONTH TO DATE  101                        42     59       85
  SINCE JUN 1    173                        53    120       86
  SINCE JAN 1    174                        56    118       87
..................................................................


WIND (MPH)
  RESULTANT WIND SPEED   4   RESULTANT WIND DIRECTION  NE (40)
  HIGHEST WIND SPEED    13   HIGHEST WIND DIRECTION     N (20)
  HIGHEST GUST SPEED    20   HIGHEST GUST DIRECTION    NE (30)
  AVERAGE WIND SPEED     4.5


SKY COVER
  AVERAGE SKY COVER 0.0


WEATHER CONDITIONS
 THE FOLLOWING WEATHER WAS RECORDED YESTERDAY.
  NO SIGNIFICANT WEATHER WAS OBSERVED.


RELATIVE HUMIDITY (PERCENT)
 HIGHEST    89           300 AM
 LOWEST     18           500 PM
 AVERAGE    54

..........................................................


THE OLYMPIA WA AIRPORT CLIMATE NORMALS FOR TODAY
                         NORMAL    RECORD    YEAR
 MAXIMUM TEMPERATURE (F)   79        97      1965
 MINIMUM TEMPERATURE (F)   52        42      1969
                                             1956


SUNRISE AND SUNSET
JULY 30 2015..........SUNRISE   548 AM PDT   SUNSET   847 PM PDT
JULY 31 2015..........SUNRISE   550 AM PDT   SUNSET   845 PM PDT


-  INDICATES NEGATIVE NUMBERS.
R  INDICATES RECORD WAS SET OR TIED.
MM INDICATES DATA IS MISSING.
T  INDICATES TRACE AMOUNT.




$$
