000
CDUS46 KSEW 270850
CLIOLM


CLIMATE REPORT
NATIONAL WEATHER SERVICE SEATTLE WA
149 AM PDT TUE JUN 27 2017


...................................

...THE OLYMPIA WA AIRPORT CLIMATE SUMMARY FOR JUNE 26 2017...

CLIMATE NORMAL PERIOD 1981 TO 2010
CLIMATE RECORD PERIOD 1948 TO 2017


WEATHER ITEM   OBSERVED TIME   RECORD YEAR NORMAL DEPARTURE LAST
                VALUE   (LST)  VALUE       VALUE  FROM      YEAR
                                                  NORMAL
..................................................................
TEMPERATURE (F)
 YESTERDAY
  MAXIMUM         71    217 PM  93    2006  73     -2       81
  MINIMUM         53   1159 PM  33    1976  49      4       48
  AVERAGE         62                        61      1       65

PRECIPITATION (IN)
  YESTERDAY        0.00          0.90 1982   0.04  -0.04     0.00
  MONTH TO DATE    1.33                      1.60  -0.27     1.24
  SINCE OCT 1     62.37                     46.56  15.81    59.62
  SINCE JAN 1     34.27                     25.87   8.40    26.62

DEGREE DAYS
 HEATING
  YESTERDAY        3                         5     -2        0
  MONTH TO DATE  141                       169    -28      159
  SINCE JUN 1    141                       169    -28      159
  SINCE JUL 1   5302                      5365    -63     4679

 COOLING
  YESTERDAY        0                         1     -1        0
  MONTH TO DATE   19                         5     14       31
  SINCE JUN 1     19                         5     14       31
  SINCE JAN 1     29                         8     21       32
..................................................................


WIND (MPH)
  RESULTANT WIND SPEED   7   RESULTANT WIND DIRECTION  SW (220)
  HIGHEST WIND SPEED    20   HIGHEST WIND DIRECTION    SW (230)
  HIGHEST GUST SPEED    26   HIGHEST GUST DIRECTION     S (190)
  AVERAGE WIND SPEED     8.4


SKY COVER
  AVERAGE SKY COVER 0.3


WEATHER CONDITIONS
 THE FOLLOWING WEATHER WAS RECORDED YESTERDAY.
  NO SIGNIFICANT WEATHER WAS OBSERVED.


RELATIVE HUMIDITY (PERCENT)
 HIGHEST    93           100 AM
 LOWEST     57           200 PM
 AVERAGE    75

..........................................................


THE OLYMPIA WA AIRPORT CLIMATE NORMALS FOR TODAY
                         NORMAL    RECORD    YEAR
 MAXIMUM TEMPERATURE (F)   73        93      2015
 MINIMUM TEMPERATURE (F)   49        38      1976


SUNRISE AND SUNSET
JUNE 27 2017..........SUNRISE   519 AM PDT   SUNSET   911 PM PDT
JUNE 28 2017..........SUNRISE   519 AM PDT   SUNSET   910 PM PDT


-  INDICATES NEGATIVE NUMBERS.
R  INDICATES RECORD WAS SET OR TIED.
MM INDICATES DATA IS MISSING.
T  INDICATES TRACE AMOUNT.




$$
