777
CDUS43 KOAX 270624
CLIOMA


CLIMATE REPORT
NATIONAL WEATHER SERVICE OMAHA NEBRASKA
121 AM CDT TUE SEP 27 2016


...................................

...THE OMAHA EPPLEY, NEBRASKA CLIMATE SUMMARY FOR SEPTEMBER 26 2016...

CLIMATE NORMAL PERIOD 1981 TO 2010
CLIMATE RECORD PERIOD 1871 TO 2016


WEATHER ITEM   OBSERVED TIME   RECORD YEAR NORMAL DEPARTURE LAST
                VALUE   (LST)  VALUE       VALUE  FROM      YEAR
                                                  NORMAL
..................................................................
TEMPERATURE (F)
 YESTERDAY
  MAXIMUM         77    444 PM  95    1897  73      4       82
  MINIMUM         49    632 AM  33    1942  49      0       53
  AVERAGE         63                        61      2       68

PRECIPITATION (IN)
  YESTERDAY        0.00          1.22 1936   0.08  -0.08     0.00
                                      1884
  MONTH TO DATE    4.42                      2.35   2.07     9.00
  SINCE SEP 1      4.42                      2.35   2.07     9.00
  SINCE JAN 1     30.74                     25.46   5.28    35.65

SNOWFALL (IN)
  YESTERDAY        0.0                       0.0    0.0      0.0
  MONTH TO DATE    0.0                       0.0    0.0      0.0
  SINCE JUL 1      T                         0.0    0.0      0.0
  SNOW DEPTH       0

DEGREE DAYS
 HEATING
  YESTERDAY        2                         6     -4        0
  MONTH TO DATE   10                        69    -59       25
  SINCE SEP 1     10                        69    -59       25
  SINCE JUL 1     10                        77    -67       29

 COOLING
  YESTERDAY        0                         2     -2        3
  MONTH TO DATE  207                       110     97      223
  SINCE SEP 1    207                       110     97      223
  SINCE JAN 1   1454                      1090    364     1176
..................................................................


WIND (MPH)
  HIGHEST WIND SPEED    22   HIGHEST WIND DIRECTION     W (290)
  HIGHEST GUST SPEED    28   HIGHEST GUST DIRECTION    NW (300)
  AVERAGE WIND SPEED     7.7


SKY COVER
  POSSIBLE SUNSHINE  MM
  AVERAGE SKY COVER 0.0


WEATHER CONDITIONS
 THE FOLLOWING WEATHER WAS RECORDED YESTERDAY.
  NO SIGNIFICANT WEATHER WAS OBSERVED.


RELATIVE HUMIDITY (PERCENT)
 HIGHEST    77          1100 PM
 LOWEST     26           400 PM
 AVERAGE    52

..........................................................


THE OMAHA EPPLEY, NEBRASKA CLIMATE NORMALS FOR TODAY
                         NORMAL    RECORD    YEAR
 MAXIMUM TEMPERATURE (F)   73        92      1971
                                             1956
 MINIMUM TEMPERATURE (F)   49        31      1942


SUNRISE AND SUNSET
SEPTEMBER 27 2016.....SUNRISE   717 AM CDT   SUNSET   711 PM CDT
SEPTEMBER 28 2016.....SUNRISE   718 AM CDT   SUNSET   710 PM CDT


-  INDICATES NEGATIVE NUMBERS.
R  INDICATES RECORD WAS SET OR TIED.
MM INDICATES DATA IS MISSING.
T  INDICATES TRACE AMOUNT.


$$

BCM
