000
CDUS43 KOAX 250658
CLIOMA


CLIMATE REPORT
NATIONAL WEATHER SERVICE OMAHA NEBRASKA
1258 AM CST SAT FEB 25 2017


...................................

...THE OMAHA EPPLEY, NEBRASKA CLIMATE SUMMARY FOR FEBRUARY 24 2017...

CLIMATE NORMAL PERIOD 1981 TO 2010
CLIMATE RECORD PERIOD 1871 TO 2017


WEATHER ITEM   OBSERVED TIME   RECORD YEAR NORMAL DEPARTURE LAST
                VALUE   (LST)  VALUE       VALUE  FROM      YEAR
                                                  NORMAL
..................................................................
TEMPERATURE (F)
 YESTERDAY
  MAXIMUM         35    302 AM  70    1996  41     -6       43
                                      1930
  MINIMUM         23   1159 PM  -6    2010  21      2       27
                                      1965
                                      1874
  AVERAGE         29                        31     -2       35

PRECIPITATION (IN)
  YESTERDAY        0.13          0.80 2007   0.04   0.09     0.01
  MONTH TO DATE    1.01                      0.70   0.31     0.61
  SINCE DEC 1      3.34                      2.46   0.88     6.98
  SINCE JAN 1      1.87                      1.42   0.45     1.72

SNOWFALL (IN)
  YESTERDAY        2.0                       0.2    1.8       T
  MONTH TO DATE    5.2                       5.4   -0.2      6.3
  SINCE JUL 1     11.1                      20.5   -9.4     27.4
  SNOW DEPTH       1

DEGREE DAYS
 HEATING
  YESTERDAY       36                        34      2       30
  MONTH TO DATE  638                       901   -263      778
  SINCE DEC 1   2958                      3396   -438     2980
  SINCE JUL 1   3709                      4666   -957     3858

 COOLING
  YESTERDAY        0                         0      0        0
  MONTH TO DATE    0                         0      0        0
  SINCE DEC 1      0                         0      0        0
  SINCE JAN 1      0                         0      0        0
..................................................................


WIND (MPH)
  HIGHEST WIND SPEED    31   HIGHEST WIND DIRECTION     N (350)
  HIGHEST GUST SPEED    41   HIGHEST GUST DIRECTION     N (340)
  AVERAGE WIND SPEED    20.6


SKY COVER
  POSSIBLE SUNSHINE  MM
  AVERAGE SKY COVER 0.9


WEATHER CONDITIONS
 THE FOLLOWING WEATHER WAS RECORDED YESTERDAY.
  LIGHT RAIN
  LT FREEZING RAIN
  SNOW
  LIGHT SNOW
  FOG
  HAZE
  BLOWING SNOW


RELATIVE HUMIDITY (PERCENT)
 HIGHEST    89           100 AM
 LOWEST     68           500 PM
 AVERAGE    79

..........................................................


THE OMAHA EPPLEY, NEBRASKA CLIMATE NORMALS FOR TODAY
                         NORMAL    RECORD    YEAR
 MAXIMUM TEMPERATURE (F)   42        74      1995
 MINIMUM TEMPERATURE (F)   21        -2      1965


SUNRISE AND SUNSET
FEBRUARY 25 2017......SUNRISE   704 AM CST   SUNSET   610 PM CST
FEBRUARY 26 2017......SUNRISE   702 AM CST   SUNSET   611 PM CST


-  INDICATES NEGATIVE NUMBERS.
R  INDICATES RECORD WAS SET OR TIED.
MM INDICATES DATA IS MISSING.
T  INDICATES TRACE AMOUNT.




$$
