000
CDUS43 KOAX 110702
CLIOMA


CLIMATE REPORT
NATIONAL WEATHER SERVICE OMAHA NEBRASKA
101 AM CST THU FEB 11 2016


...................................

...THE OMAHA EPPLEY, NEBRASKA CLIMATE SUMMARY FOR FEBRUARY 10 2016...

CLIMATE NORMAL PERIOD 1981 TO 2010
CLIMATE RECORD PERIOD 1871 TO 2016


WEATHER ITEM   OBSERVED TIME   RECORD YEAR NORMAL DEPARTURE LAST
                VALUE   (LST)  VALUE       VALUE  FROM      YEAR
                                                  NORMAL
..................................................................
TEMPERATURE (F)
 YESTERDAY
  MAXIMUM         37    444 PM  77    1999  36      1       40
  MINIMUM         19   1226 AM -18    1885  17      2       31
  AVERAGE         28                        26      2       36

PRECIPITATION (IN)
  YESTERDAY        T             0.32 1887   0.03  -0.03     0.00
  MONTH TO DATE    0.49                      0.27   0.22     0.39
  SINCE DEC 1      6.86                      2.03   4.83     2.76
  SINCE JAN 1      1.60                      0.99   0.61     1.08

SNOWFALL (IN)
  YESTERDAY        T                         0.2   -0.2      0.0
  MONTH TO DATE    6.1                       2.3    3.8      5.9
  SINCE JUL 1     27.2                      17.4    9.8     13.1
  SNOW DEPTH       T

DEGREE DAYS
 HEATING
  YESTERDAY       37                        39     -2       29
  MONTH TO DATE  374                       395    -21      410
  SINCE DEC 1   2576                      2890   -314     2588
  SINCE JUL 1   3454                      4160   -706     3889

 COOLING
  YESTERDAY        0                         0      0        0
  MONTH TO DATE    0                         0      0        0
  SINCE DEC 1      0                         0      0        0
  SINCE JAN 1      0                         0      0        0
..................................................................


WIND (MPH)
  HIGHEST WIND SPEED    16   HIGHEST WIND DIRECTION     S (160)
  HIGHEST GUST SPEED    19   HIGHEST GUST DIRECTION    NE (030)
  AVERAGE WIND SPEED     9.0


SKY COVER
  POSSIBLE SUNSHINE  MM
  AVERAGE SKY COVER 0.7


WEATHER CONDITIONS
 THE FOLLOWING WEATHER WAS RECORDED YESTERDAY.
  LIGHT SNOW


RELATIVE HUMIDITY (PERCENT)
 HIGHEST    84           200 AM
 LOWEST     54           300 PM
 AVERAGE    69

..........................................................


THE OMAHA EPPLEY, NEBRASKA CLIMATE NORMALS FOR TODAY
                         NORMAL    RECORD    YEAR
 MAXIMUM TEMPERATURE (F)   37        68      1951
 MINIMUM TEMPERATURE (F)   17       -26      1899


SUNRISE AND SUNSET
FEBRUARY 11 2016......SUNRISE   724 AM CST   SUNSET   552 PM CST
FEBRUARY 12 2016......SUNRISE   723 AM CST   SUNSET   553 PM CST


-  INDICATES NEGATIVE NUMBERS.
R  INDICATES RECORD WAS SET OR TIED.
MM INDICATES DATA IS MISSING.
T  INDICATES TRACE AMOUNT.




$$
