000
CDUS43 KOAX 240627
CLIOMA


CLIMATE REPORT
NATIONAL WEATHER SERVICE OMAHA NEBRASKA
124 AM CDT WED AUG 24 2016


...................................

...THE OMAHA EPPLEY, NEBRASKA CLIMATE SUMMARY FOR AUGUST 23 2016...

CLIMATE NORMAL PERIOD 1981 TO 2010
CLIMATE RECORD PERIOD 1871 TO 2016


WEATHER ITEM   OBSERVED TIME   RECORD YEAR NORMAL DEPARTURE LAST
                VALUE   (LST)  VALUE       VALUE  FROM      YEAR
                                                  NORMAL
..................................................................
TEMPERATURE (F)
 YESTERDAY
  MAXIMUM         86    414 PM 102    1975  84      2       73
  MINIMUM         66    957 PM  44    1891  63      3       55
  AVERAGE         76                        74      2       64

PRECIPITATION (IN)
  YESTERDAY        1.20          2.20 1895   0.12   1.08     0.00
  MONTH TO DATE    4.63                      2.92   1.71     8.03
  SINCE JUN 1     12.18                     10.93   1.25    15.04
  SINCE JAN 1     25.17                     22.21   2.96    25.73

SNOWFALL (IN)
  YESTERDAY        0.0                       0.0    0.0      0.0
  MONTH TO DATE    0.0                       0.0    0.0      0.0
  SINCE JUL 1      T                         0.0    0.0      0.0
  SNOW DEPTH       0

DEGREE DAYS
 HEATING
  YESTERDAY        0                         0      0        1
  MONTH TO DATE    0                         0      0        2
  SINCE JUN 1      0                        18    -18        3
  SINCE JUL 1      0                         1     -1        3

 COOLING
  YESTERDAY       11                         9      2        0
  MONTH TO DATE  278                       237     41      231
  SINCE JUN 1   1097                       832    265      873
  SINCE JAN 1   1180                       914    266      919
..................................................................


WIND (MPH)
  HIGHEST WIND SPEED    68   HIGHEST WIND DIRECTION    NW (310)
  HIGHEST GUST SPEED    96   HIGHEST GUST DIRECTION    NW (300)
  AVERAGE WIND SPEED    16.9


SKY COVER
  POSSIBLE SUNSHINE  MM
  AVERAGE SKY COVER 0.8


WEATHER CONDITIONS
 THE FOLLOWING WEATHER WAS RECORDED YESTERDAY.
  THUNDERSTORM
  HEAVY RAIN
  RAIN
  LIGHT RAIN
  FOG
  HAZE


RELATIVE HUMIDITY (PERCENT)
 HIGHEST    84           900 AM
 LOWEST     65           300 PM
 AVERAGE    75

..........................................................


THE OMAHA EPPLEY, NEBRASKA CLIMATE NORMALS FOR TODAY
                         NORMAL    RECORD    YEAR
 MAXIMUM TEMPERATURE (F)   84       105      1936
 MINIMUM TEMPERATURE (F)   63        47      1934


SUNRISE AND SUNSET
AUGUST 24 2016........SUNRISE   642 AM CDT   SUNSET   808 PM CDT
AUGUST 25 2016........SUNRISE   643 AM CDT   SUNSET   807 PM CDT


-  INDICATES NEGATIVE NUMBERS.
R  INDICATES RECORD WAS SET OR TIED.
MM INDICATES DATA IS MISSING.
T  INDICATES TRACE AMOUNT.


$$

BCM
