000
CDUS43 KOAX 250627
CLIOMA


CLIMATE REPORT
NATIONAL WEATHER SERVICE OMAHA NEBRASKA
125 AM CDT FRI JUL 25 2014


...................................

...THE OMAHA EPPLEY, NEBRASKA CLIMATE SUMMARY FOR JULY 24 2014...

CLIMATE NORMAL PERIOD 1981 TO 2010
CLIMATE RECORD PERIOD 1871 TO 2014


WEATHER ITEM   OBSERVED TIME   RECORD YEAR NORMAL DEPARTURE LAST
                VALUE   (LST)  VALUE       VALUE  FROM      YEAR
                                                  NORMAL
..................................................................
TEMPERATURE (F)
 YESTERDAY
  MAXIMUM         84    244 PM 107    1940  87     -3       85
  MINIMUM         66    550 AM  54    1911  66      0       57
  AVERAGE         75                        77     -2       71

PRECIPITATION (IN)
  YESTERDAY        T             2.30 1995   0.12  -0.12     0.00
  MONTH TO DATE    1.72                      2.95  -1.23     0.37
  SINCE JUN 1     12.24                      7.13   5.11     5.11
  SINCE JAN 1     19.06                     18.41   0.65    19.45

SNOWFALL (IN)
  YESTERDAY        0.0                       0.0    0.0      0.0
  MONTH TO DATE    0.0                       0.0    0.0      0.0
  SINCE JUL 1      0.0                       0.0    0.0      0.0
  SNOW DEPTH       0

DEGREE DAYS
 HEATING
  YESTERDAY        0                         0      0        0
  MONTH TO DATE    4                         0      4        0
  SINCE JUN 1     10                        17     -7       16
  SINCE JUL 1      4                         0      4        0

 COOLING
  YESTERDAY       10                        12     -2        6
  MONTH TO DATE  220                       284    -64      330
  SINCE JUN 1    487                       514    -27      565
  SINCE JAN 1    630                       596     34      661
..................................................................


WIND (MPH)
  HIGHEST WIND SPEED    29   HIGHEST WIND DIRECTION    SE (140)
  HIGHEST GUST SPEED    38   HIGHEST GUST DIRECTION    SE (140)
  AVERAGE WIND SPEED    14.9


SKY COVER
  POSSIBLE SUNSHINE  MM
  AVERAGE SKY COVER 0.5


WEATHER CONDITIONS
 THE FOLLOWING WEATHER WAS RECORDED YESTERDAY.
  LIGHT RAIN


RELATIVE HUMIDITY (PERCENT)
 HIGHEST    73           100 AM
 LOWEST     47           200 PM
 AVERAGE    60

..........................................................


THE OMAHA EPPLEY, NEBRASKA CLIMATE NORMALS FOR TODAY
                         NORMAL    RECORD    YEAR
 MAXIMUM TEMPERATURE (F)   87       114      1936
 MINIMUM TEMPERATURE (F)   66        52      1975


SUNRISE AND SUNSET
JULY 25 2014..........SUNRISE   612 AM CDT   SUNSET   847 PM CDT
JULY 26 2014..........SUNRISE   613 AM CDT   SUNSET   847 PM CDT


-  INDICATES NEGATIVE NUMBERS.
R  INDICATES RECORD WAS SET OR TIED.
MM INDICATES DATA IS MISSING.
T  INDICATES TRACE AMOUNT.




$$
