000
CDUS43 KOAX 310637
CLIOMA


CLIMATE REPORT
NATIONAL WEATHER SERVICE OMAHA NEBRASKA
137 AM CDT SUN AUG 31 2014


...................................

...THE OMAHA EPPLEY, NEBRASKA CLIMATE SUMMARY FOR AUGUST 30 2014...

CLIMATE NORMAL PERIOD 1981 TO 2010
CLIMATE RECORD PERIOD 1871 TO 2014


WEATHER ITEM   OBSERVED TIME   RECORD YEAR NORMAL DEPARTURE LAST
                VALUE   (LST)  VALUE       VALUE  FROM      YEAR
                                                  NORMAL
..................................................................
TEMPERATURE (F)
 YESTERDAY
  MAXIMUM         81    450 PM  99    2013  83     -2       99
                                      2012
                                      2000
  MINIMUM         63    503 AM  44    1915  61      2       74
  AVERAGE         72                        72      0       87

PRECIPITATION (IN)
  YESTERDAY        0.00          1.61 1962   0.11  -0.11     0.00
  MONTH TO DATE    9.49                      3.71   5.78     1.72
  SINCE JUN 1     21.73                     11.72  10.01     6.90
  SINCE JAN 1     28.55                     23.00   5.55    21.24

SNOWFALL (IN)
  YESTERDAY        0.0                       0.0    0.0      0.0
  MONTH TO DATE    0.0                       0.0    0.0      0.0
  SINCE JUL 1      0.0                       0.0    0.0      0.0
  SNOW DEPTH       0

DEGREE DAYS
 HEATING
  YESTERDAY        0                         1     -1        0
  MONTH TO DATE    0                         2     -2        0
  SINCE JUN 1     10                        20    -10       21
  SINCE JUL 1      4                         3      1        5

 COOLING
  YESTERDAY        7                         8     -1       22
  MONTH TO DATE  320                       295     25      357
  SINCE JUN 1    868                       890    -22      952
  SINCE JAN 1   1011                       972     39     1048
..................................................................


WIND (MPH)
  HIGHEST WIND SPEED    13   HIGHEST WIND DIRECTION    NW (320)
  HIGHEST GUST SPEED    14   HIGHEST GUST DIRECTION     N (340)
  AVERAGE WIND SPEED     6.0


SKY COVER
  POSSIBLE SUNSHINE  MM
  AVERAGE SKY COVER 0.2


WEATHER CONDITIONS
 THE FOLLOWING WEATHER WAS RECORDED YESTERDAY.
  FOG


RELATIVE HUMIDITY (PERCENT)
 HIGHEST    93          1200 AM
 LOWEST     58           300 PM
 AVERAGE    76

..........................................................


THE OMAHA EPPLEY, NEBRASKA CLIMATE NORMALS FOR TODAY
                         NORMAL    RECORD    YEAR
 MAXIMUM TEMPERATURE (F)   83       101      1913
 MINIMUM TEMPERATURE (F)   61        44      1967
                                             1886


SUNRISE AND SUNSET
AUGUST 31 2014........SUNRISE   649 AM CDT   SUNSET   758 PM CDT
SEPTEMBER  1 2014.....SUNRISE   650 AM CDT   SUNSET   756 PM CDT


-  INDICATES NEGATIVE NUMBERS.
R  INDICATES RECORD WAS SET OR TIED.
MM INDICATES DATA IS MISSING.
T  INDICATES TRACE AMOUNT.




$$
