000
CDUS43 KOAX 292123
CLIOMA


CLIMATE REPORT
NATIONAL WEATHER SERVICE OMAHA NEBRASKA
423 PM CDT MON JUN 29 2015


...................................

...THE OMAHA EPPLEY, NEBRASKA CLIMATE SUMMARY FOR JUNE 29 2015...
VALID TODAY AS OF 0400 PM LOCAL TIME.

CLIMATE NORMAL PERIOD 1981 TO 2010
CLIMATE RECORD PERIOD 1871 TO 2015


WEATHER ITEM   OBSERVED TIME   RECORD YEAR NORMAL DEPARTURE LAST
                VALUE   (LST)  VALUE       VALUE  FROM      YEAR
                                                  NORMAL
..................................................................
TEMPERATURE (F)
 TODAY
  MAXIMUM         87    259 PM 101    1911  87      0       86
  MINIMUM         64    509 AM  51    1923  65     -1       67
  AVERAGE         76                        76      0       77

PRECIPITATION (IN)
  TODAY            0.00          2.17 1965   0.12  -0.12     0.07
  MONTH TO DATE    4.50                      4.06   0.44    10.50
  SINCE JUN 1      4.50                      4.06   0.44    10.50
  SINCE JAN 1     15.19                     15.34  -0.15    17.32

SNOWFALL (IN)
  TODAY            0.0                       0.0    0.0      0.0
  MONTH TO DATE    0.0                       0.0    0.0      0.0
  SINCE JUL 1     13.8                      26.4  -12.6     17.8
  SNOW DEPTH       0

DEGREE DAYS
 HEATING
  TODAY            0                         0      0        0
  MONTH TO DATE    0                        15    -15        6
  SINCE JUN 1      0                        15    -15        6
  SINCE JUL 1   5820                      6165   -345     6536

 COOLING
  TODAY           11                        11      0       12
  MONTH TO DATE  254                       219     35      258
  SINCE JUN 1    254                       219     35      258
  SINCE JAN 1    300                       301     -1      401
..................................................................


WIND (MPH)
  HIGHEST WIND SPEED    15   HIGHEST WIND DIRECTION    NW (330)
  HIGHEST GUST SPEED    20   HIGHEST GUST DIRECTION     N (340)
  AVERAGE WIND SPEED     5.6


SKY COVER
  POSSIBLE SUNSHINE  MM
  AVERAGE SKY COVER 0.6


WEATHER CONDITIONS
 THE FOLLOWING WEATHER WAS RECORDED TODAY.
  NO SIGNIFICANT WEATHER WAS OBSERVED.


RELATIVE HUMIDITY (PERCENT)
 HIGHEST    81           200 AM
 LOWEST     45           200 PM
 AVERAGE    63

..........................................................


THE OMAHA EPPLEY, NEBRASKA CLIMATE NORMALS FOR TOMORROW
                         NORMAL    RECORD    YEAR
 MAXIMUM TEMPERATURE (F)   87       101      1961
 MINIMUM TEMPERATURE (F)   65        53      1988
                                             1959
                                             1951


SUNRISE AND SUNSET
JUNE 29 2015..........SUNRISE   553 AM CDT   SUNSET   901 PM CDT
JUNE 30 2015..........SUNRISE   554 AM CDT   SUNSET   901 PM CDT


-  INDICATES NEGATIVE NUMBERS.
R  INDICATES RECORD WAS SET OR TIED.
MM INDICATES DATA IS MISSING.
T  INDICATES TRACE AMOUNT.




$$
