000
CDAK49 PAOM 280930
CLIOME

CLIMATE REPORT
NATIONAL WEATHER SERVICE NOME, AK
1230 AM AKST SUN DEC 28 2014

...................................
...THE NOME WSO AP CLIMATE SUMMARY FOR DECEMBER 27 2014...

CLIMATE NORMAL PERIOD  1981 TO  2010
CLIMATE RECORD PERIOD  1906 TO  2014

WEATHER ITEM   OBSERVED TIME    RECORD YEAR NORMAL DEPARTURE LAST
               VALUE    (LST)   VALUE       VALUE  FROM      YEAR
                                                   NORMAL
...................................................................
TEMPERATURE
YESTERDAY
 MAXIMUM            28  1038 PM    40  1993     15      13      7
 MINIMUM             4  1223 AM   -41  1961      0       4    -12
 AVERAGE            16                           7       9     -3

PRECIPITATION
(INCHES)
 YESTERDAY           T           0.50  1994   0.04   -0.04   0.00
 MONTH TO DATE    0.25                        0.94   -0.69   1.98
 SINCE DEC 1      0.25                        0.94   -0.69   1.98
 SINCE JAN 1     13.92                       16.67   -2.75  22.30

SNOWFALL
(INCHES)
 YESTERDAY           T            7.0  1994    0.5    -0.5    0.0
 MONTH TO DATE     2.9                        12.5    -9.6   18.1
 SINCE DEC 1       2.9                        12.5    -9.6   18.1
 SINCE JUL 1      20.5                        29.8    -9.3   32.7
 SNOW DEPTH (IN)    10                                         16

DEGREE DAYS
 HEATING
  YESTERDAY         49                          58      -9     68
  MONTH TO DATE   1392                        1488     -96   1326
  SINCE DEC 1     1389                        1488     -99   1325
  SINCE JUL 1     4934                        5586    -652   5128

 COOLING
  YESTERDAY          0                           0       0      0
  MONTH TO DATE      0                           0       0      0
  SINCE DEC 1        0                           0       0      0
  SINCE JAN 1        3                           0       3      7
...................................................................

WIND (MPH)
 HIGHEST WIND SPEED    35     HIGHEST WIND DIRECTION    110
 HIGHEST GUST SPEED    44     HIGHEST GUST DIRECTION    110
 AVERAGE WIND SPEED  22.2

SKY COVER
  POSSIBLE SUNSHINE    MM          AVERAGE SKY COVER     MM

WEATHER CONDITIONS
 THE FOLLOWING WEATHER WAS RECORDED YESTERDAY.
  PATCHY FOG
  BLOWING SNOW
  LIGHT SNOWFALL

RELATIVE HUMIDITY
 HIGHEST RH     MM PERCENT       MM
 LOWEST  RH     MM PERCENT       MM
 AVERAGE RH     MM PERCENT       MM
...................................................................

THE NOME CLIMATE NORMALS FOR TODAY
                           NORMAL    RECORD   YEAR
 MAXIMUM TEMPERATURE (F)     15        38     2009
 MINIMUM TEMPERATURE (F)     -1       -41     1961

SUNRISE AND SUNSET
 DEC 28 2014..........SUNRISE 12:03 PM      SUNSET  4:05 PM
 DEC 29 2014..........SUNRISE 12:03 PM      SUNSET  4:06 PM

-  INDICATES NEGATIVE NUMBERS.
R  INDICATES RECORD HAS BEEN SET OR TIED.
MM INDICATES DATA IS MISSING.
T  INDICATES TRACE OF PRECIPITATION.

&&
-------------------------------------------------------------------

AMOUNT OF DAYLIGHT TODAY  (HOUR:MIN)........4 HOURS 2 MINUTES
GAIN/LOSS SINCE YESTERDAY (HOUR:MIN:SEC)....+0:02:00

NOME TIDAL INFORMATION FOR 28 DECEMBER 2014
03:23 AM +0.5
09:22 AM +1.4
03:47 PM  0.0
10:26 PM +1.5

$$

CKC DEC 14
