588
CDAK49 PAFG 280942
CLIOME

CLIMATE REPORT
NATIONAL WEATHER SERVICE FAIRBANKS AK
142 AM AKDT WED JUN 28 2017


...................................

...THE NOME AK CLIMATE SUMMARY FOR JUNE 27 2017...

CLIMATE NORMAL PERIOD 1981 TO 2010
CLIMATE RECORD PERIOD 1906 TO 2017


WEATHER ITEM   OBSERVED TIME   RECORD YEAR NORMAL DEPARTURE LAST
                VALUE   (LST)  VALUE       VALUE  FROM      YEAR
                                                  NORMAL
..................................................................
TEMPERATURE (F)
 YESTERDAY
  MAXIMUM         58    754 PM  77    1908  58      0       50
  MINIMUM         49    601 AM  31    1918  44      5       46
  AVERAGE         54                        51      3       48

PRECIPITATION (IN)
  YESTERDAY        0.04          0.30 1958   0.04   0.00      T
  MONTH TO DATE    0.83                      0.86  -0.03     0.34
  SINCE JUN 1      0.83                      0.86  -0.03     0.34
  SINCE JAN 1      3.68                      5.00  -1.32     3.43

SNOWFALL (IN)
  YESTERDAY       MM             0.0    MM   0.0   MM       MM
  MONTH TO DATE    0.0                       0.3   -0.3      0.0
  SINCE JUN 1      0.0                       0.3   -0.3      0.0
  SINCE JUL 1     54.6                      75.7  -21.1     16.2
  SNOW DEPTH       0

DEGREE DAYS
 HEATING
  YESTERDAY       11                        14     -3       17
  MONTH TO DATE  326                       474   -148      409
  SINCE JUN 1    326                       474   -148      409
  SINCE JUL 1  12944                     13658   -714     6348

 COOLING
  YESTERDAY        0                         0      0        0
  MONTH TO DATE    4                         0      4        0
  SINCE JUN 1      4                         0      4        0
  SINCE JAN 1      4                         0      4        0
..................................................................


WIND (MPH)
  HIGHEST GUST SPEED    29   HIGHEST GUST DIRECTION    SE (120)


SKY COVER
  AVERAGE SKY COVER 1.0


WEATHER CONDITIONS
 THE FOLLOWING WEATHER WAS RECORDED YESTERDAY.
  LIGHT RAIN
  FOG


RELATIVE HUMIDITY (PERCENT)
 HIGHEST   100
 LOWEST     72
 AVERAGE    86

..........................................................


THE NOME AK CLIMATE NORMALS FOR TODAY
                         NORMAL    RECORD    YEAR
 MAXIMUM TEMPERATURE (F)   58        81      2004
 MINIMUM TEMPERATURE (F)   44        30      1970


SUNRISE AND SUNSET
JUNE 28 2017..........SUNRISE   426 AM AKDT  SUNSET   144 AM AKDT
JUNE 29 2017..........SUNRISE   428 AM AKDT  SUNSET   142 AM AKDT

-  INDICATES NEGATIVE NUMBERS.
R  INDICATES RECORD WAS SET OR TIED.
MM INDICATES DATA IS MISSING.
T  INDICATES TRACE AMOUNT.

&&

SNOW DEPTH IS MEASURED AT 3AM AKST/4AM AKDT.

----------------------------
AVAILABLE DAYLIGHT

AMOUNT OF DAYLIGHT TODAY  (HOUR:MIN)........21:19
GAIN/LOSS SINCE YESTERDAY (HOUR:MIN:SEC)....-0:02:43

NOME TIDAL INFORMATION FOR 28 JUNE 2017
0236  -0.5
0957  +1.4
1500  +0.6
2048  +1.2

$$
JUN 17
