000
CDAK49 PAOM 240915
CLIOME

CLIMATE REPORT
NATIONAL WEATHER SERVICE NOME, AK
115 AM AKDT THU APR 24 2014

...................................
...THE NOME WSO AP CLIMATE SUMMARY FOR APRIL 23 2014...

CLIMATE NORMAL PERIOD  1981 TO  2010
CLIMATE RECORD PERIOD  1906 TO  2014

WEATHER ITEM   OBSERVED TIME    RECORD YEAR NORMAL DEPARTURE LAST
               VALUE    (LST)   VALUE       VALUE  FROM      YEAR
                                                   NORMAL
...................................................................
TEMPERATURE
YESTERDAY
 MAXIMUM            51  0603 PM    57  1940     31      20     27
 MINIMUM            39  1158 PM   -20  1976     18      21     25
 AVERAGE            45                          25      20     26

PRECIPITATION
(INCHES)
 YESTERDAY        0.00           0.31  1931   0.02   -0.02      T
 MONTH TO DATE    0.27                        0.56   -0.29   0.25
 SINCE MAR 1      0.80                        1.21   -0.41   0.89
 SINCE JAN 1      2.97                        3.08   -0.11   2.41

SNOWFALL
(INCHES)
 YESTERDAY         0.0            3.1  1931    0.2    -0.2      T
 MONTH TO DATE     2.5                         6.1    -3.6    3.9
 SINCE MAR 1      14.8                        15.0    -0.2   13.0
 SINCE JUL 1      69.1                        71.7    -2.6   54.3
 SNOW DEPTH (IN)     T                                         15

DEGREE DAYS
 HEATING
  YESTERDAY         20                          40     -20     39
  MONTH TO DATE    900                        1070    -170   1184
  SINCE MAR 1     2527                        2766    -239   2932
  SINCE JUL 1    10673                       12048   -1375  12490

 COOLING
  YESTERDAY          0                           0       0      0
  MONTH TO DATE      0                           0       0      0
  SINCE MAR 1        0                           0       0      0
  SINCE JAN 1        0                           0       0      0
...................................................................

WIND (MPH)
 HIGHEST WIND SPEED    14     HIGHEST WIND DIRECTION     20
 HIGHEST GUST SPEED    17     HIGHEST GUST DIRECTION     30
 AVERAGE WIND SPEED   7.5

SKY COVER
  POSSIBLE SUNSHINE    MM          AVERAGE SKY COVER     MM

WEATHER CONDITIONS
 THE FOLLOWING WEATHER WAS RECORDED YESTERDAY.
  NO SIGNIFICANT WEATHER WAS OBSERVED.

RELATIVE HUMIDITY
 HIGHEST RH     MM PERCENT       MM
 LOWEST  RH     MM PERCENT       MM
 AVERAGE RH     MM PERCENT       MM
...................................................................

THE NOME CLIMATE NORMALS FOR TODAY
                           NORMAL    RECORD   YEAR
 MAXIMUM TEMPERATURE (F)     32        47     1940
 MINIMUM TEMPERATURE (F)     19       -10     1966

SUNRISE AND SUNSET
 APR 24 2014..........SUNRISE  6:56 AM      SUNSET 11:07 PM
 APR 25 2014..........SUNRISE  6:52 AM      SUNSET 11:11 PM

-  INDICATES NEGATIVE NUMBERS.
R  INDICATES RECORD HAS BEEN SET OR TIED.
MM INDICATES DATA IS MISSING.
T  INDICATES TRACE OF PRECIPITATION.

&&
-------------------------------------------------------------------

AMOUNT OF DAYLIGHT TODAY  (HOUR:MIN)........16 HOURS 11 MINUTES
GAIN/LOSS SINCE YESTERDAY (HOUR:MIN:SEC)....+0:06:48

NOME TIDAL INFORMATION FOR 24 APRIL 2014
12:11 AM +1.2
06:57 AM -0.1
01:58 PM +1.4
07:48 PM +0.7

$$

CKC APR 14
