000
CDAK49 PAFG 200041
CLIOME

CLIMATE REPORT
NATIONAL WEATHER SERVICE FAIRBANKS AK
441 PM AKDT THU OCT 19 2017


...................................

...THE NOME AK CLIMATE SUMMARY FOR OCTOBER 19 2017...
VALID TODAY AS OF 0400 PM LOCAL TIME.

CLIMATE NORMAL PERIOD 1981 TO 2010
CLIMATE RECORD PERIOD 1906 TO 2017


WEATHER ITEM   OBSERVED TIME   RECORD YEAR NORMAL DEPARTURE LAST
                VALUE   (LST)  VALUE       VALUE  FROM      YEAR
                                                  NORMAL
..................................................................
TEMPERATURE (F)
 TODAY
  MAXIMUM         30    259 PM  44    2004  33     -3       34
  MINIMUM         19    240 AM   0    1928  22     -3       18
  AVERAGE         25                        27     -2       26

PRECIPITATION (IN)
  TODAY            0.01          0.35 1956   0.05  -0.04     0.00
  MONTH TO DATE    2.41                      1.08   1.33     0.48
  SINCE SEP 1      5.14                      3.53   1.61     2.77
  SINCE JAN 1     14.87                     13.98   0.89    13.03

SNOWFALL (IN)
  TODAY            0.1           3.5  1956   0.2   -0.1      0.0
  MONTH TO DATE    0.1                       2.0   -1.9      0.0
  SINCE SEP 1      0.1                       2.6   -2.5      0.0
  SINCE JUL 1      0.1                       2.6   -2.5      0.0
  SNOW DEPTH       T

DEGREE DAYS
 HEATING
  TODAY           40                        38      2       39
  MONTH TO DATE  531                       638   -107      483
  SINCE SEP 1   1215                      1304    -89     1113
  SINCE JUL 1   2061                      2164   -103     1798

 COOLING
  TODAY            0                         0      0        0
  MONTH TO DATE    0                         0      0        0
  SINCE SEP 1      0                         0      0        0
  SINCE JAN 1      4                         3      1        0
..................................................................


WIND (MPH)
  HIGHEST GUST SPEED    17   HIGHEST GUST DIRECTION     W (290)


SKY COVER
  AVERAGE SKY COVER 0.2


WEATHER CONDITIONS
 THE FOLLOWING WEATHER WAS RECORDED TODAY.
  LIGHT SNOW
  FOG


RELATIVE HUMIDITY (PERCENT)
 HIGHEST   100
 LOWEST     78
 AVERAGE    89

..........................................................


THE NOME AK CLIMATE NORMALS FOR TOMORROW
                         NORMAL    RECORD    YEAR
 MAXIMUM TEMPERATURE (F)   33        44      1976
 MINIMUM TEMPERATURE (F)   21         1      1996


SUNRISE AND SUNSET
OCTOBER 19 2017.......SUNRISE  1008 AM AKDT  SUNSET   725 PM AKDT
OCTOBER 20 2017.......SUNRISE  1011 AM AKDT  SUNSET   722 PM AKDT

-  INDICATES NEGATIVE NUMBERS.
R  INDICATES RECORD WAS SET OR TIED.
MM INDICATES DATA IS MISSING.
T  INDICATES TRACE AMOUNT.

&&

SNOW DEPTH IS MEASURED AT 3AM AKST/4AM AKDT.

----------------------------
AVAILABLE DAYLIGHT

AMOUNT OF DAYLIGHT TODAY  (HOUR:MIN)........9:17
GAIN/LOSS SINCE YESTERDAY (HOUR:MIN:SEC)....-0:06:36

NOME TIDAL INFORMATION FOR 20 OCTOBER 2017
0550  +1.5
1121  +0.6
1748  +1.4
2329  +0.5

$$
HFL OCT 17
