000
CDAK49 PAOM 040913
CLIOME

CLIMATE REPORT
NATIONAL WEATHER SERVICE NOME, AK
113 AM AKDT FRI SEP 4 2015

...................................
...THE NOME WSO AP CLIMATE SUMMARY FOR SEPTEMBER 3 2015...

CLIMATE NORMAL PERIOD  1981 TO  2010
CLIMATE RECORD PERIOD  1906 TO  2015

WEATHER ITEM   OBSERVED TIME    RECORD YEAR NORMAL DEPARTURE LAST
               VALUE    (LST)   VALUE       VALUE  FROM      YEAR
                                                   NORMAL
...................................................................
TEMPERATURE
YESTERDAY
 MAXIMUM            54  0538 PM    69  1991     53       1     48
 MINIMUM            48  0132 AM    25  1930     42       6     30
 AVERAGE            51                          47       4     39

PRECIPITATION
(INCHES)
 YESTERDAY        0.23           0.90  1949   0.09    0.14   0.00
 MONTH TO DATE    0.23                        0.27   -0.04   0.57
 SINCE SEP 1      0.23                        0.27   -0.04   0.57
 SINCE JAN 1     10.47                       10.72   -0.25   9.59

SNOWFALL
(INCHES)
 YESTERDAY         0.0            0.2  1986    0.0     0.0    0.0
 MONTH TO DATE     0.0                         0.0     0.0    0.0
 SINCE SEP 1       0.0                         0.0     0.0    0.0
 SINCE JUL 1       0.0                         0.0     0.0    0.0
 SNOW DEPTH (IN)     0                                          0

DEGREE DAYS
 HEATING
  YESTERDAY         14                          18      -4     26
  MONTH TO DATE     50                          52      -2     69
  SINCE SEP 1       50                          52      -2     69
  SINCE JUL 1      859                         916     -57    772

 COOLING
  YESTERDAY          0                           0       0      0
  MONTH TO DATE      0                           0       0      0
  SINCE SEP 1        0                           0       0      0
  SINCE JAN 1        5                           0       5      3
...................................................................

WIND (MPH)
 HIGHEST WIND SPEED    17     HIGHEST WIND DIRECTION     90
 HIGHEST GUST SPEED    20     HIGHEST GUST DIRECTION    100
 AVERAGE WIND SPEED   9.2

SKY COVER
  POSSIBLE SUNSHINE    MM          AVERAGE SKY COVER     MM

WEATHER CONDITIONS
 THE FOLLOWING WEATHER WAS RECORDED YESTERDAY.
  FOG
DRIZZLE
RAIN


RELATIVE HUMIDITY
 HIGHEST RH     MM PERCENT       MM
 LOWEST  RH     MM PERCENT       MM
 AVERAGE RH     MM PERCENT       MM
...................................................................

THE NOME CLIMATE NORMALS FOR TODAY
                           NORMAL    RECORD   YEAR
 MAXIMUM TEMPERATURE (F)     53        70     1996
 MINIMUM TEMPERATURE (F)     41        25     1927

SUNRISE AND SUNSET
 SEP 4 2015..........SUNRISE  7:52 AM      SUNSET 10:08 PM
 SEP 5 2015..........SUNRISE  7:55 AM      SUNSET 10:05 PM

-  INDICATES NEGATIVE NUMBERS.
R  INDICATES RECORD HAS BEEN SET OR TIED.
MM INDICATES DATA IS MISSING.
T  INDICATES TRACE OF PRECIPITATION.

&&
-------------------------------------------------------------------

AMOUNT OF DAYLIGHT TODAY  (HOUR:MIN)........14 HOURS 16 MINUTES
GAIN/LOSS SINCE YESTERDAY (HOUR:MIN:SEC)....-0:06:36

TIDE INFORMATION FOR FRIDAY SEPTEMBER 4 2015
 3:25 AM LOW  0.2 FT
 9:48 AM HIGH 1.6 FT
 4:21 PM LOW  0.1 FT
10:41 PM HIGH 1.3 FT

$$
RWM SEP 15
