000
CDAK49 PAFG 240152
CLIOME

CLIMATE REPORT
NATIONAL WEATHER SERVICE FAIRBANKS AK
552 PM AKDT WED AUG 23 2017


...................................

...THE NOME AK CLIMATE SUMMARY FOR AUGUST 23 2017...
VALID TODAY AS OF 0500 PM LOCAL TIME.

CLIMATE NORMAL PERIOD 1981 TO 2010
CLIMATE RECORD PERIOD 1906 TO 2017


WEATHER ITEM   OBSERVED TIME   RECORD YEAR NORMAL DEPARTURE LAST
                VALUE   (LST)  VALUE       VALUE  FROM      YEAR
                                                  NORMAL
..................................................................
TEMPERATURE (F)
 TODAY
  MAXIMUM         50    259 PM  77    1977  55     -5       56
  MINIMUM         37    419 AM  28    1988  44     -7       44
  AVERAGE         44                        50     -6       50

PRECIPITATION (IN)
  TODAY            0.00          1.43 1955   0.10  -0.10     0.00
  MONTH TO DATE    1.71                      2.44  -0.73     2.95
  SINCE JUN 1      6.82                      5.53   1.29     7.09
  SINCE JAN 1      9.67                      9.67   0.00    10.18

SNOWFALL (IN)
  TODAY            0.0           0.0    MM   0.0    0.0      0.0
  MONTH TO DATE    0.0                       0.0    0.0      0.0
  SINCE JUN 1      0.0                       0.3   -0.3      0.0
  SINCE JUL 1      0.0                       0.0    0.0      0.0
  SNOW DEPTH       0

DEGREE DAYS
 HEATING
  TODAY           21                        16      5       15
  MONTH TO DATE  329                       334     -5      223
  SINCE JUN 1   1053                      1249   -196     1034
  SINCE JUL 1    688                       732    -44      587

 COOLING
  TODAY            0                         0      0        0
  MONTH TO DATE    0                         0      0        0
  SINCE JUN 1      4                         3      1        0
  SINCE JAN 1      4                         3      1        0
..................................................................


WIND (MPH)
  HIGHEST GUST SPEED    15   HIGHEST GUST DIRECTION    SW (230)


SKY COVER
  AVERAGE SKY COVER 0.7


WEATHER CONDITIONS
 THE FOLLOWING WEATHER WAS RECORDED TODAY.
  NO SIGNIFICANT WEATHER WAS OBSERVED.


RELATIVE HUMIDITY (PERCENT)
 HIGHEST   100
 LOWEST     65
 AVERAGE    83

..........................................................


THE NOME AK CLIMATE NORMALS FOR TOMORROW
                         NORMAL    RECORD    YEAR
 MAXIMUM TEMPERATURE (F)   55        70      2008
 MINIMUM TEMPERATURE (F)   44        29      2002
                                             1920


SUNRISE AND SUNSET
AUGUST 23 2017........SUNRISE   718 AM AKDT  SUNSET  1050 PM AKDT
AUGUST 24 2017........SUNRISE   721 AM AKDT  SUNSET  1046 PM AKDT

-  INDICATES NEGATIVE NUMBERS.
R  INDICATES RECORD WAS SET OR TIED.
MM INDICATES DATA IS MISSING.
T  INDICATES TRACE AMOUNT.

&&

SNOW DEPTH IS MEASURED AT 3AM AKST/4AM AKDT.

----------------------------
AVAILABLE DAYLIGHT

AMOUNT OF DAYLIGHT TODAY  (HOUR:MIN)........15:32
GAIN/LOSS SINCE YESTERDAY (HOUR:MIN:SEC)....-0:06:41

NOME TIDAL INFORMATION FOR 24 AUGUST 2017
0025  -0.2
0736  +1.3
1229  +0.7
1841  +1.4

$$
AUG 17
