000
CDAK49 PAFG 250046
CLIOME

CLIMATE REPORT
NATIONAL WEATHER SERVICE FAIRBANKS AK
446 PM AKDT SAT SEP 24 2016


...................................

...THE NOME AK CLIMATE SUMMARY FOR SEPTEMBER 24 2016...
VALID TODAY AS OF 0400 PM LOCAL TIME.

CLIMATE NORMAL PERIOD 1981 TO 2010
CLIMATE RECORD PERIOD 1906 TO 2016


WEATHER ITEM   OBSERVED TIME   RECORD YEAR NORMAL DEPARTURE LAST
                VALUE   (LST)  VALUE       VALUE  FROM      YEAR
                                                  NORMAL
..................................................................
TEMPERATURE (F)
 TODAY
  MAXIMUM         41    221 PM  61    1976  45     -4       MM
  MINIMUM         35   1247 AM  16    1992  34      1       MM
  AVERAGE         38                        39     -1       MM

PRECIPITATION (IN)
  TODAY            0.04          1.27 1978   0.07  -0.03    MM
  MONTH TO DATE    1.20                      2.03  -0.83    MM
  SINCE SEP 1      1.20                      2.03  -0.83    MM
  SINCE JAN 1     11.46                     12.48  -1.02    MM

SNOWFALL (IN)
  TODAY            0.0           2.4  1958   0.0    0.0     MM
  MONTH TO DATE    0.0                       0.3   -0.3     MM
  SINCE SEP 1      0.0                       0.3   -0.3     MM
  SINCE JUL 1      0.0                       0.3   -0.3     MM
  SNOW DEPTH       0

DEGREE DAYS
 HEATING
  TODAY           27                        26      1       MM
  MONTH TO DATE  497                       501     -4       MM
  SINCE SEP 1    497                       501     -4       MM
  SINCE JUL 1   1182                      1361   -179       MM

 COOLING
  TODAY            0                         0      0       MM
  MONTH TO DATE    0                         0      0       MM
  SINCE SEP 1      0                         0      0       MM
  SINCE JAN 1      0                         3     -3       MM
..................................................................


WIND (MPH)
  HIGHEST GUST SPEED    13   HIGHEST GUST DIRECTION     N (10)


SKY COVER
  AVERAGE SKY COVER 1.0


WEATHER CONDITIONS
 THE FOLLOWING WEATHER WAS RECORDED TODAY.
  LIGHT RAIN
  FOG


RELATIVE HUMIDITY (PERCENT)
 HIGHEST    92
 LOWEST     73
 AVERAGE    83

..........................................................


THE NOME AK CLIMATE NORMALS FOR TOMORROW
                         NORMAL    RECORD    YEAR
 MAXIMUM TEMPERATURE (F)   45        57      1976
 MINIMUM TEMPERATURE (F)   33        16      1970
                                             1968


SUNRISE AND SUNSET
SEPTEMBER 24 2016.....SUNRISE   853 AM AKDT  SUNSET   853 PM AKDT
SEPTEMBER 25 2016.....SUNRISE   856 AM AKDT  SUNSET   849 PM AKDT

-  INDICATES NEGATIVE NUMBERS.
R  INDICATES RECORD WAS SET OR TIED.
MM INDICATES DATA IS MISSING.
T  INDICATES TRACE AMOUNT.

&&

SNOW DEPTH IS MEASURED AT 3AM AKST/4AM AKDT.

----------------------------
AVAILABLE DAYLIGHT

AMOUNT OF DAYLIGHT TODAY  (HOUR:MIN)........12:00
GAIN/LOSS SINCE YESTERDAY (HOUR:MIN:SEC)....-0:06:32

NOME TIDAL INFORMATION FOR 25 SEPTEMBER 2016
0459  +0.9
1114  +1.6
1816  +0.2

$$
SEP 16
