000
CDAK49 PAOM 300910
CLIOME

CLIMATE REPORT
NATIONAL WEATHER SERVICE NOME, AK
110 AM AKDT SAT AUG 30 2014

...................................
...THE NOME WSO AP CLIMATE SUMMARY FOR AUGUST 29 2014...

CLIMATE NORMAL PERIOD  1981 TO  2010
CLIMATE RECORD PERIOD  1906 TO  2014

WEATHER ITEM   OBSERVED TIME    RECORD YEAR NORMAL DEPARTURE LAST
               VALUE    (LST)   VALUE       VALUE  FROM      YEAR
                                                   NORMAL
...................................................................
TEMPERATURE
YESTERDAY
 MAXIMUM            51  0445 PM    67  1981     54      -3     49
 MINIMUM            34  0653 AM    27  1927     43      -9     33
 AVERAGE            43                          49      -6     41

PRECIPITATION
(INCHES)
 YESTERDAY        0.00           0.76  1996   0.09   -0.09   0.00
 MONTH TO DATE    0.97                        3.03   -2.06   4.05
 SINCE JUN 1      3.81                        6.12   -2.31   8.70
 SINCE JAN 1      8.28                       10.26   -1.98  12.95

SNOWFALL
(INCHES)
 YESTERDAY         0.0              T  1959    0.0     0.0    0.0
 MONTH TO DATE     0.0                         0.0     0.0    0.0
 SINCE JUN 1       0.0                         0.3    -0.3    0.1
 SINCE JUL 1       0.0                         0.0     0.0    0.0
 SNOW DEPTH (IN)     0                                          0

DEGREE DAYS
 HEATING
  YESTERDAY         22                          16       6     24
  MONTH TO DATE    235                         430    -195    328
  SINCE JUN 1     1226                        1346    -120   1211
  SINCE JUL 1      658                         830    -172    735

 COOLING
  YESTERDAY          0                           0       0      0
  MONTH TO DATE      1                           0       1      0
  SINCE JUN 1        3                           0       3      7
  SINCE JAN 1        3                           0       3      7
...................................................................

WIND (MPH)
 HIGHEST WIND SPEED    17     HIGHEST WIND DIRECTION    300
 HIGHEST GUST SPEED    22     HIGHEST GUST DIRECTION    290
 AVERAGE WIND SPEED   8.8

SKY COVER
  POSSIBLE SUNSHINE    MM          AVERAGE SKY COVER     MM

WEATHER CONDITIONS
 THE FOLLOWING WEATHER WAS RECORDED YESTERDAY.
  NO SIGNIFICANT WEATHER WAS OBSERVED.

RELATIVE HUMIDITY
 HIGHEST RH     MM PERCENT       MM
 LOWEST  RH     MM PERCENT       MM
 AVERAGE RH     MM PERCENT       MM
...................................................................

THE NOME CLIMATE NORMALS FOR TODAY
                           NORMAL    RECORD   YEAR
 MAXIMUM TEMPERATURE (F)     54        64     1970
 MINIMUM TEMPERATURE (F)     42        23     1913

SUNRISE AND SUNSET
 AUG 30 2014..........SUNRISE  7:38 AM      SUNSET 10:25 PM
 AUG 31 2014..........SUNRISE  7:41 AM      SUNSET 10:22 PM

-  INDICATES NEGATIVE NUMBERS.
R  INDICATES RECORD HAS BEEN SET OR TIED.
MM INDICATES DATA IS MISSING.
T  INDICATES TRACE OF PRECIPITATION.

&&
-------------------------------------------------------------------

AMOUNT OF DAYLIGHT TODAY  (HOUR:MIN)........14 HOURS 47 MINUTES
GAIN/LOSS SINCE YESTERDAY (HOUR:MIN:SEC)....-0:06:38

NOME TIDAL INFORMATION FOR 30 AUGUST 2014
02:32 AM 0.3
08:55 AM 1.3
03:12 PM 0.5
09:22 PM 1.1

$$

CKC AUG 14
