751
CDAK49 PAOM 252338
CLIOME

CLIMATE REPORT
NATIONAL WEATHER SERVICE NOME, AK
338 PM AKDT THU AUG 25 2016

...................................
...THE NOME WSO AP CLIMATE SUMMARY FOR AUGUST 25 2016...
VALID TODAY AS OF 2:00 PM LOCAL TIME

CLIMATE NORMAL PERIOD  1981 TO  2010
CLIMATE RECORD PERIOD  1906 TO  2016

WEATHER ITEM   OBSERVED TIME    RECORD YEAR NORMAL DEPARTURE LAST
               VALUE    (LST)   VALUE       VALUE  FROM      YEAR
                                                   NORMAL
...................................................................
TEMPERATURE
TODAY
 MAXIMUM            50  1248 PM    71  2004     55      -5     51
 MINIMUM            35  0628 AM    27  1920     43      -8     49
 AVERAGE            43                          49      -6     50

PRECIPITATION
(INCHES)
 TODAY            0.00           1.52  1990   0.10   -0.10   1.22
 MONTH TO DATE    2.95                        2.65    0.30   3.20
 SINCE JUN 1      7.11                        5.74    1.37   5.30
 SINCE JAN 1     10.20                        9.88    0.32   9.74

SNOWFALL
(INCHES)
 TODAY             0.0              T  1984    0.0     0.0    0.0
 MONTH TO DATE     0.0                         0.0     0.0    0.0
 SINCE JUN 1       0.0                         0.3    -0.3    0.0
 SINCE JUL 1       0.0                         0.0     0.0    0.0
 SNOW DEPTH (IN)     0                                          0

DEGREE DAYS
 HEATING
  TODAY             22                          16       6     15
  MONTH TO DATE    288                         366     -78    373
  SINCE JUN 1     1155                        1282    -127   1205
  SINCE JUL 1      691                         766     -75    680

 COOLING
  TODAY              0                           0       0      0
  MONTH TO DATE      0                           0       0      0
  SINCE JUN 1        0                           0       0      5
  SINCE JAN 1        0                           0       0      5
...................................................................

WIND (MPH)
 HIGHEST WIND SPEED    12     HIGHEST WIND DIRECTION    200
 HIGHEST GUST SPEED    14     HIGHEST GUST DIRECTION    200
 AVERAGE WIND SPEED    MM

SKY COVER
  POSSIBLE SUNSHINE  MM            AVERAGE SKY COVER MM

WEATHER CONDITIONS
 THE FOLLOWING WEATHER WAS RECORDED TODAY.
NO SIGNIFICANT WEATHER WAS OBSERVED.

RELATIVE HUMIDITY
 HIGHEST RH     MM PERCENT       MM
 LOWEST  RH     MM PERCENT       MM
 AVERAGE RH     MM PERCENT       MM
...................................................................

THE NOME CLIMATE NORMALS FOR TOMORROW
                        NORMAL    RECORD   YEAR
 MAXIMUM TEMPERATURE      55        70     2007
 MINIMUM TEMPERATURE      43        28     2009

SUNRISE AND SUNSET
 AUG 25 2016..........SUNRISE  7:24 AM      SUNSET 10:42 PM
 AUG 26 2016..........SUNRISE  7:27 AM      SUNSET 10:38 PM

-  INDICATES NEGATIVE NUMBERS.
R  INDICATES RECORD HAS BEEN SET OR TIED.
MM INDICATES DATA IS MISSING.
T  INDICATES TRACE OF PRECIPITATION.

&&
-------------------------------------------------------------------

AMOUNT OF DAYLIGHT TODAY  (HOUR:MIN)........15 HOURS 18 MINUTES
GAIN/LOSS SINCE YESTERDAY (HOUR:MIN:SEC)....-0:06:40

$$
RCT AUG 16
