000
CDUS46 KOTX 050828
CLIOMK


CLIMATE REPORT
NATIONAL WEATHER SERVICE SPOKANE, WA
1227 AM PST THU MAR 5 2015


...................................

...THE OMAK WA AIRPORT CLIMATE SUMMARY FOR MARCH 4 2015...

CLIMATE NORMAL PERIOD 1981 TO 2010
CLIMATE RECORD PERIOD 9999 TO 9999


WEATHER ITEM   OBSERVED TIME   RECORD YEAR NORMAL DEPARTURE LAST
                VALUE   (LST)  VALUE       VALUE  FROM      YEAR
                                                  NORMAL
..................................................................
TEMPERATURE (F)
 YESTERDAY
  MAXIMUM         49    402 PM  62    2005  47      2       38
  MINIMUM         19    516 AM  -1    1955  27     -8       27
  AVERAGE         34                        37     -3       33

PRECIPITATION (IN)
  YESTERDAY        0.00          0.27 1998   0.04  -0.04     0.00
  MONTH TO DATE    0.00                      0.15  -0.15     0.02
  SINCE OCT 1      8.30                      8.59  -0.29     3.01
  SINCE JAN 1      1.73                      3.14  -1.41     1.84

SNOWFALL (IN)
  YESTERDAY       MM

DEGREE DAYS
 HEATING
  YESTERDAY       31                        28      3       32
  MONTH TO DATE  117                       115      2      151
  SINCE MAR 1    117                       115      2      151
  SINCE JUL 1   4303                      4976   -673     5141

 COOLING
  YESTERDAY        0                         0      0        0
  MONTH TO DATE    0                         0      0        0
  SINCE MAR 1      0                         0      0        0
  SINCE JAN 1      0                         0      0        0
..................................................................


WIND (MPH)
  HIGHEST WIND SPEED    13   HIGHEST WIND DIRECTION     S (190)
  HIGHEST GUST SPEED    16   HIGHEST GUST DIRECTION    SW (210)
  AVERAGE WIND SPEED     6.3


SKY COVER
  POSSIBLE SUNSHINE  MM
  AVERAGE SKY COVER 0.0


WEATHER CONDITIONS
 THE FOLLOWING WEATHER WAS RECORDED YESTERDAY.
  NO SIGNIFICANT WEATHER WAS OBSERVED.


RELATIVE HUMIDITY (PERCENT)
 HIGHEST    67          1200 AM
 LOWEST     19           100 PM
 AVERAGE    43

..........................................................


THE OMAK WA AIRPORT CLIMATE NORMALS FOR TODAY
                         NORMAL    RECORD    YEAR
 MAXIMUM TEMPERATURE (F)   47        61      2005
                                             1953
 MINIMUM TEMPERATURE (F)   27         2      1955


SUNRISE AND SUNSET
MARCH  5 2015.........SUNRISE   632 AM PST   SUNSET   548 PM PST
MARCH  6 2015.........SUNRISE   630 AM PST   SUNSET   550 PM PST


-  INDICATES NEGATIVE NUMBERS.
R  INDICATES RECORD WAS SET OR TIED.
MM INDICATES DATA IS MISSING.
T  INDICATES TRACE AMOUNT.




$$
