000
CDUS46 KOTX 260824
CLIOMK


CLIMATE REPORT
NATIONAL WEATHER SERVICE SPOKANE, WA
123 AM PDT MON JUN 26 2017


...................................

...THE OMAK WA AIRPORT CLIMATE SUMMARY FOR JUNE 25 2017...

CLIMATE NORMAL PERIOD 1981 TO 2010
CLIMATE RECORD PERIOD 9999 TO 9999


WEATHER ITEM   OBSERVED TIME   RECORD YEAR NORMAL DEPARTURE LAST
                VALUE   (LST)  VALUE       VALUE  FROM      YEAR
                                                  NORMAL
..................................................................
TEMPERATURE (F)
 YESTERDAY
  MAXIMUM         96    334 PM 100    1992  82     14       78
  MINIMUM         52    318 AM  36    1976  53     -1       44
  AVERAGE         74                        68      6       61

PRECIPITATION (IN)
  YESTERDAY        0.00                      0.04  -0.04     0.00
  MONTH TO DATE    0.26                      1.05  -0.79     1.65
  SINCE OCT 1     16.87                     12.69   4.18    14.08
  SINCE JAN 1     10.39                      7.80   2.59     8.72

SNOWFALL (IN)
  YESTERDAY       MM

DEGREE DAYS
 HEATING
  YESTERDAY        0                         2     -2        4
  MONTH TO DATE   58                        65     -7       85
  SINCE JUN 1     58                        65     -7       85
  SINCE JUL 1   6461                      6338    123     5476

 COOLING
  YESTERDAY        9                         4      5        0
  MONTH TO DATE   40                        62    -22       80
  SINCE JUN 1     40                        62    -22       80
  SINCE JAN 1     71                        85    -14      105
..................................................................


WIND (MPH)
  HIGHEST WIND SPEED    15   HIGHEST WIND DIRECTION    SW (230)
  HIGHEST GUST SPEED    19   HIGHEST GUST DIRECTION    SW (210)
  AVERAGE WIND SPEED     5.4


SKY COVER
  POSSIBLE SUNSHINE  MM
  AVERAGE SKY COVER 0.0


WEATHER CONDITIONS
 THE FOLLOWING WEATHER WAS RECORDED YESTERDAY.
  NO SIGNIFICANT WEATHER WAS OBSERVED.


RELATIVE HUMIDITY (PERCENT)
 HIGHEST    66           400 AM
 LOWEST     17           200 PM
 AVERAGE    42

..........................................................


THE OMAK WA AIRPORT CLIMATE NORMALS FOR TODAY
                         NORMAL    RECORD    YEAR
 MAXIMUM TEMPERATURE (F)   82       102      2015
 MINIMUM TEMPERATURE (F)   53        40      2007
                                             1976


SUNRISE AND SUNSET
JUNE 26 2017..........SUNRISE   458 AM PDT   SUNSET   904 PM PDT
JUNE 27 2017..........SUNRISE   459 AM PDT   SUNSET   904 PM PDT


-  INDICATES NEGATIVE NUMBERS.
R  INDICATES RECORD WAS SET OR TIED.
MM INDICATES DATA IS MISSING.
T  INDICATES TRACE AMOUNT.




$$
