000
CDUS46 KOTX 010825
CLIOMK


CLIMATE REPORT
NATIONAL WEATHER SERVICE SPOKANE, WA
123 AM PDT TUE SEP 1 2015


...................................

...THE OMAK WA AIRPORT CLIMATE SUMMARY FOR AUGUST 31 2015...

CLIMATE NORMAL PERIOD 1981 TO 2010
CLIMATE RECORD PERIOD 9999 TO 9999


WEATHER ITEM   OBSERVED TIME   RECORD YEAR NORMAL DEPARTURE LAST
                VALUE   (LST)  VALUE       VALUE  FROM      YEAR
                                                  NORMAL
..................................................................
TEMPERATURE (F)
 YESTERDAY
  MAXIMUM         68    106 PM  99    1998  84    -16       78
  MINIMUM         58   1150 PM  38    2006  53      5       49
                                      1948
  AVERAGE         63                        68     -5       64

PRECIPITATION (IN)
  YESTERDAY        0.01          0.85 1999   0.01   0.00     0.00
  MONTH TO DATE    0.17                      0.49  -0.32     0.85
  SINCE OCT 1     11.62                     14.17  -2.55     7.41
  SINCE JAN 1      5.05                      9.28  -4.23     6.24

SNOWFALL (IN)
  YESTERDAY       MM

DEGREE DAYS
 HEATING
  YESTERDAY        2                         1      1        1
  MONTH TO DATE    3                        11     -8        3
  SINCE JUN 1     18                       100    -82       43
  SINCE JUL 1      3                        31    -28        5

 COOLING
  YESTERDAY        0                         5     -5        0
  MONTH TO DATE  277                       245     32      328
  SINCE JUN 1    905                       583    322      810
  SINCE JAN 1    951                       606    345      824
..................................................................


WIND (MPH)
  HIGHEST WIND SPEED    22   HIGHEST WIND DIRECTION     S (160)
  HIGHEST GUST SPEED    27   HIGHEST GUST DIRECTION    SE (150)
  AVERAGE WIND SPEED    10.5


SKY COVER
  POSSIBLE SUNSHINE  MM
  AVERAGE SKY COVER 0.4


WEATHER CONDITIONS
 THE FOLLOWING WEATHER WAS RECORDED YESTERDAY.
  LIGHT RAIN


RELATIVE HUMIDITY (PERCENT)
 HIGHEST    67           500 PM
 LOWEST     45          1200 PM
 AVERAGE    56

..........................................................


THE OMAK WA AIRPORT CLIMATE NORMALS FOR TODAY
                         NORMAL    RECORD    YEAR
 MAXIMUM TEMPERATURE (F)   83        99      1998
 MINIMUM TEMPERATURE (F)   53        34      1959


SUNRISE AND SUNSET
SEPTEMBER  1 2015.....SUNRISE   615 AM PDT   SUNSET   740 PM PDT
SEPTEMBER  2 2015.....SUNRISE   617 AM PDT   SUNSET   738 PM PDT


-  INDICATES NEGATIVE NUMBERS.
R  INDICATES RECORD WAS SET OR TIED.
MM INDICATES DATA IS MISSING.
T  INDICATES TRACE AMOUNT.




$$
