000
CDUS46 KOTX 180841
CLIOMK


CLIMATE REPORT
NATIONAL WEATHER SERVICE SPOKANE, WA
1241 AM PST WED JAN 18 2017


...................................

...THE OMAK WA AIRPORT CLIMATE SUMMARY FOR JANUARY 17 2017...

CLIMATE NORMAL PERIOD 1981 TO 2010
CLIMATE RECORD PERIOD 9999 TO 9999


WEATHER ITEM   OBSERVED TIME   RECORD YEAR NORMAL DEPARTURE LAST
                VALUE   (LST)  VALUE       VALUE  FROM      YEAR
                                                  NORMAL
..................................................................
TEMPERATURE (F)
 YESTERDAY
  MAXIMUM         24    139 PM  50    1944  33     -9       34
  MINIMUM         19    723 AM -10    1969  21     -2       30
  AVERAGE         22                        27     -5       32

PRECIPITATION (IN)
  YESTERDAY        0.34                      0.06   0.28     0.09
  MONTH TO DATE    0.56                      1.20  -0.64     1.25
  SINCE OCT 1      7.04                      6.09   0.95     6.61
  SINCE JAN 1      0.56                      1.20  -0.64     1.25

SNOWFALL (IN)
  YESTERDAY       MM

DEGREE DAYS
 HEATING
  YESTERDAY       43                        38      5       33
  MONTH TO DATE  866                       669    197      663
  SINCE DEC 1   2159                      1885    274     1814
  SINCE JUL 1   3397                      3418    -21     3115

 COOLING
  YESTERDAY        0                         0      0        0
  MONTH TO DATE    0                         0      0        0
  SINCE DEC 1      0                         0      0        0
  SINCE JAN 1      0                         0      0        0
..................................................................


WIND (MPH)
  HIGHEST WIND SPEED    13   HIGHEST WIND DIRECTION     S (170)
  HIGHEST GUST SPEED    15   HIGHEST GUST DIRECTION     S (160)
  AVERAGE WIND SPEED     5.9


SKY COVER
  POSSIBLE SUNSHINE  MM
  AVERAGE SKY COVER 1.0


WEATHER CONDITIONS
 THE FOLLOWING WEATHER WAS RECORDED YESTERDAY.
  SNOW
  LIGHT SNOW
  FOG


RELATIVE HUMIDITY (PERCENT)
 HIGHEST    84           700 PM
 LOWEST     65           100 PM
 AVERAGE    75

..........................................................


THE OMAK WA AIRPORT CLIMATE NORMALS FOR TODAY
                         NORMAL    RECORD    YEAR
 MAXIMUM TEMPERATURE (F)   33        47      2015
 MINIMUM TEMPERATURE (F)   21       -15      1943


SUNRISE AND SUNSET
JANUARY 18 2017.......SUNRISE   742 AM PST   SUNSET   436 PM PST
JANUARY 19 2017.......SUNRISE   741 AM PST   SUNSET   437 PM PST


-  INDICATES NEGATIVE NUMBERS.
R  INDICATES RECORD WAS SET OR TIED.
MM INDICATES DATA IS MISSING.
T  INDICATES TRACE AMOUNT.




$$
