000
CDUS46 KOTX 200822
CLIOMK


CLIMATE REPORT
NATIONAL WEATHER SERVICE SPOKANE, WA
122 AM PDT FRI OCT 20 2017


...................................

...THE OMAK WA AIRPORT CLIMATE SUMMARY FOR OCTOBER 19 2017...

CLIMATE NORMAL PERIOD 1981 TO 2010
CLIMATE RECORD PERIOD 9999 TO 9999


WEATHER ITEM   OBSERVED TIME   RECORD YEAR NORMAL DEPARTURE LAST
                VALUE   (LST)  VALUE       VALUE  FROM      YEAR
                                                  NORMAL
..................................................................
TEMPERATURE (F)
 YESTERDAY
  MAXIMUM         58   1133 AM  76    1940  60     -2       54
  MINIMUM         47    711 AM  20    1976  35     12       32
  AVERAGE         53                        47      6       43

PRECIPITATION (IN)
  YESTERDAY        0.18                      0.03   0.15     0.15
  MONTH TO DATE    0.18                      0.56  -0.38     2.55
  SINCE OCT 1      0.18                      0.56  -0.38     2.55
  SINCE JAN 1     10.67                     10.42   0.25    12.02

SNOWFALL (IN)
  YESTERDAY       MM

DEGREE DAYS
 HEATING
  YESTERDAY       12                        18     -6       22
  MONTH TO DATE  319                       254     65      280
  SINCE SEP 1    448                       384     64      389
  SINCE JUL 1    448                       415     33      397

 COOLING
  YESTERDAY        0                         0      0        0
  MONTH TO DATE    0                         0      0        0
  SINCE SEP 1     93                        58     35       11
  SINCE JAN 1    885                       664    221      637
..................................................................


WIND (MPH)
  HIGHEST WIND SPEED    14   HIGHEST WIND DIRECTION     S (170)
  HIGHEST GUST SPEED    17   HIGHEST GUST DIRECTION     S (180)
  AVERAGE WIND SPEED     5.7


SKY COVER
  POSSIBLE SUNSHINE  MM
  AVERAGE SKY COVER 1.0


WEATHER CONDITIONS
 THE FOLLOWING WEATHER WAS RECORDED YESTERDAY.
  LIGHT RAIN
  FOG


RELATIVE HUMIDITY (PERCENT)
 HIGHEST   100           400 AM
 LOWEST     67          1100 AM
 AVERAGE    84

..........................................................


THE OMAK WA AIRPORT CLIMATE NORMALS FOR TODAY
                         NORMAL    RECORD    YEAR
 MAXIMUM TEMPERATURE (F)   59        73      1942
 MINIMUM TEMPERATURE (F)   35        15      1945


SUNRISE AND SUNSET
OCTOBER 20 2017.......SUNRISE   726 AM PDT   SUNSET   559 PM PDT
OCTOBER 21 2017.......SUNRISE   728 AM PDT   SUNSET   557 PM PDT


-  INDICATES NEGATIVE NUMBERS.
R  INDICATES RECORD WAS SET OR TIED.
MM INDICATES DATA IS MISSING.
T  INDICATES TRACE AMOUNT.




$$
