000
CDUS46 KOTX 220827
CLIOMK


CLIMATE REPORT
NATIONAL WEATHER SERVICE SPOKANE, WA
1223 AM PST MON DEC 22 2014


...................................

...THE OMAK WA AIRPORT CLIMATE SUMMARY FOR DECEMBER 21 2014...

CLIMATE NORMAL PERIOD 1981 TO 2010
CLIMATE RECORD PERIOD 9999 TO 9999


WEATHER ITEM   OBSERVED TIME   RECORD YEAR NORMAL DEPARTURE LAST
                VALUE   (LST)  VALUE       VALUE  FROM      YEAR
                                                  NORMAL
..................................................................
TEMPERATURE (F)
 YESTERDAY
  MAXIMUM         51R   247 PM  49    1933  30     21       28
  MINIMUM         32   1118 PM  -7    1951  18     14        5
  AVERAGE         42                        24     18       17

PRECIPITATION (IN)
  YESTERDAY        0.03        1.00   1997  0.10  -0.07     0.00
  MONTH TO DATE    2.52                     1.62   0.90     0.05
  SINCE OCT 1      6.56                     4.53   2.03     1.11
  SINCE JAN 1     13.57                    14.13  -0.56     9.94

SNOWFALL (IN)
  YESTERDAY       MM

DEGREE DAYS
 HEATING
  YESTERDAY       23                        41    -18       48
  MONTH TO DATE  692                       810   -118      903
  SINCE DEC 1    692                       810   -118      903
  SINCE JUL 1   2089                      2343   -254     2500

 COOLING
  YESTERDAY        0                         0      0        0
  MONTH TO DATE    0                         0      0        0
  SINCE DEC 1      0                         0      0        0
  SINCE JAN 1    873                       665    208      814
..................................................................


WIND (MPH)
  HIGHEST WIND SPEED    21   HIGHEST WIND DIRECTION     S (190)
  HIGHEST GUST SPEED    24   HIGHEST GUST DIRECTION     S (190)
  AVERAGE WIND SPEED     7.7


SKY COVER
  POSSIBLE SUNSHINE  MM
  AVERAGE SKY COVER 0.1


WEATHER CONDITIONS
 THE FOLLOWING WEATHER WAS RECORDED YESTERDAY.
  LIGHT RAIN
  FOG


RELATIVE HUMIDITY (PERCENT)
 HIGHEST   100           100 AM
 LOWEST     56           300 PM
 AVERAGE    78

..........................................................


THE OMAK WA AIRPORT CLIMATE NORMALS FOR TODAY
                         NORMAL    RECORD    YEAR
 MAXIMUM TEMPERATURE (F)   30        54      1936
 MINIMUM TEMPERATURE (F)   18        -5      1948


SUNRISE AND SUNSET
DECEMBER 22 2014......SUNRISE   748 AM PST   SUNSET   406 PM PST
DECEMBER 23 2014......SUNRISE   748 AM PST   SUNSET   407 PM PST


-  INDICATES NEGATIVE NUMBERS.
R  INDICATES RECORD WAS SET OR TIED.
MM INDICATES DATA IS MISSING.
T  INDICATES TRACE AMOUNT.

$$
