000
CDUS46 KOTX 280830
CLIOMK


CLIMATE REPORT
NATIONAL WEATHER SERVICE SPOKANE, WA
1230 AM PST FRI NOV 28 2014


...................................

...THE OMAK WA AIRPORT CLIMATE SUMMARY FOR NOVEMBER 27 2014...

CLIMATE NORMAL PERIOD 1981 TO 2010
CLIMATE RECORD PERIOD 9999 TO 9999


WEATHER ITEM   OBSERVED TIME   RECORD YEAR NORMAL DEPARTURE LAST
                VALUE   (LST)  VALUE       VALUE  FROM      YEAR
                                                  NORMAL
..................................................................
TEMPERATURE (F)
 YESTERDAY
  MAXIMUM         48    307 PM  57    1949  38     10       41
  MINIMUM         34    823 AM   1    1958  25      9       17
  AVERAGE         41                        31     10       29

PRECIPITATION (IN)
  YESTERDAY        0.00          0.35 1951   0.06  -0.06     0.00
  MONTH TO DATE    1.92                      1.62   0.30     0.99
  SINCE OCT 1      3.96                      2.72   1.24     1.06
  SINCE JAN 1     10.97                     12.32  -1.35     9.89

SNOWFALL (IN)
  YESTERDAY       MM

DEGREE DAYS
 HEATING
  YESTERDAY       24                        34    -10       36
  MONTH TO DATE  808                       769     39      825
  SINCE SEP 1   1263                      1398   -135     1485
  SINCE JUL 1   1268                      1429   -161     1485

 COOLING
  YESTERDAY        0                         0      0        0
  MONTH TO DATE    0                         0      0        0
  SINCE SEP 1     49                        59    -10      128
  SINCE JAN 1    873                       665    208      814
..................................................................


WIND (MPH)
  HIGHEST WIND SPEED    24   HIGHEST WIND DIRECTION     S (190)
  HIGHEST GUST SPEED    30   HIGHEST GUST DIRECTION    SW (210)
  AVERAGE WIND SPEED    11.0


SKY COVER
  POSSIBLE SUNSHINE  MM
  AVERAGE SKY COVER 0.3


WEATHER CONDITIONS
 THE FOLLOWING WEATHER WAS RECORDED YESTERDAY.
  FOG


RELATIVE HUMIDITY (PERCENT)
 HIGHEST   100          1200 AM
 LOWEST     76           100 PM
 AVERAGE    88

..........................................................


THE OMAK WA AIRPORT CLIMATE NORMALS FOR TODAY
                         NORMAL    RECORD    YEAR
 MAXIMUM TEMPERATURE (F)   37        55      1949
 MINIMUM TEMPERATURE (F)   24         1      1970


SUNRISE AND SUNSET
NOVEMBER 28 2014......SUNRISE   725 AM PST   SUNSET   407 PM PST
NOVEMBER 29 2014......SUNRISE   726 AM PST   SUNSET   406 PM PST


-  INDICATES NEGATIVE NUMBERS.
R  INDICATES RECORD WAS SET OR TIED.
MM INDICATES DATA IS MISSING.
T  INDICATES TRACE AMOUNT.




$$
