000
CDUS45 KBOI 060932
CLIONO


CLIMATE REPORT
NATIONAL WEATHER SERVICE BOISE ID
332 AM MDT FRI MAY 6 2016


...................................

...THE ONTARIO OR CLIMATE SUMMARY FOR MAY 5 2016...

CLIMATE NORMAL PERIOD 1981 TO 2010
CLIMATE RECORD PERIOD 1948 TO 2016


WEATHER ITEM   OBSERVED TIME   RECORD YEAR NORMAL DEPARTURE LAST
                VALUE   (LST)  VALUE       VALUE  FROM      YEAR
                                                  NORMAL
..................................................................
TEMPERATURE (F)
 YESTERDAY
  MAXIMUM         82    323 PM  95    1966  71     11       74
  MINIMUM         55    536 AM  29    1986  41     14       52
  AVERAGE         69                        56     13       63

PRECIPITATION (IN)
  YESTERDAY        T             1.07 2005   0.03  -0.03     0.00
  MONTH TO DATE    T                         0.18  -0.18     0.00
  SINCE OCT 1      6.68                      7.38  -0.70     6.86
  SINCE JAN 1      1.93                      3.97  -2.04     2.40

DEGREE DAYS
 HEATING
  YESTERDAY        0                        10    -10        2
  MONTH TO DATE   15                        51    -36       17
  SINCE MAR 1    821                      1162   -341      927
  SINCE JUL 1   4811                      5792   -981     4721

 COOLING
  YESTERDAY        4                         0      4        0
  MONTH TO DATE    5                         0      5        0
  SINCE MAR 1      5                         1      4        0
  SINCE JAN 1      5                         1      4        0
..................................................................


WIND (MPH)
  HIGHEST WIND SPEED    24   HIGHEST WIND DIRECTION    NW (320)
  HIGHEST GUST SPEED    32   HIGHEST GUST DIRECTION     W (260)
  AVERAGE WIND SPEED     9.1


SKY COVER
  AVERAGE SKY COVER 0.2


WEATHER CONDITIONS
 THE FOLLOWING WEATHER WAS RECORDED YESTERDAY.
  HAZE


RELATIVE HUMIDITY (PERCENT)
 HIGHEST    61           600 AM
 LOWEST     26           300 PM
 AVERAGE    44

..........................................................


THE ONTARIO OR CLIMATE NORMALS FOR TODAY
                         NORMAL    RECORD    YEAR
 MAXIMUM TEMPERATURE (F)   71        94      1966
 MINIMUM TEMPERATURE (F)   41        26      1964


SUNRISE AND SUNSET
MAY  6 2016...........SUNRISE   632 AM MDT   SUNSET   858 PM MDT
MAY  7 2016...........SUNRISE   631 AM MDT   SUNSET   859 PM MDT


-  INDICATES NEGATIVE NUMBERS.
R  INDICATES RECORD WAS SET OR TIED.
MM INDICATES DATA IS MISSING.
T  INDICATES TRACE AMOUNT.




$$
