000
CDUS45 KBOI 020931
CLIONO


CLIMATE REPORT
NATIONAL WEATHER SERVICE BOISE ID
330 AM MDT TUE JUN 2 2015


...................................

...THE ONTARIO OR CLIMATE SUMMARY FOR JUNE 1 2015...

CLIMATE NORMAL PERIOD 1981 TO 2010
CLIMATE RECORD PERIOD 1948 TO 2015


WEATHER ITEM   OBSERVED TIME   RECORD YEAR NORMAL DEPARTURE LAST
                VALUE   (LST)  VALUE       VALUE  FROM      YEAR
                                                  NORMAL
..................................................................
TEMPERATURE (F)
 YESTERDAY
  MAXIMUM         84    240 PM  99    1986  79      5       83
  MINIMUM         63   1159 PM  34    1984  49     14       53
  AVERAGE         74                        64     10       68

PRECIPITATION (IN)
  YESTERDAY        0.17          0.24 1985   0.04   0.13     0.00
  MONTH TO DATE    0.17                      0.04   0.13     0.00
  SINCE OCT 1      8.70                      8.52   0.18     6.24
  SINCE JAN 1      4.24                      5.11  -0.87     4.73

DEGREE DAYS
 HEATING
  YESTERDAY        0                         3     -3        0
  MONTH TO DATE    0                         3     -3        0
  SINCE JUN 1      0                         3     -3        0
  SINCE JUL 1   4792                      5953  -1161     5880

 COOLING
  YESTERDAY        9                         2      7        3
  MONTH TO DATE    9                         2      7        3
  SINCE JUN 1      9                         2      7        3
  SINCE JAN 1     42                        38      4       51
..................................................................


WIND (MPH)
  HIGHEST WIND SPEED    22   HIGHEST WIND DIRECTION    NW (310)
  HIGHEST GUST SPEED    27   HIGHEST GUST DIRECTION    NW (310)
  AVERAGE WIND SPEED     6.1


SKY COVER
  AVERAGE SKY COVER 0.2


WEATHER CONDITIONS
 THE FOLLOWING WEATHER WAS RECORDED YESTERDAY.
  THUNDERSTORM
  RAIN
  LIGHT RAIN


RELATIVE HUMIDITY (PERCENT)
 HIGHEST    73           900 PM
 LOWEST     30           400 PM
 AVERAGE    52

..........................................................


THE ONTARIO OR CLIMATE NORMALS FOR TODAY
                         NORMAL    RECORD    YEAR
 MAXIMUM TEMPERATURE (F)   79        98      1986
 MINIMUM TEMPERATURE (F)   49        33      1954


SUNRISE AND SUNSET
JUNE  2 2015..........SUNRISE   608 AM MDT   SUNSET   925 PM MDT
JUNE  3 2015..........SUNRISE   607 AM MDT   SUNSET   926 PM MDT


-  INDICATES NEGATIVE NUMBERS.
R  INDICATES RECORD WAS SET OR TIED.
MM INDICATES DATA IS MISSING.
T  INDICATES TRACE AMOUNT.




$$
