000
CDUS45 KBOI 250932
CLIONO


CLIMATE REPORT
NATIONAL WEATHER SERVICE BOISE ID
332 AM MDT MON JUL 25 2016


...................................

...THE ONTARIO OR CLIMATE SUMMARY FOR JULY 24 2016...

CLIMATE NORMAL PERIOD 1981 TO 2010
CLIMATE RECORD PERIOD 1948 TO 2016


WEATHER ITEM   OBSERVED TIME   RECORD YEAR NORMAL DEPARTURE LAST
                VALUE   (LST)  VALUE       VALUE  FROM      YEAR
                                                  NORMAL
..................................................................
TEMPERATURE (F)
 YESTERDAY
  MAXIMUM         93    511 PM 110    2003  96     -3       93
  MINIMUM         61    604 AM  45    1970  59      2       57
  AVERAGE         77                        78     -1       75

PRECIPITATION (IN)
  YESTERDAY        0.00          0.12 1977   0.00   0.00     0.00
  MONTH TO DATE    0.21                      0.26  -0.05     0.49
  SINCE OCT 1      7.31                      9.43  -2.12     9.23
  SINCE JAN 1      2.56                      6.02  -3.46     4.77

DEGREE DAYS
 HEATING
  YESTERDAY        0                         0      0        0
  MONTH TO DATE    9                         0      9        0
  SINCE JUN 1     35                        52    -17        1
  SINCE JUL 1      9                         0      9        0

 COOLING
  YESTERDAY       12                        13     -1       10
  MONTH TO DATE  224                       260    -36      313
  SINCE JUN 1    455                       399     56      678
  SINCE JAN 1    494                       435     59      711
..................................................................


WIND (MPH)
  HIGHEST WIND SPEED    10   HIGHEST WIND DIRECTION     W (290)
  HIGHEST GUST SPEED    15   HIGHEST GUST DIRECTION    NW (310)
  AVERAGE WIND SPEED     3.6


SKY COVER
  AVERAGE SKY COVER 0.0


WEATHER CONDITIONS
 THE FOLLOWING WEATHER WAS RECORDED YESTERDAY.
  NO SIGNIFICANT WEATHER WAS OBSERVED.


RELATIVE HUMIDITY (PERCENT)
 HIGHEST    48          1100 PM
 LOWEST     18           500 PM
 AVERAGE    33

..........................................................


THE ONTARIO OR CLIMATE NORMALS FOR TODAY
                         NORMAL    RECORD    YEAR
 MAXIMUM TEMPERATURE (F)   96       106      1978
 MINIMUM TEMPERATURE (F)   59        49      1957


SUNRISE AND SUNSET
JULY 25 2016..........SUNRISE   629 AM MDT   SUNSET   919 PM MDT
JULY 26 2016..........SUNRISE   630 AM MDT   SUNSET   918 PM MDT


-  INDICATES NEGATIVE NUMBERS.
R  INDICATES RECORD WAS SET OR TIED.
MM INDICATES DATA IS MISSING.
T  INDICATES TRACE AMOUNT.




$$
