000
CDUS45 KBOI 210932
CLIONO


CLIMATE REPORT
NATIONAL WEATHER SERVICE BOISE ID
231 AM MST SUN DEC 21 2014


...................................

...THE ONTARIO OR CLIMATE SUMMARY FOR DECEMBER 20 2014...

CLIMATE NORMAL PERIOD 1981 TO 2010
CLIMATE RECORD PERIOD 1948 TO 2014


WEATHER ITEM   OBSERVED TIME   RECORD YEAR NORMAL DEPARTURE LAST
                VALUE   (LST)  VALUE       VALUE  FROM      YEAR
                                                  NORMAL
..................................................................
TEMPERATURE (F)
 YESTERDAY
  MAXIMUM         45   1058 PM  55    1955  35     10       25
  MINIMUM         33    141 AM  -7    1990  19     14        8
  AVERAGE         39                        27     12       17

PRECIPITATION (IN)
  YESTERDAY        0.70R         0.39 1969   0.06   0.64     0.17
  MONTH TO DATE    1.82                      1.06   0.76     0.43
  SINCE OCT 1      3.74                      2.79   0.95     1.49
  SINCE JAN 1      9.70                      9.44   0.26     5.26

DEGREE DAYS
 HEATING
  YESTERDAY       26                        38    -12       48
  MONTH TO DATE  509                       730   -221      918
  SINCE DEC 1    509                       730   -221      918
  SINCE JUL 1   1790                      2158   -368     2313

 COOLING
  YESTERDAY        0                         0      0        0
  MONTH TO DATE    0                         0      0        0
  SINCE DEC 1      0                         0      0        0
  SINCE JAN 1   1088                       852    236     1299
..................................................................


WIND (MPH)
  HIGHEST WIND SPEED    15   HIGHEST WIND DIRECTION    SE (150)
  HIGHEST GUST SPEED    19   HIGHEST GUST DIRECTION    SE (150)
  AVERAGE WIND SPEED     4.2


SKY COVER
  AVERAGE SKY COVER 1.0


WEATHER CONDITIONS
 THE FOLLOWING WEATHER WAS RECORDED YESTERDAY.
  LIGHT RAIN
  FOG
  FOG W/VISIBILITY <= 1/4 MILE


RELATIVE HUMIDITY (PERCENT)
 HIGHEST   100           200 AM
 LOWEST     89          1200 PM
 AVERAGE    95

..........................................................


THE ONTARIO OR CLIMATE NORMALS FOR TODAY
                         NORMAL    RECORD    YEAR
 MAXIMUM TEMPERATURE (F)   35        59      1957
 MINIMUM TEMPERATURE (F)   19       -20      1990


SUNRISE AND SUNSET
DECEMBER 21 2014......SUNRISE   820 AM MST   SUNSET   513 PM MST
DECEMBER 22 2014......SUNRISE   820 AM MST   SUNSET   513 PM MST


-  INDICATES NEGATIVE NUMBERS.
R  INDICATES RECORD WAS SET OR TIED.
MM INDICATES DATA IS MISSING.
T  INDICATES TRACE AMOUNT.




$$
