000
CDUS45 KBOI 110931
CLIONO


CLIMATE REPORT
NATIONAL WEATHER SERVICE BOISE ID
231 AM MST THU FEB 11 2016


...................................

...THE ONTARIO OR CLIMATE SUMMARY FOR FEBRUARY 10 2016...

CLIMATE NORMAL PERIOD 1981 TO 2010
CLIMATE RECORD PERIOD 1948 TO 2016


WEATHER ITEM   OBSERVED TIME   RECORD YEAR NORMAL DEPARTURE LAST
                VALUE   (LST)  VALUE       VALUE  FROM      YEAR
                                                  NORMAL
..................................................................
TEMPERATURE (F)
 YESTERDAY
  MAXIMUM         41    451 PM  66    1961  41      0       56
  MINIMUM         31    924 AM  -5    1982  22      9       36
  AVERAGE         36                        32      4       46

PRECIPITATION (IN)
  YESTERDAY        0.00          0.36 2007   0.03  -0.03      T
  MONTH TO DATE    0.09                      0.28  -0.19     0.69
  SINCE OCT 1      5.59                      4.87   0.72     5.71
  SINCE JAN 1      0.84                      1.46  -0.62     1.25

DEGREE DAYS
 HEATING
  YESTERDAY       29                        33     -4       19
  MONTH TO DATE  321                       344    -23      192
  SINCE DEC 1   2446                      2659   -213     2106
  SINCE JUL 1   3571                      4087   -516     3387

 COOLING
  YESTERDAY        0                         0      0        0
  MONTH TO DATE    0                         0      0        0
  SINCE DEC 1      0                         0      0        0
  SINCE JAN 1      0                         0      0        0
..................................................................


WIND (MPH)
  HIGHEST WIND SPEED     9   HIGHEST WIND DIRECTION    SW (230)
  HIGHEST GUST SPEED    12   HIGHEST GUST DIRECTION     W (260)
  AVERAGE WIND SPEED     2.9


SKY COVER
  AVERAGE SKY COVER 0.9


WEATHER CONDITIONS
 THE FOLLOWING WEATHER WAS RECORDED YESTERDAY.
  FOG
  HAZE


RELATIVE HUMIDITY (PERCENT)
 HIGHEST    92           800 AM
 LOWEST     65           300 PM
 AVERAGE    79

..........................................................


THE ONTARIO OR CLIMATE NORMALS FOR TODAY
                         NORMAL    RECORD    YEAR
 MAXIMUM TEMPERATURE (F)   42        63      1971
 MINIMUM TEMPERATURE (F)   22         2      1982


SUNRISE AND SUNSET
FEBRUARY 11 2016......SUNRISE   753 AM MST   SUNSET   612 PM MST
FEBRUARY 12 2016......SUNRISE   752 AM MST   SUNSET   613 PM MST


-  INDICATES NEGATIVE NUMBERS.
R  INDICATES RECORD WAS SET OR TIED.
MM INDICATES DATA IS MISSING.
T  INDICATES TRACE AMOUNT.




$$
