000
CDUS45 KBOI 280934
CLIONO


CLIMATE REPORT
NATIONAL WEATHER SERVICE BOISE ID
333 AM MDT SAT MAR 28 2015


...................................

...THE ONTARIO OR CLIMATE SUMMARY FOR MARCH 27 2015...

CLIMATE NORMAL PERIOD 1981 TO 2010
CLIMATE RECORD PERIOD 1948 TO 2015


WEATHER ITEM   OBSERVED TIME   RECORD YEAR NORMAL DEPARTURE LAST
                VALUE   (LST)  VALUE       VALUE  FROM      YEAR
                                                  NORMAL
..................................................................
TEMPERATURE (F)
 YESTERDAY
  MAXIMUM         74    559 PM  79    1966  60     14       53
  MINIMUM         34    641 AM  20    1972  33      1       36
  AVERAGE         54                        46      8       45

PRECIPITATION (IN)
  YESTERDAY        0.00          0.26 2011   0.03  -0.03     0.11
  MONTH TO DATE    0.63                      0.89  -0.26     1.22
  SINCE OCT 1      6.36                      6.28   0.08     4.65
  SINCE JAN 1      1.90                      2.87  -0.97     3.14

DEGREE DAYS
 HEATING
  YESTERDAY       11                        19     -8       20
  MONTH TO DATE  476                       598   -122      518
  SINCE MAR 1    476                       598   -122      518
  SINCE JUL 1   4270                      5228   -958     5274

 COOLING
  YESTERDAY        0                         0      0        0
  MONTH TO DATE    0                         0      0        0
  SINCE MAR 1      0                         0      0        0
  SINCE JAN 1      0                         0      0        0
..................................................................


WIND (MPH)
  HIGHEST WIND SPEED    10   HIGHEST WIND DIRECTION     W (260)
  HIGHEST GUST SPEED    12   HIGHEST GUST DIRECTION     W (250)
  AVERAGE WIND SPEED     3.2


SKY COVER
  AVERAGE SKY COVER 0.1


WEATHER CONDITIONS
 THE FOLLOWING WEATHER WAS RECORDED YESTERDAY.
  NO SIGNIFICANT WEATHER WAS OBSERVED.


RELATIVE HUMIDITY (PERCENT)
 HIGHEST    92           700 AM
 LOWEST     35           500 PM
 AVERAGE    64

..........................................................


THE ONTARIO OR CLIMATE NORMALS FOR TODAY
                         NORMAL    RECORD    YEAR
 MAXIMUM TEMPERATURE (F)   60        83      1966
 MINIMUM TEMPERATURE (F)   33        19      1956


SUNRISE AND SUNSET
MARCH 28 2015.........SUNRISE   737 AM MDT   SUNSET   810 PM MDT
MARCH 29 2015.........SUNRISE   735 AM MDT   SUNSET   811 PM MDT


-  INDICATES NEGATIVE NUMBERS.
R  INDICATES RECORD WAS SET OR TIED.
MM INDICATES DATA IS MISSING.
T  INDICATES TRACE AMOUNT.




$$
