000
CDUS45 KBOI 300930
CLIONO


CLIMATE REPORT
NATIONAL WEATHER SERVICE BOISE ID
230 AM MST FRI JAN 30 2015


...................................

...THE ONTARIO OR CLIMATE SUMMARY FOR JANUARY 29 2015...

CLIMATE NORMAL PERIOD 1981 TO 2010
CLIMATE RECORD PERIOD 1948 TO 2015


WEATHER ITEM   OBSERVED TIME   RECORD YEAR NORMAL DEPARTURE LAST
                VALUE   (LST)  VALUE       VALUE  FROM      YEAR
                                                  NORMAL
..................................................................
TEMPERATURE (F)
 YESTERDAY
  MAXIMUM         46    506 PM  61    1967  37      9       33
  MINIMUM         26    316 AM -21    1957  21      5       29
  AVERAGE         36                        29      7       31

PRECIPITATION (IN)
  YESTERDAY        0.00          0.33 2014   0.02  -0.02     0.33
  MONTH TO DATE    0.56                      1.12  -0.56     0.64
  SINCE OCT 1      5.02                      4.53   0.49     2.15
  SINCE JAN 1      0.56                      1.12  -0.56     0.64

DEGREE DAYS
 HEATING
  YESTERDAY       29                        36     -7       34
  MONTH TO DATE  979                      1091   -112     1082
  SINCE DEC 1   1860                      2244   -384     2479
  SINCE JUL 1   3141                      3672   -531     3874

 COOLING
  YESTERDAY        0                         0      0        0
  MONTH TO DATE    0                         0      0        0
  SINCE DEC 1      0                         0      0        0
  SINCE JAN 1      0                         0      0        0
..................................................................


WIND (MPH)
  HIGHEST WIND SPEED    10   HIGHEST WIND DIRECTION     N (340)
  HIGHEST GUST SPEED    11   HIGHEST GUST DIRECTION     N (340)
  AVERAGE WIND SPEED     2.6


SKY COVER
  AVERAGE SKY COVER 0.9


WEATHER CONDITIONS
 THE FOLLOWING WEATHER WAS RECORDED YESTERDAY.
  FOG
  FOG W/VISIBILITY <= 1/4 MILE


RELATIVE HUMIDITY (PERCENT)
 HIGHEST    96           700 AM
 LOWEST     65           400 PM
 AVERAGE    81

..........................................................


THE ONTARIO OR CLIMATE NORMALS FOR TODAY
                         NORMAL    RECORD    YEAR
 MAXIMUM TEMPERATURE (F)   38        57      1953
 MINIMUM TEMPERATURE (F)   21       -20      1957


SUNRISE AND SUNSET
JANUARY 30 2015.......SUNRISE   808 AM MST   SUNSET   555 PM MST
JANUARY 31 2015.......SUNRISE   807 AM MST   SUNSET   557 PM MST


-  INDICATES NEGATIVE NUMBERS.
R  INDICATES RECORD WAS SET OR TIED.
MM INDICATES DATA IS MISSING.
T  INDICATES TRACE AMOUNT.




$$
