000
CDUS45 KBOI 190931
CLIONO


CLIMATE REPORT
NATIONAL WEATHER SERVICE BOISE ID
231 AM MST FRI JAN 19 2018


...................................

...THE ONTARIO OR CLIMATE SUMMARY FOR JANUARY 18 2018...

CLIMATE NORMAL PERIOD 1981 TO 2010
CLIMATE RECORD PERIOD 1948 TO 2018


WEATHER ITEM   OBSERVED TIME   RECORD YEAR NORMAL DEPARTURE LAST
                VALUE   (LST)  VALUE       VALUE  FROM      YEAR
                                                  NORMAL
..................................................................
TEMPERATURE (F)
 YESTERDAY
  MAXIMUM         42   1006 PM  51    1961  35      7       22
                                      1953
  MINIMUM         32    659 AM -11    1984  20     12        6
  AVERAGE         37                        28      9       14

PRECIPITATION (IN)
  YESTERDAY        0.32          0.84 2017   0.04   0.28     0.84
  MONTH TO DATE    0.88                      0.78   0.10     2.75
  SINCE OCT 1      3.59                      4.19  -0.60     6.07
  SINCE JAN 1      0.88                      0.78   0.10     2.75

DEGREE DAYS
 HEATING
  YESTERDAY       28                        37     -9       51
  MONTH TO DATE  551                       687   -136      927
  SINCE DEC 1   1675                      1840   -165     2334
  SINCE JUL 1   3020                      3268   -248     3425

 COOLING
  YESTERDAY        0                         0      0        0
  MONTH TO DATE    0                         0      0        0
  SINCE DEC 1      0                         0      0        0
  SINCE JAN 1      0                         0      0        0
..................................................................


WIND (MPH)
  HIGHEST WIND SPEED    15   HIGHEST WIND DIRECTION     W (250)
  HIGHEST GUST SPEED    18   HIGHEST GUST DIRECTION     W (250)
  AVERAGE WIND SPEED     5.9


SKY COVER
  AVERAGE SKY COVER 0.7


WEATHER CONDITIONS
 THE FOLLOWING WEATHER WAS RECORDED YESTERDAY.
  LIGHT RAIN
  FOG


RELATIVE HUMIDITY (PERCENT)
 HIGHEST   100          1200 AM
 LOWEST     86           200 PM
 AVERAGE    93

..........................................................


THE ONTARIO OR CLIMATE NORMALS FOR TODAY
                         NORMAL    RECORD    YEAR
 MAXIMUM TEMPERATURE (F)   35        53      1953
 MINIMUM TEMPERATURE (F)   20        -5      2013
                                             1979
                                             1960


SUNRISE AND SUNSET
JANUARY 19 2018.......SUNRISE   817 AM MST   SUNSET   541 PM MST
JANUARY 20 2018.......SUNRISE   816 AM MST   SUNSET   542 PM MST


-  INDICATES NEGATIVE NUMBERS.
R  INDICATES RECORD WAS SET OR TIED.
MM INDICATES DATA IS MISSING.
T  INDICATES TRACE AMOUNT.




$$
