000
CDUS45 KBOI 190932
CLIONO


CLIMATE REPORT
NATIONAL WEATHER SERVICE BOISE ID
232 AM MST THU JAN 19 2017


...................................

...THE ONTARIO OR CLIMATE SUMMARY FOR JANUARY 18 2017...

CLIMATE NORMAL PERIOD 1981 TO 2010
CLIMATE RECORD PERIOD 1948 TO 2017


WEATHER ITEM   OBSERVED TIME   RECORD YEAR NORMAL DEPARTURE LAST
                VALUE   (LST)  VALUE       VALUE  FROM      YEAR
                                                  NORMAL
..................................................................
TEMPERATURE (F)
 YESTERDAY
  MAXIMUM         22   1159 PM  52    1998  35    -13       39
  MINIMUM          6   1236 AM -11    1984  20    -14       31
  AVERAGE         14                        28    -14       35

PRECIPITATION (IN)
  YESTERDAY        0.84R         0.34 1953   0.04   0.80     0.01
  MONTH TO DATE    2.75                      0.78   1.97     0.20
  SINCE OCT 1      6.07                      4.19   1.88     4.95
  SINCE JAN 1      2.75                      0.78   1.97     0.20

DEGREE DAYS
 HEATING
  YESTERDAY       51                        37     14       30
  MONTH TO DATE  927                       687    240      689
  SINCE DEC 1   2334                      1840    494     1736
  SINCE JUL 1   3425                      3268    157     2861

 COOLING
  YESTERDAY        0                         0      0        0
  MONTH TO DATE    0                         0      0        0
  SINCE DEC 1      0                         0      0        0
  SINCE JAN 1      0                         0      0        0
..................................................................


WIND (MPH)
  HIGHEST WIND SPEED    12   HIGHEST WIND DIRECTION    SW (240)
  HIGHEST GUST SPEED    13   HIGHEST GUST DIRECTION    SW (240)
  AVERAGE WIND SPEED     3.9


SKY COVER
  AVERAGE SKY COVER 0.9


WEATHER CONDITIONS
 THE FOLLOWING WEATHER WAS RECORDED YESTERDAY.
  HEAVY SNOW
  SNOW
  LIGHT SNOW
  FOG
  FOG W/VISIBILITY <= 1/4 MILE
  HAZE


RELATIVE HUMIDITY (PERCENT)
 HIGHEST    92           300 PM
 LOWEST     73           400 AM
 AVERAGE    83

..........................................................


THE ONTARIO OR CLIMATE NORMALS FOR TODAY
                         NORMAL    RECORD    YEAR
 MAXIMUM TEMPERATURE (F)   35        53      1953
 MINIMUM TEMPERATURE (F)   20        -5      2013
                                             1979


SUNRISE AND SUNSET
JANUARY 19 2017.......SUNRISE   817 AM MST   SUNSET   541 PM MST
JANUARY 20 2017.......SUNRISE   816 AM MST   SUNSET   543 PM MST


-  INDICATES NEGATIVE NUMBERS.
R  INDICATES RECORD WAS SET OR TIED.
MM INDICATES DATA IS MISSING.
T  INDICATES TRACE AMOUNT.




$$
