000
CDUS45 KBOI 010932
CLIONO


CLIMATE REPORT
NATIONAL WEATHER SERVICE BOISE ID
331 AM MDT MON SEP 1 2014


...................................

...THE ONTARIO OR CLIMATE SUMMARY FOR AUGUST 31 2014...

CLIMATE NORMAL PERIOD 1981 TO 2010
CLIMATE RECORD PERIOD 1948 TO 2014


WEATHER ITEM   OBSERVED TIME   RECORD YEAR NORMAL DEPARTURE LAST
                VALUE   (LST)  VALUE       VALUE  FROM      YEAR
                                                  NORMAL
..................................................................
TEMPERATURE (F)
 YESTERDAY
  MAXIMUM         78    430 PM 102    1967  87     -9       95
  MINIMUM         49    631 AM  35    1965  50     -1       57
  AVERAGE         64                        69     -5       76

PRECIPITATION (IN)
  YESTERDAY        0.00          0.39 1984   0.01  -0.01     0.00
  MONTH TO DATE    0.53                      0.18   0.35      T
  SINCE OCT 1      7.05                      9.65  -2.60     5.55
  SINCE JAN 1      5.54                      6.24  -0.70     2.61

DEGREE DAYS
 HEATING
  YESTERDAY        1                         1      0        0
  MONTH TO DATE    1                         7     -6        0
  SINCE JUN 1     29                        68    -39       39
  SINCE JUL 1      1                        16    -15        0

 COOLING
  YESTERDAY        0                         5     -5       11
  MONTH TO DATE  296                       270     26      416
  SINCE JUN 1    949                       757    192     1125
  SINCE JAN 1    997                       793    204     1172
..................................................................


WIND (MPH)
  HIGHEST WIND SPEED    12   HIGHEST WIND DIRECTION    NW (300)
  HIGHEST GUST SPEED    17   HIGHEST GUST DIRECTION    NW (310)
  AVERAGE WIND SPEED     5.0


SKY COVER
  AVERAGE SKY COVER 0.1


WEATHER CONDITIONS
 THE FOLLOWING WEATHER WAS RECORDED YESTERDAY.
  NO SIGNIFICANT WEATHER WAS OBSERVED.


RELATIVE HUMIDITY (PERCENT)
 HIGHEST    83           100 AM
 LOWEST     28           400 PM
 AVERAGE    56

..........................................................


THE ONTARIO OR CLIMATE NORMALS FOR TODAY
                         NORMAL    RECORD    YEAR
 MAXIMUM TEMPERATURE (F)   87       104      1967
 MINIMUM TEMPERATURE (F)   50        37      1965


SUNRISE AND SUNSET
SEPTEMBER  1 2014.....SUNRISE   711 AM MDT   SUNSET   824 PM MDT
SEPTEMBER  2 2014.....SUNRISE   712 AM MDT   SUNSET   822 PM MDT


-  INDICATES NEGATIVE NUMBERS.
R  INDICATES RECORD WAS SET OR TIED.
MM INDICATES DATA IS MISSING.
T  INDICATES TRACE AMOUNT.




$$
