000
CDUS46 KSGX 010021
CLIONT


CLIMATE REPORT
NATIONAL WEATHER SERVICE SAN DIEGO, CA
521 PM PDT TUE JUN 30 2015


...................................

...THE ONTARIO INTL AIRPORT CA CLIMATE SUMMARY FOR JUNE 30 2015...
VALID TODAY AS OF 0500 PM LOCAL TIME.

CLIMATE NORMAL PERIOD 1981 TO 2010
CLIMATE RECORD PERIOD 1998 TO 2015


WEATHER ITEM   OBSERVED TIME   RECORD YEAR NORMAL DEPARTURE LAST
                VALUE   (LST)  VALUE       VALUE  FROM      YEAR
                                                  NORMAL
..................................................................
TEMPERATURE (F)
 TODAY
  MAXIMUM        100    117 PM 104    2013  90     10       90
  MINIMUM         69    410 AM  56    2002  61      8       66
  AVERAGE         85                        76      9       78

PRECIPITATION (IN)
  TODAY            0.01R         0.00 2006   0.00   0.01     0.00
                                      2005
                                      2004
  MONTH TO DATE    0.01                      0.12  -0.11     0.00
  SINCE OCT 1      9.88                     14.55  -4.67     4.37
  SINCE JAN 1      4.24                     10.38  -6.14     3.49

SNOWFALL (IN)
  TODAY            0.0
  MONTH TO DATE    0.0
  SINCE JUN 1      0.0
  SINCE JUL 1      0.0
  SNOW DEPTH       0

DEGREE DAYS
 HEATING
  TODAY            0                         0      0        0
  MONTH TO DATE    0                         1     -1        0
  SINCE JUN 1      0                         5     -5        0
  SINCE JUL 1    783                      1537   -754      836

 COOLING
  TODAY           20                        11      9       13
  MONTH TO DATE  350                       223    127      286
  SINCE JUN 1    350                       223    127      286
  SINCE JAN 1    645                       389    256      680
..................................................................


WIND (MPH)
  RESULTANT WIND SPEED   4   RESULTANT WIND DIRECTION  SW (230)
  HIGHEST WIND SPEED    23   HIGHEST WIND DIRECTION    SW (230)
  HIGHEST GUST SPEED    29   HIGHEST GUST DIRECTION    SW (240)
  AVERAGE WIND SPEED     5.3


SKY COVER
  POSSIBLE SUNSHINE  MM
  AVERAGE SKY COVER 0.6


WEATHER CONDITIONS
 THE FOLLOWING WEATHER WAS RECORDED TODAY.
  THUNDERSTORM
  RAIN
  LIGHT RAIN


RELATIVE HUMIDITY (PERCENT)
 HIGHEST    70           500 AM
 LOWEST     24          1100 AM
 AVERAGE    47

..........................................................


THE ONTARIO INTL AIRPORT CA CLIMATE NORMALS FOR TOMORROW
                         NORMAL    RECORD    YEAR
 MAXIMUM TEMPERATURE (F)   90       103      2006
 MINIMUM TEMPERATURE (F)   62        56      2004


SUNRISE AND SUNSET
JUNE 30 2015..........SUNRISE   542 AM PDT   SUNSET   806 PM PDT
JULY  1 2015..........SUNRISE   543 AM PDT   SUNSET   806 PM PDT


-  INDICATES NEGATIVE NUMBERS.
R  INDICATES RECORD WAS SET OR TIED.
MM INDICATES DATA IS MISSING.
T  INDICATES TRACE AMOUNT.




$$
