000
CDUS46 KSGX 301419
CLIONT


CLIMATE REPORT
NATIONAL WEATHER SERVICE SAN DIEGO, CA
719 AM PDT MON MAY 30 2016


...................................

...THE ONTARIO INTL AIRPORT CA CLIMATE SUMMARY FOR MAY 29 2016...

CLIMATE NORMAL PERIOD 1981 TO 2010
CLIMATE RECORD PERIOD 1998 TO 2016


WEATHER ITEM   OBSERVED TIME   RECORD YEAR NORMAL DEPARTURE LAST
                VALUE   (LST)  VALUE       VALUE  FROM      YEAR
                                                  NORMAL
..................................................................
TEMPERATURE (F)
 YESTERDAY
  MAXIMUM         75    357 PM  99    2002  81     -6       89
  MINIMUM         57   1159 PM  49    2010  57      0       56
  AVERAGE         66                        69     -3       73

PRECIPITATION (IN)
  YESTERDAY        T   R         0.00   MM   0.00   0.00     0.00
  MONTH TO DATE    1.27                      0.29   0.98     0.94
  SINCE OCT 1      7.71                     14.42  -6.71     9.87
  SINCE JAN 1      5.59                     10.25  -4.66     4.23

DEGREE DAYS
 HEATING
  YESTERDAY        0                         1     -1        0
  MONTH TO DATE   44                        37      7       70
  SINCE MAR 1    209                       373   -164      183
  SINCE JUL 1   1218                      1530   -312      783

 COOLING
  YESTERDAY        1                         5     -4        8
  MONTH TO DATE   65                        99    -34       55
  SINCE MAR 1    179                       152     27      251
  SINCE JAN 1    222                       158     64      281
..................................................................


WIND (MPH)
  RESULTANT WIND SPEED   8   RESULTANT WIND DIRECTION   W (260)
  HIGHEST WIND SPEED    15   HIGHEST WIND DIRECTION     W (280)
  HIGHEST GUST SPEED    20   HIGHEST GUST DIRECTION     W (260)
  AVERAGE WIND SPEED     8.0


SKY COVER
  POSSIBLE SUNSHINE  MM
  AVERAGE SKY COVER 0.7


WEATHER CONDITIONS
 THE FOLLOWING WEATHER WAS RECORDED YESTERDAY.
  LIGHT RAIN
  FOG


RELATIVE HUMIDITY (PERCENT)
 HIGHEST    80           300 AM
 LOWEST     46           300 PM
 AVERAGE    63

..........................................................


THE ONTARIO INTL AIRPORT CA CLIMATE NORMALS FOR TODAY
                         NORMAL    RECORD    YEAR
 MAXIMUM TEMPERATURE (F)   81        94      2004
 MINIMUM TEMPERATURE (F)   57        49      1998


SUNRISE AND SUNSET
MAY 30 2016...........SUNRISE   541 AM PDT   SUNSET   756 PM PDT
MAY 31 2016...........SUNRISE   540 AM PDT   SUNSET   756 PM PDT


-  INDICATES NEGATIVE NUMBERS.
R  INDICATES RECORD WAS SET OR TIED.
MM INDICATES DATA IS MISSING.
T  INDICATES TRACE AMOUNT.




$$
