000
CDUS46 KSGX 302320
CLIONT


CLIMATE REPORT
NATIONAL WEATHER SERVICE SAN DIEGO, CA
420 PM PDT MON MAR 30 2015


...................................

...THE ONTARIO INTL AIRPORT CA CLIMATE SUMMARY FOR MARCH 30 2015...
VALID TODAY AS OF 0400 PM LOCAL TIME.

CLIMATE NORMAL PERIOD 1981 TO 2010
CLIMATE RECORD PERIOD 1998 TO 2015


WEATHER ITEM   OBSERVED TIME   RECORD YEAR NORMAL DEPARTURE LAST
                VALUE   (LST)  VALUE       VALUE  FROM      YEAR
                                                  NORMAL
..................................................................
TEMPERATURE (F)
 TODAY
  MAXIMUM         86    231 PM  88    2011  72     14       73
  MINIMUM         56    551 AM  44    2008  48      8       52
  AVERAGE         71                        60     11       63

PRECIPITATION (IN)
  TODAY            0.00          0.02 2008   0.04  -0.04      T
  MONTH TO DATE    0.19                      2.29  -2.10     0.50
  SINCE OCT 1      8.43                     13.16  -4.73     3.55
  SINCE JAN 1      2.79                      8.99  -6.20     2.67

SNOWFALL (IN)
  TODAY            0.0
  MONTH TO DATE    0.0
  SINCE MAR 1      0.0
  SINCE JUL 1      0.0
  SNOW DEPTH       0

DEGREE DAYS
 HEATING
  TODAY            0                         6     -6        2
  MONTH TO DATE   57                       207   -150       67
  SINCE MAR 1     57                       207   -150       67
  SINCE JUL 1    657                      1364   -707      753

 COOLING
  TODAY            6                         0      6        0
  MONTH TO DATE  117                         6    111       32
  SINCE MAR 1    117                         6    111       32
  SINCE JAN 1    147                        12    135       62
..................................................................


WIND (MPH)
  RESULTANT WIND SPEED   3   RESULTANT WIND DIRECTION   W (260)
  HIGHEST WIND SPEED    16   HIGHEST WIND DIRECTION     W (260)
  HIGHEST GUST SPEED    23   HIGHEST GUST DIRECTION     W (260)
  AVERAGE WIND SPEED     3.9


SKY COVER
  POSSIBLE SUNSHINE  MM
  AVERAGE SKY COVER 0.1


WEATHER CONDITIONS
 THE FOLLOWING WEATHER WAS RECORDED TODAY.
  NO SIGNIFICANT WEATHER WAS OBSERVED.


RELATIVE HUMIDITY (PERCENT)
 HIGHEST    80           300 AM
 LOWEST     22           200 PM
 AVERAGE    51

..........................................................


THE ONTARIO INTL AIRPORT CA CLIMATE NORMALS FOR TOMORROW
                         NORMAL    RECORD    YEAR
 MAXIMUM TEMPERATURE (F)   72        93      2011
 MINIMUM TEMPERATURE (F)   48        44      2008


SUNRISE AND SUNSET
MARCH 30 2015.........SUNRISE   641 AM PDT   SUNSET   710 PM PDT
MARCH 31 2015.........SUNRISE   639 AM PDT   SUNSET   710 PM PDT


-  INDICATES NEGATIVE NUMBERS.
R  INDICATES RECORD WAS SET OR TIED.
MM INDICATES DATA IS MISSING.
T  INDICATES TRACE AMOUNT.




$$
