000
CDUS46 KSGX 070119
CLIONT


CLIMATE REPORT
NATIONAL WEATHER SERVICE SAN DIEGO, CA
519 PM PST SAT FEB 6 2016


...................................

...THE ONTARIO INTL AIRPORT CA CLIMATE SUMMARY FOR FEBRUARY 6 2016...
VALID TODAY AS OF 0500 PM LOCAL TIME.

CLIMATE NORMAL PERIOD 1981 TO 2010
CLIMATE RECORD PERIOD 1998 TO 2016


WEATHER ITEM   OBSERVED TIME   RECORD YEAR NORMAL DEPARTURE LAST
                VALUE   (LST)  VALUE       VALUE  FROM      YEAR
                                                  NORMAL
..................................................................
TEMPERATURE (F)
 TODAY
  MAXIMUM         77    336 PM  82    2006  65     12       80
  MINIMUM         41    626 AM  37    2003  45     -4       51
  AVERAGE         59                        55      4       66

PRECIPITATION (IN)
  TODAY            0.00          0.97 2009   0.09  -0.09     0.00
  MONTH TO DATE    0.00                      0.50  -0.50     0.00
  SINCE OCT 1      4.31                      7.98  -3.67     6.58
  SINCE JAN 1      2.19                      3.81  -1.62     0.94

DEGREE DAYS
 HEATING
  TODAY            6                        10     -4        0
  MONTH TO DATE   80                        61     19       12
  SINCE DEC 1    789                       728     61      452
  SINCE JUL 1    986                       950     36      522

 COOLING
  TODAY            0                         0      0        1
  MONTH TO DATE    0                         0      0        2
  SINCE DEC 1      2                         5     -3       17
  SINCE JAN 1      0                         3     -3       15
..................................................................


WIND (MPH)
  RESULTANT WIND SPEED   2   RESULTANT WIND DIRECTION   W (290)
  HIGHEST WIND SPEED     8   HIGHEST WIND DIRECTION     W (290)
  HIGHEST GUST SPEED    15   HIGHEST GUST DIRECTION     W (270)
  AVERAGE WIND SPEED     2.9


SKY COVER
  POSSIBLE SUNSHINE  MM
  AVERAGE SKY COVER 0.0


WEATHER CONDITIONS
 THE FOLLOWING WEATHER WAS RECORDED TODAY.
  NO SIGNIFICANT WEATHER WAS OBSERVED.


RELATIVE HUMIDITY (PERCENT)
 HIGHEST    53           100 AM
 LOWEST     10           200 PM
 AVERAGE    32

..........................................................


THE ONTARIO INTL AIRPORT CA CLIMATE NORMALS FOR TOMORROW
                         NORMAL    RECORD    YEAR
 MAXIMUM TEMPERATURE (F)   65        84      2006
 MINIMUM TEMPERATURE (F)   45        36      2003


SUNRISE AND SUNSET
FEBRUARY  6 2016......SUNRISE   644 AM PST   SUNSET   525 PM PST
FEBRUARY  7 2016......SUNRISE   643 AM PST   SUNSET   526 PM PST


-  INDICATES NEGATIVE NUMBERS.
R  INDICATES RECORD WAS SET OR TIED.
MM INDICATES DATA IS MISSING.
T  INDICATES TRACE AMOUNT.




$$
