000
CDUS41 KAKQ 260545
CLIORF


CLIMATE REPORT
NATIONAL WEATHER SERVICE WAKEFIELD, VA
145 AM EDT FRI MAY 26 2017


...................................

...THE NORFOLK VA CLIMATE SUMMARY FOR MAY 25 2017...

CLIMATE NORMAL PERIOD 1981 TO 2010
CLIMATE RECORD PERIOD 1871 TO 2017


WEATHER ITEM   OBSERVED TIME   RECORD YEAR NORMAL DEPARTURE LAST
                VALUE   (LST)  VALUE       VALUE  FROM      YEAR
                                                  NORMAL
..................................................................
TEMPERATURE (F)
 YESTERDAY
  MAXIMUM         82    213 PM  95    1880  78      4       86
  MINIMUM         61   1200 AM  44    1956  61      0       63
  AVERAGE         72                        69      3       75

PRECIPITATION (IN)
  YESTERDAY        0.11          2.39 1895   0.12  -0.01     0.00
  MONTH TO DATE    6.21                      2.67   3.54     4.32
  SINCE MAR 1     14.40                      9.76   4.64    10.56
  SINCE JAN 1     19.47                     16.28   3.19    21.43

SNOWFALL (IN)
  YESTERDAY        0.0           0.0  2002   0.0    0.0
                                      2001
  MONTH TO DATE    0.0                       0.0    0.0
  SINCE NOV 1      5.4                       5.8   -0.4
  SINCE JUL 1      5.4                       5.8   -0.4
  SNOW DEPTH       0

DEGREE DAYS
 HEATING
  YESTERDAY        0                         1     -1        0
  MONTH TO DATE   47                        65    -18       70
  SINCE MAR 1    613                       796   -183      606
  SINCE JUL 1   2665                      3365   -700     2522

 COOLING
  YESTERDAY        7                         5      2       10
  MONTH TO DATE  107                        85     22       47
  SINCE MAR 1    267                       128    139       95
  SINCE JAN 1    270                       129    141       95
..................................................................


WIND (MPH)
  HIGHEST WIND SPEED    35   HIGHEST WIND DIRECTION    SW (240)
  HIGHEST GUST SPEED    49   HIGHEST GUST DIRECTION    SW (240)
  AVERAGE WIND SPEED    11.6


SKY COVER
  POSSIBLE SUNSHINE  MM
  AVERAGE SKY COVER 0.4


WEATHER CONDITIONS
 THE FOLLOWING WEATHER WAS RECORDED YESTERDAY.
  THUNDERSTORM
  HEAVY RAIN
  RAIN
  LIGHT RAIN


RELATIVE HUMIDITY (PERCENT)
 HIGHEST   100           200 AM
 LOWEST     45           300 PM
 AVERAGE    73

..........................................................


THE NORFOLK VA CLIMATE NORMALS FOR TODAY
                         NORMAL    RECORD    YEAR
 MAXIMUM TEMPERATURE (F)   78        98      1880
 MINIMUM TEMPERATURE (F)   61        47      1967


SUNRISE AND SUNSET
MAY 26 2017...........SUNRISE   549 AM EDT   SUNSET   815 PM EDT
MAY 27 2017...........SUNRISE   549 AM EDT   SUNSET   815 PM EDT


-  INDICATES NEGATIVE NUMBERS.
R  INDICATES RECORD WAS SET OR TIED.
MM INDICATES DATA IS MISSING.
T  INDICATES TRACE AMOUNT.




$$
