000
CDUS41 KAKQ 252148
CLIORF


CLIMATE REPORT
NATIONAL WEATHER SERVICE WAKEFIELD, VA
548 PM EDT SAT OCT 25 2014


...................................

...THE NORFOLK VA CLIMATE SUMMARY FOR OCTOBER 25 2014...
VALID TODAY AS OF 0500 PM LOCAL TIME.

CLIMATE NORMAL PERIOD 1981 TO 2010
CLIMATE RECORD PERIOD 1871 TO 2014


WEATHER ITEM   OBSERVED TIME   RECORD YEAR NORMAL DEPARTURE LAST
                VALUE   (LST)  VALUE       VALUE  FROM      YEAR
                                                  NORMAL
..................................................................
TEMPERATURE (F)
 TODAY
  MAXIMUM         70    329 PM  83    2001  67      3       56
  MINIMUM         46    148 AM  34    1969  51     -5       39
  AVERAGE         58

PRECIPITATION (IN)
  TODAY            0.00          2.11 1981   0.11  -0.11     0.00
  MONTH TO DATE    1.24                      2.76  -1.52     4.13
  SINCE SEP 1     10.41                      7.52   2.89     5.06
  SINCE JAN 1     42.82                     39.46   3.36    38.33

SNOWFALL (IN)
  TODAY            0.0
  MONTH TO DATE    0.0
  SINCE NOV 1     15.5
  SINCE JUL 1      0.0
  SNOW DEPTH       0

DEGREE DAYS
 HEATING
  TODAY            7                         7      0       17
  MONTH TO DATE   60                       101    -41       71
  SINCE SEP 1     60                       112    -52       79
  SINCE JUL 1     60                       112    -52       79

 COOLING
  TODAY            0                         1     -1        0
  MONTH TO DATE   70                        50     20       81
  SINCE SEP 1    341                       280     61      294
  SINCE JAN 1   1714                      1615     99     1743
..................................................................


WIND (MPH)
  RESULTANT WIND SPEED   4   RESULTANT WIND DIRECTION   N (350)
  HIGHEST WIND SPEED    14   HIGHEST WIND DIRECTION     N (360)
  HIGHEST GUST SPEED    17   HIGHEST GUST DIRECTION     N (350)


SKY COVER
  POSSIBLE SUNSHINE  MM
  AVERAGE SKY COVER 0.0


WEATHER CONDITIONS
 THE FOLLOWING WEATHER WAS RECORDED TODAY.
  NO SIGNIFICANT WEATHER WAS OBSERVED.


RELATIVE HUMIDITY (PERCENT)
 HIGHEST    93
 LOWEST     26
 AVERAGE    60

..........................................................


THE NORFOLK VA CLIMATE NORMALS FOR TOMORROW
                         NORMAL    RECORD    YEAR
 MAXIMUM TEMPERATURE (F)   67        83      1939
 MINIMUM TEMPERATURE (F)   51        36      1962


SUNRISE AND SUNSET
OCTOBER 25 2014.......SUNRISE   722 AM EDT   SUNSET   615 PM EDT
OCTOBER 26 2014.......SUNRISE   723 AM EDT   SUNSET   614 PM EDT


-  INDICATES NEGATIVE NUMBERS.
R  INDICATES RECORD WAS SET OR TIED.
MM INDICATES DATA IS MISSING.
T  INDICATES TRACE AMOUNT.




$$
