378
CDUS41 KAKQ 220635
CLIORF


CLIMATE REPORT
NATIONAL WEATHER SERVICE WAKEFIELD, VA
134 AM EST THU FEB 22 2018


...................................

...THE NORFOLK VA CLIMATE SUMMARY FOR FEBRUARY 21 2018...

CLIMATE NORMAL PERIOD 1981 TO 2010
CLIMATE RECORD PERIOD 1871 TO 2018


WEATHER ITEM   OBSERVED TIME   RECORD YEAR NORMAL DEPARTURE LAST
                VALUE   (LST)  VALUE       VALUE  FROM      YEAR
                                                  NORMAL
..................................................................
TEMPERATURE (F)
 YESTERDAY
  MAXIMUM         79R   323 PM  79    2014  52     27       56
  MINIMUM         63    904 PM  10    2015  35     28       43
  AVERAGE         71                        44     27       50

PRECIPITATION (IN)
  YESTERDAY        0.00          1.33 1929   0.12  -0.12     0.00
  MONTH TO DATE    1.71                      2.32  -0.61     0.65
  SINCE DEC 1      7.62                      8.98  -1.36     7.60
  SINCE JAN 1      5.22                      5.72  -0.50     5.06

SNOWFALL (IN)
  YESTERDAY        0.0           1.2  1963   0.0    0.0
  MONTH TO DATE    T                         1.6   -1.6
  SINCE NOV 1     13.1                       5.2    7.9
  SINCE JUL 1     13.1                       5.2    7.9
  SNOW DEPTH       0

DEGREE DAYS
 HEATING
  YESTERDAY        0                        21    -21       15
  MONTH TO DATE  333                       482   -149      337
  SINCE DEC 1   1866                      1894    -28     1552
  SINCE JUL 1   2292                      2424   -132     2015

 COOLING
  YESTERDAY        6                         0      6        0
  MONTH TO DATE   14                         0     14        0
  SINCE DEC 1     15                         1     14        0
  SINCE JAN 1     15                         0     15        0
..................................................................


WIND (MPH)
  HIGHEST WIND SPEED    17   HIGHEST WIND DIRECTION    SW (240)
  HIGHEST GUST SPEED    24   HIGHEST GUST DIRECTION    SW (220)
  AVERAGE WIND SPEED    11.0


SKY COVER
  POSSIBLE SUNSHINE  MM
  AVERAGE SKY COVER 0.7


WEATHER CONDITIONS
 THE FOLLOWING WEATHER WAS RECORDED YESTERDAY.
  NO SIGNIFICANT WEATHER WAS OBSERVED.


RELATIVE HUMIDITY (PERCENT)
 HIGHEST   100           100 AM
 LOWEST     56           500 PM
 AVERAGE    78

..........................................................


THE NORFOLK VA CLIMATE NORMALS FOR TODAY
                         NORMAL    RECORD    YEAR
 MAXIMUM TEMPERATURE (F)   52        77      2003
 MINIMUM TEMPERATURE (F)   35        16      1963


SUNRISE AND SUNSET
FEBRUARY 22 2018......SUNRISE   645 AM EST   SUNSET   552 PM EST
FEBRUARY 23 2018......SUNRISE   643 AM EST   SUNSET   553 PM EST


-  INDICATES NEGATIVE NUMBERS.
R  INDICATES RECORD WAS SET OR TIED.
MM INDICATES DATA IS MISSING.
T  INDICATES TRACE AMOUNT.




$$
