000
CDUS41 KAKQ 150845
CLIORF


CLIMATE REPORT
NATIONAL WEATHER SERVICE WAKEFIELD, VA
445 AM EDT MON SEP 15 2014


...................................

...THE NORFOLK VA CLIMATE SUMMARY FOR SEPTEMBER 14 2014...

CLIMATE NORMAL PERIOD 1981 TO 2010
CLIMATE RECORD PERIOD 1871 TO 2014


WEATHER ITEM   OBSERVED TIME   RECORD YEAR NORMAL DEPARTURE LAST
                VALUE   (LST)  VALUE       VALUE  FROM      YEAR
                                                  NORMAL
..................................................................
TEMPERATURE (F)
 YESTERDAY
  MAXIMUM         72    301 PM  93    2008  80     -8       72
  MINIMUM         64   1159 PM  53    1958  66     -2       62
  AVERAGE         68                        73     -5       67

PRECIPITATION (IN)
  YESTERDAY        0.00          3.97 1944   0.17  -0.17     0.00
  MONTH TO DATE    7.03                      2.36   4.67     0.36
  SINCE SEP 1      7.03                      2.36   4.67     0.36
  SINCE JAN 1     39.44                     34.30   5.14    33.63

SNOWFALL (IN)
  YESTERDAY        0.0           0.0  2002   0.0    0.0
                                      2001
  MONTH TO DATE    0.0                       0.0    0.0
  SINCE NOV 1     15.5                       5.8    9.7
  SINCE JUL 1      0.0                       0.0    0.0
  SNOW DEPTH       0

DEGREE DAYS
 HEATING
  YESTERDAY        0                         0      0        0
  MONTH TO DATE    0                         0      0        0
  SINCE SEP 1      0                         0      0        0
  SINCE JUL 1      0                         0      0        0

 COOLING
  YESTERDAY        3                         8     -5        2
  MONTH TO DATE  190                       135     55      168
  SINCE SEP 1    190                       135     55      168
  SINCE JAN 1   1563                      1470     93     1617
..................................................................


WIND (MPH)
  HIGHEST WIND SPEED    24   HIGHEST WIND DIRECTION    NE (30)
  HIGHEST GUST SPEED    30   HIGHEST GUST DIRECTION    NE (30)
  AVERAGE WIND SPEED    10.9


SKY COVER
  POSSIBLE SUNSHINE  MM
  AVERAGE SKY COVER 0.5


WEATHER CONDITIONS
 THE FOLLOWING WEATHER WAS RECORDED YESTERDAY.
  NO SIGNIFICANT WEATHER WAS OBSERVED.


RELATIVE HUMIDITY (PERCENT)
 HIGHEST    73           500 AM
 LOWEST     53          1000 AM
 AVERAGE    63

..........................................................


THE NORFOLK VA CLIMATE NORMALS FOR TODAY
                         NORMAL    RECORD    YEAR
 MAXIMUM TEMPERATURE (F)   80        93      1938
 MINIMUM TEMPERATURE (F)   66        51      1985


SUNRISE AND SUNSET
SEPTEMBER 15 2014.....SUNRISE   647 AM EDT   SUNSET   712 PM EDT
SEPTEMBER 16 2014.....SUNRISE   648 AM EDT   SUNSET   711 PM EDT


-  INDICATES NEGATIVE NUMBERS.
R  INDICATES RECORD WAS SET OR TIED.
MM INDICATES DATA IS MISSING.
T  INDICATES TRACE AMOUNT.




$$
