000
CDUS41 KAKQ 050626
CLIORF


CLIMATE REPORT
NATIONAL WEATHER SERVICE WAKEFIELD, VA
126 AM EST FRI FEB 5 2016


...................................

...THE NORFOLK VA CLIMATE SUMMARY FOR FEBRUARY 4 2016...

CLIMATE NORMAL PERIOD 1981 TO 2010
CLIMATE RECORD PERIOD 1871 TO 2016


WEATHER ITEM   OBSERVED TIME   RECORD YEAR NORMAL DEPARTURE LAST
                VALUE   (LST)  VALUE       VALUE  FROM      YEAR
                                                  NORMAL
..................................................................
TEMPERATURE (F)
 YESTERDAY
  MAXIMUM         65   1028 AM  82    1890  49     16       55
  MINIMUM         41   1159 PM  11    1886  33      8       24
  AVERAGE         53                        41     12       40

PRECIPITATION (IN)
  YESTERDAY        1.72          4.75 1998   0.12   1.60     0.00
  MONTH TO DATE    3.29                      0.45   2.84     0.31
  SINCE DEC 1     11.28                      7.11   4.17     7.65
  SINCE JAN 1      7.91                      3.85   4.06     3.95

SNOWFALL (IN)
  YESTERDAY        0.0           6.1  1996   0.1   -0.1
  MONTH TO DATE    0.0                       0.3   -0.3
  SINCE NOV 1      2.8                       3.9   -1.1
  SINCE JUL 1      2.8                       3.9   -1.1
  SNOW DEPTH       0

DEGREE DAYS
 HEATING
  YESTERDAY       12                        24    -12       25
  MONTH TO DATE   39                        96    -57      106
  SINCE DEC 1   1027                      1508   -481     1477
  SINCE JUL 1   1366                      2038   -672     2040

 COOLING
  YESTERDAY        0                         0      0        0
  MONTH TO DATE    0                         0      0        0
  SINCE DEC 1     29                         1     28        0
  SINCE JAN 1      0                         0      0        0
..................................................................


WIND (MPH)
  HIGHEST WIND SPEED    24   HIGHEST WIND DIRECTION     N (10)
  HIGHEST GUST SPEED    31   HIGHEST GUST DIRECTION     N (360)
  AVERAGE WIND SPEED    12.9


SKY COVER
  POSSIBLE SUNSHINE  MM
  AVERAGE SKY COVER 1.0


WEATHER CONDITIONS
 THE FOLLOWING WEATHER WAS RECORDED YESTERDAY.
  HEAVY RAIN
  RAIN
  LIGHT RAIN
  FOG


RELATIVE HUMIDITY (PERCENT)
 HIGHEST    93          1200 AM
 LOWEST     80           100 PM
 AVERAGE    87

..........................................................


THE NORFOLK VA CLIMATE NORMALS FOR TODAY
                         NORMAL    RECORD    YEAR
 MAXIMUM TEMPERATURE (F)   49        77      1890
 MINIMUM TEMPERATURE (F)   33         4      1886


SUNRISE AND SUNSET
FEBRUARY  5 2016......SUNRISE   704 AM EST   SUNSET   534 PM EST
FEBRUARY  6 2016......SUNRISE   703 AM EST   SUNSET   535 PM EST


-  INDICATES NEGATIVE NUMBERS.
R  INDICATES RECORD WAS SET OR TIED.
MM INDICATES DATA IS MISSING.
T  INDICATES TRACE AMOUNT.




$$
