000
CDUS41 KAKQ 180827
CLIORF


CLIMATE REPORT
NATIONAL WEATHER SERVICE WAKEFIELD, VA
426 AM EDT FRI APR 18 2014


...................................

...THE NORFOLK VA CLIMATE SUMMARY FOR APRIL 17 2014...

CLIMATE NORMAL PERIOD 1981 TO 2010
CLIMATE RECORD PERIOD 1871 TO 2014


WEATHER ITEM   OBSERVED TIME   RECORD YEAR NORMAL DEPARTURE LAST
                VALUE   (LST)  VALUE       VALUE  FROM      YEAR
                                                  NORMAL
..................................................................
TEMPERATURE (F)
 YESTERDAY
  MAXIMUM         52   1247 PM  93    2002  68    -16       82
  MINIMUM         42    453 AM  34    1875  49     -7       58
  AVERAGE         47                        59    -12       70

PRECIPITATION (IN)
  YESTERDAY        0.00          3.35 1883   0.11  -0.11     0.00
  MONTH TO DATE    3.24                      1.94   1.30     1.14
  SINCE MAR 1      7.06                      5.62   1.44     3.64
  SINCE JAN 1     13.35                     12.14   1.21    11.20

SNOWFALL (IN)
  YESTERDAY        0.0           0.0  2002   0.0    0.0
  MONTH TO DATE    0.0                       0.0    0.0
  SINCE NOV 1     15.5                       5.8    9.7
  SINCE JUL 1     15.5                       5.8    9.7
  SNOW DEPTH       0

DEGREE DAYS
 HEATING
  YESTERDAY       18                         8     10        0
  MONTH TO DATE  125                       161    -36      110
  SINCE MAR 1    699                       653     46      722
  SINCE JUL 1   3310                      3222     88     3097

 COOLING
  YESTERDAY        0                         1     -1        5
  MONTH TO DATE   18                        17      1       50
  SINCE MAR 1     19                        23     -4       50
  SINCE JAN 1     19                        24     -5       50
..................................................................


WIND (MPH)
  HIGHEST WIND SPEED    23   HIGHEST WIND DIRECTION    NE (60)
  HIGHEST GUST SPEED    29   HIGHEST GUST DIRECTION    NE (60)
  AVERAGE WIND SPEED    16.3


SKY COVER
  POSSIBLE SUNSHINE  MM
  AVERAGE SKY COVER 0.3


WEATHER CONDITIONS
 THE FOLLOWING WEATHER WAS RECORDED YESTERDAY.
  NO SIGNIFICANT WEATHER WAS OBSERVED.


RELATIVE HUMIDITY (PERCENT)
 HIGHEST    76           700 PM
 LOWEST     61          1000 AM
 AVERAGE    69

..........................................................


THE NORFOLK VA CLIMATE NORMALS FOR TODAY
                         NORMAL    RECORD    YEAR
 MAXIMUM TEMPERATURE (F)   68        95      1896
 MINIMUM TEMPERATURE (F)   50        28      1875


SUNRISE AND SUNSET
APRIL 18 2014.........SUNRISE   627 AM EDT   SUNSET   742 PM EDT
APRIL 19 2014.........SUNRISE   625 AM EDT   SUNSET   743 PM EDT


-  INDICATES NEGATIVE NUMBERS.
R  INDICATES RECORD WAS SET OR TIED.
MM INDICATES DATA IS MISSING.
T  INDICATES TRACE AMOUNT.




$$
