000
CDUS41 KAKQ 030548
CLIORF


CLIMATE REPORT
NATIONAL WEATHER SERVICE WAKEFIELD, VA
147 AM EDT WED JUN 3 2015


...................................

...THE NORFOLK VA CLIMATE SUMMARY FOR JUNE 2 2015...

CLIMATE NORMAL PERIOD 1981 TO 2010
CLIMATE RECORD PERIOD 1871 TO 2015


WEATHER ITEM   OBSERVED TIME   RECORD YEAR NORMAL DEPARTURE LAST
                VALUE   (LST)  VALUE       VALUE  FROM      YEAR
                                                  NORMAL
..................................................................
TEMPERATURE (F)
 YESTERDAY
  MAXIMUM         84   1024 AM  98    1989  80      4       80
  MINIMUM         64   1159 PM  45    1967  63      1       51
  AVERAGE         74                        72      2       66

PRECIPITATION (IN)
  YESTERDAY        3.01          5.76 1963   0.14   2.87     0.00
  MONTH TO DATE    3.01                      0.27   2.74     0.00
  SINCE JUN 1      3.01                      0.27   2.74     0.00
  SINCE JAN 1     18.01                     17.29   0.72    19.62

SNOWFALL (IN)
  YESTERDAY        0.0           0.0  2002   0.0    0.0
                                      2001
  MONTH TO DATE    0.0                       0.0    0.0
  SINCE NOV 1     12.7                       5.8    6.9
  SINCE JUL 1     12.7                       5.8    6.9
  SNOW DEPTH       0

DEGREE DAYS
 HEATING
  YESTERDAY        0                         1     -1        0
  MONTH TO DATE    0                         2     -2        3
  SINCE JUN 1      0                         2     -2        3
  SINCE JUL 1   3599                      3373    226     3446

 COOLING
  YESTERDAY        9                         7      2        1
  MONTH TO DATE   26                        14     12        1
  SINCE JUN 1     26                        14     12        1
  SINCE JAN 1    262                       180     82      203
..................................................................


WIND (MPH)
  HIGHEST WIND SPEED    18   HIGHEST WIND DIRECTION     N (340)
  HIGHEST GUST SPEED    28   HIGHEST GUST DIRECTION     N (340)
  AVERAGE WIND SPEED     8.9


SKY COVER
  POSSIBLE SUNSHINE  MM
  AVERAGE SKY COVER 0.7


WEATHER CONDITIONS
 THE FOLLOWING WEATHER WAS RECORDED YESTERDAY.
  THUNDERSTORM
  HEAVY RAIN
  RAIN
  LIGHT RAIN
  FOG
  FOG W/VISIBILITY <= 1/4 MILE


RELATIVE HUMIDITY (PERCENT)
 HIGHEST    93          1100 PM
 LOWEST     55          1000 AM
 AVERAGE    74

..........................................................


THE NORFOLK VA CLIMATE NORMALS FOR TODAY
                         NORMAL    RECORD    YEAR
 MAXIMUM TEMPERATURE (F)   80        99      1895
 MINIMUM TEMPERATURE (F)   63        49      1967


SUNRISE AND SUNSET
JUNE  3 2015..........SUNRISE   546 AM EDT   SUNSET   820 PM EDT
JUNE  4 2015..........SUNRISE   546 AM EDT   SUNSET   820 PM EDT


-  INDICATES NEGATIVE NUMBERS.
R  INDICATES RECORD WAS SET OR TIED.
MM INDICATES DATA IS MISSING.
T  INDICATES TRACE AMOUNT.




$$
