000
CDUS41 KAKQ 210845
CLIORF


CLIMATE REPORT
NATIONAL WEATHER SERVICE WAKEFIELD, VA
445 AM EDT THU AUG 21 2014


...................................

...THE NORFOLK VA CLIMATE SUMMARY FOR AUGUST 20 2014...

CLIMATE NORMAL PERIOD 1981 TO 2010
CLIMATE RECORD PERIOD 1871 TO 2014


WEATHER ITEM   OBSERVED TIME   RECORD YEAR NORMAL DEPARTURE LAST
                VALUE   (LST)  VALUE       VALUE  FROM      YEAR
                                                  NORMAL
..................................................................
TEMPERATURE (F)
 YESTERDAY
  MAXIMUM         82    251 PM 100    1983  85     -3       80
  MINIMUM         74   1159 PM  61    1953  71      3       68
  AVERAGE         78                        78      0       74

PRECIPITATION (IN)
  YESTERDAY        0.00          3.29 1888   0.17  -0.17     0.00
  MONTH TO DATE    3.00                      3.69  -0.69     4.25
  SINCE JUN 1     12.78                     13.09  -0.31    15.06
  SINCE JAN 1     32.40                     30.11   2.29    32.48

SNOWFALL (IN)
  YESTERDAY        0.0           0.0  2002   0.0    0.0
                                      2001
  MONTH TO DATE    0.0                       0.0    0.0
  SINCE NOV 1     15.5                       5.8    9.7
  SINCE JUL 1      0.0                       0.0    0.0
  SNOW DEPTH       0

DEGREE DAYS
 HEATING
  YESTERDAY        0                         0      0        0
  MONTH TO DATE    0                         0      0        0
  SINCE JUN 1      3                         6     -3        0
  SINCE JUL 1      0                         0      0        0

 COOLING
  YESTERDAY       13                        13      0        9
  MONTH TO DATE  237                       270    -33      239
  SINCE JUN 1   1027                      1039    -12     1100
  SINCE JAN 1   1229                      1205     24     1321
..................................................................


WIND (MPH)
  HIGHEST WIND SPEED    14   HIGHEST WIND DIRECTION    NE (30)
  HIGHEST GUST SPEED    20   HIGHEST GUST DIRECTION     E (90)
  AVERAGE WIND SPEED     7.7


SKY COVER
  POSSIBLE SUNSHINE  MM
  AVERAGE SKY COVER 0.3


WEATHER CONDITIONS
 THE FOLLOWING WEATHER WAS RECORDED YESTERDAY.
  NO SIGNIFICANT WEATHER WAS OBSERVED.


RELATIVE HUMIDITY (PERCENT)
 HIGHEST    87          1200 AM
 LOWEST     62           100 PM
 AVERAGE    75

..........................................................


THE NORFOLK VA CLIMATE NORMALS FOR TODAY
                         NORMAL    RECORD    YEAR
 MAXIMUM TEMPERATURE (F)   85        96      1874
 MINIMUM TEMPERATURE (F)   70        60      1998


SUNRISE AND SUNSET
AUGUST 21 2014........SUNRISE   627 AM EDT   SUNSET   748 PM EDT
AUGUST 22 2014........SUNRISE   628 AM EDT   SUNSET   747 PM EDT


-  INDICATES NEGATIVE NUMBERS.
R  INDICATES RECORD WAS SET OR TIED.
MM INDICATES DATA IS MISSING.
T  INDICATES TRACE AMOUNT.




$$
