000
CDUS41 KAKQ 280545
CLIORF


CLIMATE REPORT
NATIONAL WEATHER SERVICE WAKEFIELD, VA
145 AM EDT TUE MAR 28 2017


...................................

...THE NORFOLK VA CLIMATE SUMMARY FOR MARCH 27 2017...

CLIMATE NORMAL PERIOD 1981 TO 2010
CLIMATE RECORD PERIOD 1871 TO 2017


WEATHER ITEM   OBSERVED TIME   RECORD YEAR NORMAL DEPARTURE LAST
                VALUE   (LST)  VALUE       VALUE  FROM      YEAR
                                                  NORMAL
..................................................................
TEMPERATURE (F)
 YESTERDAY
  MAXIMUM         78    418 PM  86    2007  62     16       54
  MINIMUM         55    543 AM  23    1955  43     12       50
  AVERAGE         67                        52     15       52

PRECIPITATION (IN)
  YESTERDAY        0.00          2.03 1891   0.12  -0.12     0.75
  MONTH TO DATE    2.80                      3.21  -0.41     2.91
  SINCE MAR 1      2.80                      3.21  -0.41     2.91
  SINCE JAN 1      7.87                      9.73  -1.86    13.78

SNOWFALL (IN)
  YESTERDAY        0.0           2.5  1947   0.0    0.0
  MONTH TO DATE    0.1                       0.2   -0.1
  SINCE NOV 1      5.4                       5.8   -0.4
  SINCE JUL 1      5.4                       5.8   -0.4
  SNOW DEPTH       0

DEGREE DAYS
 HEATING
  YESTERDAY        0                        13    -13       13
  MONTH TO DATE  446                       445      1      272
  SINCE MAR 1    446                       445      1      272
  SINCE JUL 1   2498                      3014   -516     2188

 COOLING
  YESTERDAY        2                         0      2        0
  MONTH TO DATE   13                         0     13       18
  SINCE MAR 1     13                         0     13       18
  SINCE JAN 1     16                         1     15       18
..................................................................


WIND (MPH)
  HIGHEST WIND SPEED    22   HIGHEST WIND DIRECTION    SW (210)
  HIGHEST GUST SPEED    26   HIGHEST GUST DIRECTION    SW (210)
  AVERAGE WIND SPEED    11.2


SKY COVER
  POSSIBLE SUNSHINE  MM
  AVERAGE SKY COVER 0.3


WEATHER CONDITIONS
 THE FOLLOWING WEATHER WAS RECORDED YESTERDAY.
  NO SIGNIFICANT WEATHER WAS OBSERVED.


RELATIVE HUMIDITY (PERCENT)
 HIGHEST    86          1200 AM
 LOWEST     43           500 PM
 AVERAGE    65

..........................................................


THE NORFOLK VA CLIMATE NORMALS FOR TODAY
                         NORMAL    RECORD    YEAR
 MAXIMUM TEMPERATURE (F)   62        89      1907
 MINIMUM TEMPERATURE (F)   44        28      1982
                                             1894


SUNRISE AND SUNSET
MARCH 28 2017.........SUNRISE   656 AM EDT   SUNSET   724 PM EDT
MARCH 29 2017.........SUNRISE   655 AM EDT   SUNSET   725 PM EDT


-  INDICATES NEGATIVE NUMBERS.
R  INDICATES RECORD WAS SET OR TIED.
MM INDICATES DATA IS MISSING.
T  INDICATES TRACE AMOUNT.




$$
