000
CDUS41 KAKQ 300529
CLIORF


CLIMATE REPORT
NATIONAL WEATHER SERVICE WAKEFIELD, VA
129 AM EDT SAT APR 30 2016


...................................

...THE NORFOLK VA CLIMATE SUMMARY FOR APRIL 29 2016...

CLIMATE NORMAL PERIOD 1981 TO 2010
CLIMATE RECORD PERIOD 1871 TO 2016


WEATHER ITEM   OBSERVED TIME   RECORD YEAR NORMAL DEPARTURE LAST
                VALUE   (LST)  VALUE       VALUE  FROM      YEAR
                                                  NORMAL
..................................................................
TEMPERATURE (F)
 YESTERDAY
  MAXIMUM         58    725 PM  92    1974  71    -13       73
  MINIMUM         54   1042 PM  38    1874  53      1       50
  AVERAGE         56                        62     -6       62

PRECIPITATION (IN)
  YESTERDAY        0.13          1.44 1986   0.11   0.02     0.00
  MONTH TO DATE    2.78                      3.30  -0.52     4.38
  SINCE MAR 1      6.24                      6.98  -0.74     7.07
  SINCE JAN 1     17.11                     13.50   3.61    13.25

SNOWFALL (IN)
  YESTERDAY        0.0           0.0  2002   0.0    0.0
  MONTH TO DATE    T                         0.0    0.0
  SINCE NOV 1      5.0                       5.8   -0.8
  SINCE JUL 1      5.0                       5.8   -0.8
  SNOW DEPTH       0

DEGREE DAYS
 HEATING
  YESTERDAY        9                         5      4        3
  MONTH TO DATE  233                       234     -1      186
  SINCE MAR 1    528                       726   -198      725
  SINCE JUL 1   2444                      3295   -851     3561

 COOLING
  YESTERDAY        0                         2     -2        0
  MONTH TO DATE   30                        38     -8       23
  SINCE MAR 1     48                        44      4       25
  SINCE JAN 1     48                        45      3       25
..................................................................


WIND (MPH)
  HIGHEST WIND SPEED    15   HIGHEST WIND DIRECTION    NE (40)
  HIGHEST GUST SPEED    18   HIGHEST GUST DIRECTION    NE (40)
  AVERAGE WIND SPEED     9.7


SKY COVER
  POSSIBLE SUNSHINE  MM
  AVERAGE SKY COVER 0.9


WEATHER CONDITIONS
 THE FOLLOWING WEATHER WAS RECORDED YESTERDAY.
  LIGHT RAIN
  FOG


RELATIVE HUMIDITY (PERCENT)
 HIGHEST    93           200 AM
 LOWEST     86           400 AM
 AVERAGE    90

..........................................................


THE NORFOLK VA CLIMATE NORMALS FOR TODAY
                         NORMAL    RECORD    YEAR
 MAXIMUM TEMPERATURE (F)   72        93      1888
 MINIMUM TEMPERATURE (F)   53        36      1874


SUNRISE AND SUNSET
APRIL 30 2016.........SUNRISE   611 AM EDT   SUNSET   753 PM EDT
MAY  1 2016...........SUNRISE   610 AM EDT   SUNSET   754 PM EDT


-  INDICATES NEGATIVE NUMBERS.
R  INDICATES RECORD WAS SET OR TIED.
MM INDICATES DATA IS MISSING.
T  INDICATES TRACE AMOUNT.




$$
