000
CDUS41 KBOX 252147
CLIORH


CLIMATE REPORT
NATIONAL WEATHER SERVICE TAUNTON MA
437 PM EST SUN FEB 25 2018


...................................

...THE WORCESTER MA CLIMATE SUMMARY FOR FEBRUARY 25 2018...
VALID TODAY AS OF 0400 PM LOCAL TIME.

CLIMATE NORMAL PERIOD 1981 TO 2010
CLIMATE RECORD PERIOD 1892 TO 2018


WEATHER ITEM   OBSERVED TIME   RECORD YEAR NORMAL DEPARTURE LAST
                VALUE   (LST)  VALUE       VALUE  FROM      YEAR
                                                  NORMAL
..................................................................
TEMPERATURE (F)
 TODAY
  MAXIMUM         36   1218 AM  65    2017  37     -1       65
  MINIMUM         31    857 AM  -7    1894  21     10       40
  AVERAGE         34                        29      5       53

PRECIPITATION (IN)
  TODAY            0.60          2.04 1965   0.12   0.48     0.32
  MONTH TO DATE    4.87                      2.85   2.02     2.44
  SINCE DEC 1     11.34                     10.16   1.18    10.15
  SINCE JAN 1      8.49                      6.34   2.15     6.35

SNOWFALL (IN)
  TODAY            0.3          13.7  1966   0.5   -0.2      0.0
  MONTH TO DATE   11.1                      14.1   -3.0     25.4
  SINCE DEC 1     46.6                      45.6    1.0     57.8
  SINCE JUL 1     46.6                      48.4   -1.8     57.8
  SNOW DEPTH      MM

DEGREE DAYS
 HEATING
  TODAY           31                        36     -5       12
  MONTH TO DATE  804                       957   -153      835
  SINCE DEC 1   3296                      3328    -32     3009
  SINCE JUL 1   4432                      4730   -298     4196

 COOLING
  TODAY            0                         0      0        0
  MONTH TO DATE    0                         0      0        0
  SINCE DEC 1      0                         0      0        0
  SINCE JAN 1      0                         0      0        0
..................................................................


WIND (MPH)
  HIGHEST WIND SPEED    17   HIGHEST WIND DIRECTION     E (80)
  HIGHEST GUST SPEED    23   HIGHEST GUST DIRECTION     E (80)
  AVERAGE WIND SPEED    10.3


SKY COVER
  POSSIBLE SUNSHINE  MM
  AVERAGE SKY COVER 0.9


WEATHER CONDITIONS
 THE FOLLOWING WEATHER WAS RECORDED TODAY.
  RAIN
  LIGHT RAIN
  LT FREEZING RAIN
  LIGHT SNOW
  FOG
  FOG W/VISIBILITY <= 1/4 MILE


RELATIVE HUMIDITY (PERCENT)
 HIGHEST   100           700 AM
 LOWEST     69           200 AM
 AVERAGE    85

..........................................................


THE WORCESTER MA CLIMATE NORMALS FOR TOMORROW
                         NORMAL    RECORD    YEAR
 MAXIMUM TEMPERATURE (F)   37        63      1957
 MINIMUM TEMPERATURE (F)   22        -6      1928


SUNRISE AND SUNSET
FEBRUARY 25 2018......SUNRISE   629 AM EST   SUNSET   532 PM EST
FEBRUARY 26 2018......SUNRISE   628 AM EST   SUNSET   534 PM EST


-  INDICATES NEGATIVE NUMBERS.
R  INDICATES RECORD WAS SET OR TIED.
MM INDICATES DATA IS MISSING.
T  INDICATES TRACE AMOUNT.




$$
