000
CDUS41 KBOX 290538
CLIORH


CLIMATE REPORT
NATIONAL WEATHER SERVICE TAUNTON MA
135 AM EDT WED JUL 29 2015


...................................

...THE WORCESTER MA CLIMATE SUMMARY FOR JULY 28 2015...

CLIMATE NORMAL PERIOD 1981 TO 2010
CLIMATE RECORD PERIOD 1892 TO 2015


WEATHER ITEM   OBSERVED TIME   RECORD YEAR NORMAL DEPARTURE LAST
                VALUE   (LST)  VALUE       VALUE  FROM      YEAR
                                                  NORMAL
..................................................................
TEMPERATURE (F)
 YESTERDAY
  MAXIMUM         86    245 PM  95    1892  79      7       79
  MINIMUM         66    242 AM  46    1946  62      4       63
  AVERAGE         76                        71      5       71

PRECIPITATION (IN)
  YESTERDAY        T             2.90 1934   0.13  -0.13     0.36
  MONTH TO DATE    2.53                      3.79  -1.26     6.28
  SINCE JUN 1      8.88                      7.98   0.90     7.84
  SINCE JAN 1     23.18                     27.21  -4.03    29.03

SNOWFALL (IN)
  YESTERDAY        0.0           0.0  2002   0.0    0.0      0.0
                                      2001
                                      2000
  MONTH TO DATE    0.0                       0.0    0.0      0.0
  SINCE JUN 1      0.0                       0.0    0.0      0.0
  SINCE JUL 1      0.0                       0.0    0.0      0.0
  SNOW DEPTH      MM

DEGREE DAYS
 HEATING
  YESTERDAY        0                         0      0        0
  MONTH TO DATE    1                         9     -8        0
  SINCE JUN 1     95                        92      3       45
  SINCE JUL 1      1                         9     -8        0

 COOLING
  YESTERDAY       11                         6      5        6
  MONTH TO DATE  188                       159     29      171
  SINCE JUN 1    272                       243     29      255
  SINCE JAN 1    338                       265     73      263
..................................................................


WIND (MPH)
  RESULTANT WIND SPEED   6   RESULTANT WIND DIRECTION   W (270)
  HIGHEST WIND SPEED    15   HIGHEST WIND DIRECTION    NE (40)
  HIGHEST GUST SPEED    22   HIGHEST GUST DIRECTION     N (20)
  AVERAGE WIND SPEED     6.7


SKY COVER
  POSSIBLE SUNSHINE  MM
  AVERAGE SKY COVER 0.2


WEATHER CONDITIONS
 THE FOLLOWING WEATHER WAS RECORDED YESTERDAY.
  THUNDERSTORM
  FOG


RELATIVE HUMIDITY (PERCENT)
 HIGHEST    93          1200 AM
 LOWEST     48           100 PM
 AVERAGE    71

..........................................................


THE WORCESTER MA CLIMATE NORMALS FOR TODAY
                         NORMAL    RECORD    YEAR
 MAXIMUM TEMPERATURE (F)   79        94      1892
 MINIMUM TEMPERATURE (F)   62        51      1937


SUNRISE AND SUNSET
JULY 29 2015..........SUNRISE   537 AM EDT   SUNSET   810 PM EDT
JULY 30 2015..........SUNRISE   538 AM EDT   SUNSET   809 PM EDT


-  INDICATES NEGATIVE NUMBERS.
R  INDICATES RECORD WAS SET OR TIED.
MM INDICATES DATA IS MISSING.
T  INDICATES TRACE AMOUNT.




$$
