000
CDUS41 KBOX 232130
CLIORH


CLIMATE REPORT
NATIONAL WEATHER SERVICE TAUNTON MA
527 PM EDT THU OCT 23 2014


...................................

...THE WORCESTER MA CLIMATE SUMMARY FOR OCTOBER 23 2014...
VALID AS OF 0500 PM LOCAL TIME.

CLIMATE NORMAL PERIOD 1981 TO 2010
CLIMATE RECORD PERIOD 1892 TO 2014


WEATHER ITEM   OBSERVED TIME   RECORD YEAR NORMAL DEPARTURE LAST
                VALUE   (LST)  VALUE       VALUE  FROM      YEAR
                                                  NORMAL
..................................................................
TEMPERATURE (F)
 TODAY
  MAXIMUM         50    201 PM  82    1947  56     -6       47
  MINIMUM         45    507 AM  22    1969  39      6       36
  AVERAGE         48                        48      0       42

PRECIPITATION (IN)
  TODAY            1.21          1.91 1923   0.14   1.07     0.00
  MONTH TO DATE    6.17                      3.54   2.63     1.28
  SINCE SEP 1      8.89                      7.47   1.42     4.51
  SINCE JAN 1     43.92                     38.83   5.09    37.53

SNOWFALL (IN)
  TODAY            0.0           1.5  2003   0.0    0.0      0.0
  MONTH TO DATE    0.0                       0.1   -0.1      0.0
  SINCE SEP 1      0.0                       0.1   -0.1      0.0
  SINCE JUL 1      0.0                       0.1   -0.1      0.0
  SNOW DEPTH       0

DEGREE DAYS
 HEATING
  TODAY           17                        17      0       23
  MONTH TO DATE  270                       318    -48      228
  SINCE SEP 1    423                       472    -49      398
  SINCE JUL 1    443                       511    -68      417

 COOLING
  TODAY            0                         0      0        0
  MONTH TO DATE    3                         0      3        1
  SINCE SEP 1     64                        42     22       41
  SINCE JAN 1    426                       468    -42      572
..................................................................


WIND (MPH)
  HIGHEST WIND SPEED    29   HIGHEST WIND DIRECTION     N (360)
  HIGHEST GUST SPEED    41   HIGHEST GUST DIRECTION     N (20)
  AVERAGE WIND SPEED    19.3


SKY COVER
  POSSIBLE SUNSHINE  MM
  AVERAGE SKY COVER 1.0


WEATHER CONDITIONS
 THE FOLLOWING WEATHER WAS RECORDED TODAY.
  THUNDERSTORM
  HEAVY RAIN
  RAIN
  LIGHT RAIN
  FOG


RELATIVE HUMIDITY (PERCENT)
 HIGHEST   100          1200 AM
 LOWEST     92           100 AM
 AVERAGE    96

..........................................................


THE WORCESTER MA CLIMATE NORMALS FOR TOMORROW
                         NORMAL    RECORD    YEAR
 MAXIMUM TEMPERATURE (F)   56        78      1963
 MINIMUM TEMPERATURE (F)   39        20      1969


SUNRISE AND SUNSET
OCTOBER 23 2014.......SUNRISE   710 AM EDT   SUNSET   553 PM EDT
OCTOBER 24 2014.......SUNRISE   711 AM EDT   SUNSET   552 PM EDT


-  INDICATES NEGATIVE NUMBERS.
R  INDICATES RECORD WAS SET OR TIED.
MM INDICATES DATA IS MISSING.
T  INDICATES TRACE AMOUNT.




$$
