000
CDUS41 KBOX 010530
CLIORH


CLIMATE REPORT
NATIONAL WEATHER SERVICE TAUNTON MA
1230 AM EST SUN MAR 1 2015


...................................

...THE WORCESTER MA CLIMATE SUMMARY FOR FEBRUARY 28 2015...

CLIMATE NORMAL PERIOD 1981 TO 2010
CLIMATE RECORD PERIOD 1892 TO 2015


WEATHER ITEM   OBSERVED TIME   RECORD YEAR NORMAL DEPARTURE LAST
                VALUE   (LST)  VALUE       VALUE  FROM      YEAR
                                                  NORMAL
..................................................................
TEMPERATURE (F)
 YESTERDAY
  MAXIMUM         26    438 PM  59    1976  38    -12       19
                                      1903
  MINIMUM          5    649 AM -12    1934  22    -17        2
  AVERAGE         16                        30    -14       11

PRECIPITATION (IN)
  YESTERDAY        0.00          1.46 1958   0.13  -0.13     0.00
  MONTH TO DATE    3.28                      3.23   0.05     4.08
  SINCE DEC 1     13.21                     10.54   2.67    11.61
  SINCE JAN 1      8.31                      6.72   1.59     7.18

SNOWFALL (IN)
  YESTERDAY        0.0           5.7  1948   0.5   -0.5      0.0
  MONTH TO DATE   53.4                      15.6   37.8     41.5
  SINCE DEC 1    101.4                      47.1   54.3     80.4
  SINCE JUL 1    108.6                      49.9   58.7     80.9
  SNOW DEPTH      MM

DEGREE DAYS
 HEATING
  YESTERDAY       49                        35     14       54
  MONTH TO DATE 1414                      1063    351     1165
  SINCE DEC 1   3736                      3435    301     3642
  SINCE JUL 1   5114                      4837    277     5054

 COOLING
  YESTERDAY        0                         0      0        0
  MONTH TO DATE    0                         0      0        0
  SINCE DEC 1      0                         0      0        0
  SINCE JAN 1      0                         0      0        0
..................................................................


WIND (MPH)
  RESULTANT WIND SPEED   9   RESULTANT WIND DIRECTION   W (280)
  HIGHEST WIND SPEED    17   HIGHEST WIND DIRECTION    NW (300)
  HIGHEST GUST SPEED    21   HIGHEST GUST DIRECTION     W (290)
  AVERAGE WIND SPEED    10.2


SKY COVER
  POSSIBLE SUNSHINE  MM
  AVERAGE SKY COVER 0.0


WEATHER CONDITIONS
 THE FOLLOWING WEATHER WAS RECORDED YESTERDAY.
  NO SIGNIFICANT WEATHER WAS OBSERVED.


RELATIVE HUMIDITY (PERCENT)
 HIGHEST    66           600 AM
 LOWEST     29           400 PM
 AVERAGE    48

..........................................................


THE WORCESTER MA CLIMATE NORMALS FOR TODAY
                         NORMAL    RECORD    YEAR
 MAXIMUM TEMPERATURE (F)   38        63      1972
 MINIMUM TEMPERATURE (F)   22        -1      1980


SUNRISE AND SUNSET
MARCH  1 2015.........SUNRISE   623 AM EST   SUNSET   537 PM EST
MARCH  2 2015.........SUNRISE   622 AM EST   SUNSET   538 PM EST


-  INDICATES NEGATIVE NUMBERS.
R  INDICATES RECORD WAS SET OR TIED.
MM INDICATES DATA IS MISSING.
T  INDICATES TRACE AMOUNT.




$$
