000
CDUS41 KBOX 290616
CLIORH


CLIMATE REPORT
NATIONAL WEATHER SERVICE TAUNTON MA
206 AM EDT MON AUG 29 2016


...................................

...THE WORCESTER MA CLIMATE SUMMARY FOR AUGUST 28 2016...

CLIMATE NORMAL PERIOD 1981 TO 2010
CLIMATE RECORD PERIOD 1892 TO 2016


WEATHER ITEM   OBSERVED TIME   RECORD YEAR NORMAL DEPARTURE LAST
                VALUE   (LST)  VALUE       VALUE  FROM      YEAR
                                                  NORMAL
..................................................................
TEMPERATURE (F)
 YESTERDAY
  MAXIMUM         80    447 PM  94    1948  75      5       75
  MINIMUM         63    528 AM  43    1957  59      4       57
                                      1941
                                      1940
  AVERAGE         72                        67      5       66

PRECIPITATION (IN)
  YESTERDAY        0.00          3.81 2011   0.10  -0.10     0.00
  MONTH TO DATE    3.96                      3.39   0.57     3.21
  SINCE JUN 1      7.68                     11.81  -4.13    12.42
  SINCE JAN 1     23.40                     31.04  -7.64    26.72

SNOWFALL (IN)
  YESTERDAY        0.0           T    1994   0.0    0.0      0.0
  MONTH TO DATE    0.0                       0.0    0.0      0.0
  SINCE JUN 1      0.0                       0.0    0.0      0.0
  SINCE JUL 1      0.0                       0.0    0.0      0.0
  SNOW DEPTH       0

DEGREE DAYS
 HEATING
  YESTERDAY        0                         1     -1        0
  MONTH TO DATE    0                        19    -19        0
  SINCE JUN 1     60                       116    -56       95
  SINCE JUL 1      9                        33    -24        1

 COOLING
  YESTERDAY        7                         4      3        1
  MONTH TO DATE  215                       136     79      167
  SINCE JUN 1    531                       395    136      474
  SINCE JAN 1    573                       417    156      540
..................................................................


WIND (MPH)
  RESULTANT WIND SPEED   8   RESULTANT WIND DIRECTION   S (200)
  HIGHEST WIND SPEED    15   HIGHEST WIND DIRECTION    SW (230)
  HIGHEST GUST SPEED    19   HIGHEST GUST DIRECTION    SW (230)
  AVERAGE WIND SPEED     8.8


SKY COVER
  POSSIBLE SUNSHINE  MM
  AVERAGE SKY COVER 0.0


WEATHER CONDITIONS
 THE FOLLOWING WEATHER WAS RECORDED YESTERDAY.
  FOG


RELATIVE HUMIDITY (PERCENT)
 HIGHEST    93           300 AM
 LOWEST     45          1200 PM
 AVERAGE    69

..........................................................


THE WORCESTER MA CLIMATE NORMALS FOR TODAY
                         NORMAL    RECORD    YEAR
 MAXIMUM TEMPERATURE (F)   75        93      1953
 MINIMUM TEMPERATURE (F)   58        38      1941


SUNRISE AND SUNSET
AUGUST 29 2016........SUNRISE   610 AM EDT   SUNSET   726 PM EDT
AUGUST 30 2016........SUNRISE   611 AM EDT   SUNSET   724 PM EDT


-  INDICATES NEGATIVE NUMBERS.
R  INDICATES RECORD WAS SET OR TIED.
MM INDICATES DATA IS MISSING.
T  INDICATES TRACE AMOUNT.




$$
