000
CDUS46 KMFR 310838
CLIOTH


CLIMATE REPORT
NATIONAL WEATHER SERVICE MEDFORD, OR
138 AM PDT FRI OCT 31 2014


...................................

...THE NORTH BEND OR CLIMATE SUMMARY FOR OCTOBER 30 2014...

CLIMATE NORMAL PERIOD 1981 TO 2010
CLIMATE RECORD PERIOD 1902 TO 2014


WEATHER ITEM   OBSERVED TIME   RECORD YEAR NORMAL DEPARTURE LAST
                VALUE   (LST)  VALUE       VALUE  FROM      YEAR
                                                  NORMAL
..................................................................
TEMPERATURE (F)
 YESTERDAY
  MAXIMUM         64        MM  80    1949  58      6       55
  MINIMUM         54   1100 PM  30    2006  45      9       36
  AVERAGE         59                        52      7       46

PRECIPITATION (IN)
  YESTERDAY        0.52          3.63 1990   0.24   0.28     0.00
  MONTH TO DATE    5.60                      4.49   1.11     0.76
  SINCE SEP 1      7.43                      6.07   1.36     6.71
  SINCE JAN 1     29.88                     43.31 -13.43    24.64

SNOWFALL (IN)
  YESTERDAY       MM
  SNOW DEPTH      MM

DEGREE DAYS
 HEATING
  YESTERDAY        6                        13     -7       19
  MONTH TO DATE  153                       345   -192      365
  SINCE SEP 1    256                       574   -318      484
  SINCE JUL 1    521                       953   -432      651

 COOLING
  YESTERDAY        0                         0      0        0
  MONTH TO DATE    6                         0      6        0
  SINCE SEP 1     16                         1     15        1
  SINCE JAN 1     28                         2     26       13
..................................................................


WIND (MPH)
  HIGHEST WIND SPEED    15   HIGHEST WIND DIRECTION    SW (210)
  HIGHEST GUST SPEED    21   HIGHEST GUST DIRECTION    SW (210)
  AVERAGE WIND SPEED     5.4


SKY COVER
  POSSIBLE SUNSHINE  MM
  AVERAGE SKY COVER 0.9


WEATHER CONDITIONS
 THE FOLLOWING WEATHER WAS RECORDED YESTERDAY.
  NO SIGNIFICANT WEATHER WAS OBSERVED.


RELATIVE HUMIDITY (PERCENT)
 HIGHEST   100
 LOWEST     87          1200 PM

..........................................................


THE NORTH BEND OR CLIMATE NORMALS FOR TODAY
                         NORMAL    RECORD    YEAR
 MAXIMUM TEMPERATURE (F)   58        80      1966
 MINIMUM TEMPERATURE (F)   45        29      1920


SUNRISE AND SUNSET
OCTOBER 31 2014.......SUNRISE   751 AM PDT   SUNSET   609 PM PDT
NOVEMBER  1 2014......SUNRISE   752 AM PDT   SUNSET   608 PM PDT


-  INDICATES NEGATIVE NUMBERS.
R  INDICATES RECORD WAS SET OR TIED.
MM INDICATES DATA IS MISSING.
T  INDICATES TRACE AMOUNT.




$$
