000
CDUS46 KMFR 170837
CLIOTH


CLIMATE REPORT
NATIONAL WEATHER SERVICE MEDFORD, OR
1236 AM PST TUE JAN 17 2017


...................................

...THE NORTH BEND OR CLIMATE SUMMARY FOR JANUARY 16 2017...

CLIMATE NORMAL PERIOD 1981 TO 2010
CLIMATE RECORD PERIOD 1902 TO 2017


WEATHER ITEM   OBSERVED TIME   RECORD YEAR NORMAL DEPARTURE LAST
                VALUE   (LST)  VALUE       VALUE  FROM      YEAR
                                                  NORMAL
..................................................................
TEMPERATURE (F)
 YESTERDAY
  MAXIMUM         57        MM  69    1985  52      5       57
                                      1944
  MINIMUM         37        MM  23    1917  40     -3       48
  AVERAGE         47                        46      1       53

PRECIPITATION (IN)
  YESTERDAY        0.00        655.49 2016   0.34  -0.34     0.16
  MONTH TO DATE    5.36                      5.61  -0.25     4.11
  SINCE OCT 1     39.51                     31.70   7.81    29.74
  SINCE JAN 1      5.36                      5.61  -0.25     4.11

SNOWFALL (IN)
  YESTERDAY       MM
  SNOW DEPTH      MM

DEGREE DAYS
 HEATING
  YESTERDAY       18                        19     -1       12
  MONTH TO DATE  375                       306     69      263
  SINCE DEC 1   1033                       915    118      742
  SINCE JUL 1   2029                      2367   -338     1749

 COOLING
  YESTERDAY        0                         0      0        0
  MONTH TO DATE    0                         0      0        0
  SINCE DEC 1      0                         0      0        0
  SINCE JAN 1      0                         0      0        0
..................................................................


WIND (MPH)
  HIGHEST WIND SPEED    13   HIGHEST WIND DIRECTION    SE (140)
  HIGHEST GUST SPEED    MM   HIGHEST GUST DIRECTION    MM
  AVERAGE WIND SPEED     6.9


SKY COVER
  POSSIBLE SUNSHINE  MM
  AVERAGE SKY COVER 0.1


WEATHER CONDITIONS
 THE FOLLOWING WEATHER WAS RECORDED YESTERDAY.
  NO SIGNIFICANT WEATHER WAS OBSERVED.


RELATIVE HUMIDITY (PERCENT)
 HIGHEST    96           900 PM
 LOWEST     47           400 PM

..........................................................


THE NORTH BEND OR CLIMATE NORMALS FOR TODAY
                         NORMAL    RECORD    YEAR
 MAXIMUM TEMPERATURE (F)   52        67      1981
 MINIMUM TEMPERATURE (F)   40        23      1917


SUNRISE AND SUNSET
JANUARY 17 2017.......SUNRISE   745 AM PST   SUNSET   510 PM PST
JANUARY 18 2017.......SUNRISE   745 AM PST   SUNSET   511 PM PST


-  INDICATES NEGATIVE NUMBERS.
R  INDICATES RECORD WAS SET OR TIED.
MM INDICATES DATA IS MISSING.
T  INDICATES TRACE AMOUNT.




$$
