000
CDUS46 KMFR 250036
CLIOTH


CLIMATE REPORT
NATIONAL WEATHER SERVICE MEDFORD, OR
536 PM PDT TUE MAY 24 2016


...................................

...THE NORTH BEND OR CLIMATE SUMMARY FOR MAY 24 2016...
VALID TODAY AS OF 0500 PM LOCAL TIME.

CLIMATE NORMAL PERIOD 1981 TO 2010
CLIMATE RECORD PERIOD 1902 TO 2016


WEATHER ITEM   OBSERVED TIME   RECORD YEAR NORMAL DEPARTURE LAST
                VALUE   (LST)  VALUE       VALUE  FROM      YEAR
                                                  NORMAL
..................................................................
TEMPERATURE (F)
 TODAY
  MAXIMUM         64        MM  76    1986  60      4       61
  MINIMUM         48        MM  35    1926  48      0       52
  AVERAGE         56                        54      2       57

PRECIPITATION (IN)
  TODAY            0.00          0.94 1980   0.11  -0.11     0.00
  MONTH TO DATE    0.60                      2.66  -2.06     0.09
  SINCE OCT 1     56.16                     59.53  -3.37    42.03
  SINCE JAN 1     30.53                     33.44  -2.91    18.73

SNOWFALL (IN)
  TODAY           MM                         0.0   MM       MM
  MONTH TO DATE   MM                         0.0   MM       MM
  SINCE JUL 1      0.0                       0.4   -0.4     MM
  SNOW DEPTH      MM

DEGREE DAYS
 HEATING
  TODAY            9                        11     -2        8
  MONTH TO DATE  202                       299    -97      238
  SINCE MAR 1    935                      1311   -376     1091
  SINCE JUL 1   3260                      4485  -1225     3195

 COOLING
  TODAY            0                         0      0        0
  MONTH TO DATE    0                         0      0        0
  SINCE MAR 1      6                         0      6        0
  SINCE JAN 1      8                         0      8        0
..................................................................


WIND (MPH)
  HIGHEST WIND SPEED    20   HIGHEST WIND DIRECTION     N (350)
  HIGHEST GUST SPEED    25   HIGHEST GUST DIRECTION     N (350)
  AVERAGE WIND SPEED     7.7


SKY COVER
  POSSIBLE SUNSHINE  MM
  AVERAGE SKY COVER 0.2


WEATHER CONDITIONS
 THE FOLLOWING WEATHER WAS RECORDED TODAY.
  NO SIGNIFICANT WEATHER WAS OBSERVED.


RELATIVE HUMIDITY (PERCENT)
 HIGHEST   100           200 AM
 LOWEST     67           200 PM

..........................................................


THE NORTH BEND OR CLIMATE NORMALS FOR TOMORROW
                         NORMAL    RECORD    YEAR
 MAXIMUM TEMPERATURE (F)   60        84      2005
 MINIMUM TEMPERATURE (F)   48        32      1920


SUNRISE AND SUNSET
MAY 24 2016...........SUNRISE   544 AM PDT   SUNSET   844 PM PDT
MAY 25 2016...........SUNRISE   543 AM PDT   SUNSET   845 PM PDT


-  INDICATES NEGATIVE NUMBERS.
R  INDICATES RECORD WAS SET OR TIED.
MM INDICATES DATA IS MISSING.
T  INDICATES TRACE AMOUNT.




$$
