000
CDUS46 KMFR 160837
CLIOTH


CLIMATE REPORT
NATIONAL WEATHER SERVICE MEDFORD, OR
137 AM PDT TUE SEP 16 2014


...................................

...THE NORTH BEND OR CLIMATE SUMMARY FOR SEPTEMBER 15 2014...

CLIMATE NORMAL PERIOD 1981 TO 2010
CLIMATE RECORD PERIOD 1902 TO 2014


WEATHER ITEM   OBSERVED TIME   RECORD YEAR NORMAL DEPARTURE LAST
                VALUE   (LST)  VALUE       VALUE  FROM      YEAR
                                                  NORMAL
..................................................................
TEMPERATURE (F)
 YESTERDAY
  MAXIMUM         61        MM  78    1991  65     -4       64
  MINIMUM         48        MM  39    1927  50     -2       57
  AVERAGE         55                        58     -3       61

PRECIPITATION (IN)
  YESTERDAY        0.00          1.69 1997   0.05  -0.05     0.01
  MONTH TO DATE    0.00                      0.61  -0.61     0.47
  SINCE SEP 1      0.00                      0.61  -0.61     0.47
  SINCE JAN 1     22.45                     37.85 -15.40    18.40

SNOWFALL (IN)
  YESTERDAY       MM
  SNOW DEPTH      MM

DEGREE DAYS
 HEATING
  YESTERDAY       10                         7      3        4
  MONTH TO DATE   65                       100    -35       31
  SINCE SEP 1     65                       100    -35       31
  SINCE JUL 1    330                       479   -149      198

 COOLING
  YESTERDAY        0                         0      0        0
  MONTH TO DATE    8                         0      8        1
  SINCE SEP 1      8                         0      8        1
  SINCE JAN 1     20                         1     19       13
..................................................................


WIND (MPH)
  HIGHEST WIND SPEED    10   HIGHEST WIND DIRECTION     W (250)
  HIGHEST GUST SPEED    MM   HIGHEST GUST DIRECTION    MM
  AVERAGE WIND SPEED     3.4


SKY COVER
  POSSIBLE SUNSHINE  MM
  AVERAGE SKY COVER 0.0


WEATHER CONDITIONS
 THE FOLLOWING WEATHER WAS RECORDED YESTERDAY.
  NO SIGNIFICANT WEATHER WAS OBSERVED.


RELATIVE HUMIDITY (PERCENT)
 HIGHEST    MM
 LOWEST     MM

..........................................................


THE NORTH BEND OR CLIMATE NORMALS FOR TODAY
                         NORMAL    RECORD    YEAR
 MAXIMUM TEMPERATURE (F)   65        83      1991
 MINIMUM TEMPERATURE (F)   50        37      1902


SUNRISE AND SUNSET
SEPTEMBER 16 2014.....SUNRISE   658 AM PDT   SUNSET   725 PM PDT
SEPTEMBER 17 2014.....SUNRISE   659 AM PDT   SUNSET   723 PM PDT


-  INDICATES NEGATIVE NUMBERS.
R  INDICATES RECORD WAS SET OR TIED.
MM INDICATES DATA IS MISSING.
T  INDICATES TRACE AMOUNT.




$$
