000
CDUS46 KMFR 290836
CLIOTH


CLIMATE REPORT
NATIONAL WEATHER SERVICE MEDFORD, OR
1235 AM PST THU JAN 29 2015


...................................

...THE NORTH BEND OR CLIMATE SUMMARY FOR JANUARY 28 2015...

CLIMATE NORMAL PERIOD 1981 TO 2010
CLIMATE RECORD PERIOD 1902 TO 2015


WEATHER ITEM   OBSERVED TIME   RECORD YEAR NORMAL DEPARTURE LAST
                VALUE   (LST)  VALUE       VALUE  FROM      YEAR
                                                  NORMAL
..................................................................
TEMPERATURE (F)
 YESTERDAY
  MAXIMUM         61        MM  72    1931  52      9       57
  MINIMUM         46        MM  20    1980  40      6       48
  AVERAGE         54                        46      8       53

PRECIPITATION (IN)
  YESTERDAY        0.00          1.97 1954   0.28  -0.28     0.37
  MONTH TO DATE    1.89                      9.32  -7.43     2.03
  SINCE OCT 1     25.19                     35.41 -10.22     7.65
  SINCE JAN 1      1.89                      9.32  -7.43     2.03

SNOWFALL (IN)
  YESTERDAY       MM
  SNOW DEPTH      MM

DEGREE DAYS
 HEATING
  YESTERDAY       11                        19     -8       12
  MONTH TO DATE  393                       534   -141      471
  SINCE DEC 1    822                      1143   -321     1183
  SINCE JUL 1   1698                      2595   -897     2298

 COOLING
  YESTERDAY        0                         0      0        0
  MONTH TO DATE    0                         0      0        0
  SINCE DEC 1      0                         0      0        0
  SINCE JAN 1      0                         0      0        0
..................................................................


WIND (MPH)
  HIGHEST WIND SPEED     7   HIGHEST WIND DIRECTION     W (280)
  HIGHEST GUST SPEED    MM   HIGHEST GUST DIRECTION    MM
  AVERAGE WIND SPEED     3.7


SKY COVER
  POSSIBLE SUNSHINE  MM
  AVERAGE SKY COVER 0.0


WEATHER CONDITIONS
 THE FOLLOWING WEATHER WAS RECORDED YESTERDAY.
  NO SIGNIFICANT WEATHER WAS OBSERVED.


RELATIVE HUMIDITY (PERCENT)
 HIGHEST    MM          1200 AM
 LOWEST     MM          1200 AM

..........................................................


THE NORTH BEND OR CLIMATE NORMALS FOR TODAY
                         NORMAL    RECORD    YEAR
 MAXIMUM TEMPERATURE (F)   52        74      1940
 MINIMUM TEMPERATURE (F)   40        19      1980


SUNRISE AND SUNSET
JANUARY 29 2015.......SUNRISE   736 AM PST   SUNSET   525 PM PST
JANUARY 30 2015.......SUNRISE   735 AM PST   SUNSET   526 PM PST


-  INDICATES NEGATIVE NUMBERS.
R  INDICATES RECORD WAS SET OR TIED.
MM INDICATES DATA IS MISSING.
T  INDICATES TRACE AMOUNT.




$$
