000
CDUS46 KMFR 020837
CLIOTH


CLIMATE REPORT
NATIONAL WEATHER SERVICE MEDFORD, OR
136 AM PDT TUE JUN 2 2015


...................................

...THE NORTH BEND OR CLIMATE SUMMARY FOR JUNE 1 2015...

CLIMATE NORMAL PERIOD 1981 TO 2010
CLIMATE RECORD PERIOD 1902 TO 2015


WEATHER ITEM   OBSERVED TIME   RECORD YEAR NORMAL DEPARTURE LAST
                VALUE   (LST)  VALUE       VALUE  FROM      YEAR
                                                  NORMAL
..................................................................
TEMPERATURE (F)
 YESTERDAY
  MAXIMUM         57        MM  80    1970  60     -3       63
  MINIMUM         52        MM  36    1920  49      3       55
  AVERAGE         55                        55      0       59

PRECIPITATION (IN)
  YESTERDAY        0.28          0.65 1993   0.10   0.18     0.00
  MONTH TO DATE    0.28                      0.10   0.18     0.00
  SINCE OCT 1     42.53                     60.36 -17.83    27.18
  SINCE JAN 1     19.23                     34.27 -15.04    21.56

SNOWFALL (IN)
  YESTERDAY       MM
  SNOW DEPTH      MM

DEGREE DAYS
 HEATING
  YESTERDAY       10                        10      0        6
  MONTH TO DATE   10                        10      0        6
  SINCE JUN 1     10                        10      0        6
  SINCE JUL 1   3257                      4570  -1313     3886

 COOLING
  YESTERDAY        0                         0      0        0
  MONTH TO DATE    0                         0      0        0
  SINCE JUN 1      0                         0      0        0
  SINCE JAN 1      0                         0      0       12
..................................................................


WIND (MPH)
  HIGHEST WIND SPEED     9   HIGHEST WIND DIRECTION    SW (240)
  HIGHEST GUST SPEED    MM   HIGHEST GUST DIRECTION    MM
  AVERAGE WIND SPEED     4.1


SKY COVER
  POSSIBLE SUNSHINE   0 PERCENT
  AVERAGE SKY COVER 0.0


WEATHER CONDITIONS
 THE FOLLOWING WEATHER WAS RECORDED YESTERDAY.
  NO SIGNIFICANT WEATHER WAS OBSERVED.


RELATIVE HUMIDITY (PERCENT)
 HIGHEST     0          1200 AM
 LOWEST      0          1200 AM

..........................................................


THE NORTH BEND OR CLIMATE NORMALS FOR TODAY
                         NORMAL    RECORD    YEAR
 MAXIMUM TEMPERATURE (F)   60        88      1950
 MINIMUM TEMPERATURE (F)   49        36      1929


SUNRISE AND SUNSET
JUNE  2 2015..........SUNRISE   539 AM PDT   SUNSET   852 PM PDT
JUNE  3 2015..........SUNRISE   538 AM PDT   SUNSET   852 PM PDT


-  INDICATES NEGATIVE NUMBERS.
R  INDICATES RECORD WAS SET OR TIED.
MM INDICATES DATA IS MISSING.
T  INDICATES TRACE AMOUNT.




$$
