000
CDUS46 KMFR 170037
CLIOTH


CLIMATE REPORT
NATIONAL WEATHER SERVICE MEDFORD, OR
436 PM PST SAT DEC 16 2017


...................................

...THE NORTH BEND OR CLIMATE SUMMARY FOR DECEMBER 16 2017...
VALID TODAY AS OF 0400 PM LOCAL TIME.

CLIMATE NORMAL PERIOD 1981 TO 2010
CLIMATE RECORD PERIOD 1902 TO 2017


WEATHER ITEM   OBSERVED TIME   RECORD YEAR NORMAL DEPARTURE LAST
                VALUE   (LST)  VALUE       VALUE  FROM      YEAR
                                                  NORMAL
..................................................................
TEMPERATURE (F)
 TODAY
  MAXIMUM         50        MM  65    1980  51     -1       45
  MINIMUM         35        MM  24    1922  39     -4       30
  AVERAGE         43                        45     -2       38

PRECIPITATION (IN)
  TODAY            T             2.36 1972   0.36  -0.36     0.00
  MONTH TO DATE    1.25                      5.84  -4.59     5.32
  SINCE OCT 1     17.08                     20.80  -3.72    32.57
  SINCE JAN 1     65.43                     59.62   5.81    65.15

SNOWFALL (IN)
  TODAY           MM                         0.0   MM       MM
  MONTH TO DATE   MM                         0.0   MM        0.0
  SINCE JUL 1     MM                         T     MM        0.0
  SNOW DEPTH      MM

DEGREE DAYS
 HEATING
  TODAY           22                        20      2       27
  MONTH TO DATE  290                       313    -23      328
  SINCE DEC 1    290                       313    -23      328
  SINCE JUL 1   1445                      1765   -320     1324

 COOLING
  TODAY            0                         0      0        0
  MONTH TO DATE    0                         0      0        0
  SINCE DEC 1      0                         0      0        0
  SINCE JAN 1     10                         2      8       15
..................................................................


WIND (MPH)
  HIGHEST WIND SPEED    10   HIGHEST WIND DIRECTION    SE (130)
  HIGHEST GUST SPEED    MM   HIGHEST GUST DIRECTION    MM
  AVERAGE WIND SPEED     6.2


SKY COVER
  POSSIBLE SUNSHINE  MM
  AVERAGE SKY COVER 0.7


WEATHER CONDITIONS
 THE FOLLOWING WEATHER WAS RECORDED TODAY.
  LIGHT RAIN
  FOG


RELATIVE HUMIDITY (PERCENT)
 HIGHEST   100           500 AM
 LOWEST     80           100 PM

..........................................................


THE NORTH BEND OR CLIMATE NORMALS FOR TOMORROW
                         NORMAL    RECORD    YEAR
 MAXIMUM TEMPERATURE (F)   51        67      1979
 MINIMUM TEMPERATURE (F)   39        18      1924


SUNRISE AND SUNSET
DECEMBER 16 2017......SUNRISE   744 AM PST   SUNSET   442 PM PST
DECEMBER 17 2017......SUNRISE   744 AM PST   SUNSET   442 PM PST


-  INDICATES NEGATIVE NUMBERS.
R  INDICATES RECORD WAS SET OR TIED.
MM INDICATES DATA IS MISSING.
T  INDICATES TRACE AMOUNT.




$$
