000
CDUS46 KMFR 310039
CLIOTH


CLIMATE REPORT
NATIONAL WEATHER SERVICE MEDFORD, OR
539 PM PDT THU MAR 30 2017


...................................

...THE NORTH BEND OR CLIMATE SUMMARY FOR MARCH 30 2017...
VALID TODAY AS OF 0500 PM LOCAL TIME.

CLIMATE NORMAL PERIOD 1981 TO 2010
CLIMATE RECORD PERIOD 1902 TO 2017


WEATHER ITEM   OBSERVED TIME   RECORD YEAR NORMAL DEPARTURE LAST
                VALUE   (LST)  VALUE       VALUE  FROM      YEAR
                                                  NORMAL
..................................................................
TEMPERATURE (F)
 TODAY
  MAXIMUM         54        MM  77    1911  54      0       61
  MINIMUM         46        MM  31    1936  42      4       41
  AVERAGE         50                        48      2       51

PRECIPITATION (IN)
  TODAY            0.21          1.93 1974   0.22  -0.01     0.00
  MONTH TO DATE   10.14                      7.60   2.54     9.93
  SINCE OCT 1     67.94                     51.47  16.47    52.15
  SINCE JAN 1     33.79                     25.38   8.41    26.52

SNOWFALL (IN)
  TODAY           MM                         0.0   MM       MM
  MONTH TO DATE   MM                         0.0   MM       MM
  SINCE JUL 1      0.0                       0.4   -0.4      0.0
  SNOW DEPTH      MM

DEGREE DAYS
 HEATING
  TODAY           15                        17     -2       14
  MONTH TO DATE  411                       519   -108      410
  SINCE MAR 1    411                       519   -108      410
  SINCE JUL 1   3187                      3693   -506     2735

 COOLING
  TODAY            0                         0      0        0
  MONTH TO DATE    0                         0      0        0
  SINCE MAR 1      0                         0      0        0
  SINCE JAN 1      0                         0      0        2
..................................................................


WIND (MPH)
  HIGHEST WIND SPEED    18   HIGHEST WIND DIRECTION     N (340)
  HIGHEST GUST SPEED    23   HIGHEST GUST DIRECTION     N (340)
  AVERAGE WIND SPEED    11.0


SKY COVER
  POSSIBLE SUNSHINE  MM
  AVERAGE SKY COVER 0.9


WEATHER CONDITIONS
 THE FOLLOWING WEATHER WAS RECORDED TODAY.
  NO SIGNIFICANT WEATHER WAS OBSERVED.


RELATIVE HUMIDITY (PERCENT)
 HIGHEST    93           500 AM
 LOWEST     59           400 PM

..........................................................


THE NORTH BEND OR CLIMATE NORMALS FOR TOMORROW
                         NORMAL    RECORD    YEAR
 MAXIMUM TEMPERATURE (F)   54        75      1987
 MINIMUM TEMPERATURE (F)   42        29      1929


SUNRISE AND SUNSET
MARCH 30 2017.........SUNRISE   702 AM PDT   SUNSET   742 PM PDT
MARCH 31 2017.........SUNRISE   700 AM PDT   SUNSET   743 PM PDT


-  INDICATES NEGATIVE NUMBERS.
R  INDICATES RECORD WAS SET OR TIED.
MM INDICATES DATA IS MISSING.
T  INDICATES TRACE AMOUNT.




$$
