000
CDUS46 KMFR 230838
CLIOTH


CLIMATE REPORT
NATIONAL WEATHER SERVICE MEDFORD, OR
137 AM PDT TUE MAY 23 2017


...................................

...THE NORTH BEND OR CLIMATE SUMMARY FOR MAY 22 2017...

CLIMATE NORMAL PERIOD 1981 TO 2010
CLIMATE RECORD PERIOD 1902 TO 2017


WEATHER ITEM   OBSERVED TIME   RECORD YEAR NORMAL DEPARTURE LAST
                VALUE   (LST)  VALUE       VALUE  FROM      YEAR
                                                  NORMAL
..................................................................
TEMPERATURE (F)
 YESTERDAY
  MAXIMUM         75        MM  80    2001  60     15       61
                                      1941
  MINIMUM         52        MM  30    1920  48      4       52
  AVERAGE         64                        54     10       57

PRECIPITATION (IN)
  YESTERDAY        0.00          2.23 2013   0.10  -0.10     0.12
  MONTH TO DATE    4.57                      2.44   2.13     0.47
  SINCE OCT 1     78.92                     59.31  19.61    56.03
  SINCE JAN 1     44.77                     33.22  11.55    30.40

SNOWFALL (IN)
  YESTERDAY       MM
  SNOW DEPTH      MM

DEGREE DAYS
 HEATING
  YESTERDAY        1                        11    -10        8
  MONTH TO DATE  239                       277    -38      185
  SINCE MAR 1   1079                      1289   -210      918
  SINCE JUL 1   3855                      4463   -608     3243

 COOLING
  YESTERDAY        0                         0      0        0
  MONTH TO DATE    0                         0      0        0
  SINCE MAR 1      0                         0      0        6
  SINCE JAN 1      0                         0      0        8
..................................................................


WIND (MPH)
  HIGHEST WIND SPEED    22   HIGHEST WIND DIRECTION     N (350)
  HIGHEST GUST SPEED    28   HIGHEST GUST DIRECTION     N (350)
  AVERAGE WIND SPEED     9.3


SKY COVER
  POSSIBLE SUNSHINE  MM
  AVERAGE SKY COVER 0.3


WEATHER CONDITIONS
 THE FOLLOWING WEATHER WAS RECORDED YESTERDAY.
  NO SIGNIFICANT WEATHER WAS OBSERVED.


RELATIVE HUMIDITY (PERCENT)
 HIGHEST   100           100 AM
 LOWEST     53           100 PM

..........................................................


THE NORTH BEND OR CLIMATE NORMALS FOR TODAY
                         NORMAL    RECORD    YEAR
 MAXIMUM TEMPERATURE (F)   60        75      1999
 MINIMUM TEMPERATURE (F)   48        38      1919
                                             1991


SUNRISE AND SUNSET
MAY 23 2017...........SUNRISE   545 AM PDT   SUNSET   843 PM PDT
MAY 24 2017...........SUNRISE   544 AM PDT   SUNSET   844 PM PDT


-  INDICATES NEGATIVE NUMBERS.
R  INDICATES RECORD WAS SET OR TIED.
MM INDICATES DATA IS MISSING.
T  INDICATES TRACE AMOUNT.




$$
