000
CDUS43 KDMX 280653 RRB
CLIOTM

CLIMATE REPORT
NATIONAL WEATHER SERVICE DES MOINES IA
137 AM CDT SUN AUG 28 2016


...................................

...THE OTTUMWA IA CLIMATE SUMMARY FOR AUGUST 27 2016...

CLIMATE NORMAL PERIOD 1981 TO 2010
CLIMATE RECORD PERIOD 1920 TO 2016


WEATHER ITEM   OBSERVED TIME   RECORD YEAR NORMAL DEPARTURE LAST
                VALUE   (LST)  VALUE       VALUE  FROM      YEAR
                                                  NORMAL
..................................................................
TEMPERATURE (F)
 YESTERDAY
  MAXIMUM         83    408 PM 100    1936  82      1       75
  MINIMUM         66    321 AM  47    1986  61      5       53
  AVERAGE         75                        71      4       64

PRECIPITATION (IN)
  YESTERDAY        T             2.56 1998   0.15  -0.15     0.00
  MONTH TO DATE    4.11                      4.04   0.07     1.19
  SINCE JUN 1     10.58                     13.60  -3.02    15.73
  SINCE JAN 1     18.62                     26.13  -7.51    25.60

DEGREE DAYS
 HEATING
  YESTERDAY        0                         0      0        1
  MONTH TO DATE    0                         0      0       16
  SINCE JUN 1      8                        23    -15       32
  SINCE JUL 1      7                         2      5       22

 COOLING
  YESTERDAY       10                         7      3        0
  MONTH TO DATE  242                       229     13      165
  SINCE JUN 1    790                       744     46      645
  SINCE JAN 1    861                       808     53      706
..................................................................


WIND (MPH)
  HIGHEST WIND SPEED    14   HIGHEST WIND DIRECTION    NE (40)
  HIGHEST GUST SPEED    19   HIGHEST GUST DIRECTION    SW (240)
  AVERAGE WIND SPEED     4.3


SKY COVER
  POSSIBLE SUNSHINE  MM
  AVERAGE SKY COVER 0.5


WEATHER CONDITIONS
 THE FOLLOWING WEATHER WAS RECORDED YESTERDAY.
  LIGHT RAIN
  FOG


RELATIVE HUMIDITY (PERCENT)
 HIGHEST   100           400 AM
 LOWEST     58           500 PM
 AVERAGE    79

..........................................................


THE OTTUMWA IA CLIMATE NORMALS FOR TODAY
                         NORMAL    RECORD    YEAR
 MAXIMUM TEMPERATURE (F)   82        98      2013
                                             1984
 MINIMUM TEMPERATURE (F)   60        41      1935


SUNRISE AND SUNSET
AUGUST 28 2016........SUNRISE   633 AM CDT   SUNSET   748 PM CDT
AUGUST 29 2016........SUNRISE   634 AM CDT   SUNSET   746 PM CDT


-  INDICATES NEGATIVE NUMBERS.
R  INDICATES RECORD WAS SET OR TIED.
MM INDICATES DATA IS MISSING.
T  INDICATES TRACE AMOUNT.




$$
