000
CDUS46 KOTX 180835
CLIOTX


CLIMATE REPORT
NATIONAL WEATHER SERVICE SPOKANE, WA
1234 AM PST MON DEC 18 2017


...................................

...THE SPOKANE  WA WFO CLIMATE SUMMARY FOR DECEMBER 17 2017...

CLIMATE NORMAL PERIOD 1981 TO 2010
CLIMATE RECORD PERIOD 1881 TO 2017


WEATHER ITEM   OBSERVED TIME   RECORD YEAR NORMAL DEPARTURE LAST
                VALUE   (LST)  VALUE       VALUE  FROM      YEAR
                                                  NORMAL
..................................................................
TEMPERATURE (F)
 YESTERDAY
  MAXIMUM         36        MM  MM      MM  31      5       12
  MINIMUM         25        MM  MM      MM  19      6      -10
  AVERAGE         31                        25      6        1

PRECIPITATION (IN)
  YESTERDAY        0.15         MM      MM   0.08   0.07      T
  MONTH TO DATE    0.72                      1.41  -0.69     0.51
  SINCE OCT 1      5.12                      4.91   0.21     9.28
  SINCE JAN 1     19.49                     15.96   3.53    19.69

SNOWFALL (IN)
  YESTERDAY        1.1          MM      MM   0.5    0.6      0.1
  MONTH TO DATE    7.0                       8.4   -1.4      6.1
  SINCE DEC 1      7.0                       8.4   -1.4      6.1
  SINCE JUL 1     12.7                      16.3   -3.6      8.3
  SNOW DEPTH       5

DEGREE DAYS
 HEATING
  YESTERDAY       34                        40     -6       64
  MONTH TO DATE  623                       657    -34      762
  SINCE DEC 1    623                       657    -34      762
  SINCE JUL 1   2387                      2539   -152     2318

 COOLING
  YESTERDAY        0                         0      0        0
  MONTH TO DATE    0                         0      0        0
  SINCE DEC 1      0                         0      0        0
  SINCE JAN 1    413                       249    164      229
..................................................................


WIND (MPH)
  HIGHEST WIND SPEED    MM   HIGHEST WIND DIRECTION    MM
  HIGHEST GUST SPEED    MM   HIGHEST GUST DIRECTION    MM
  AVERAGE WIND SPEED    MM


SKY COVER
  POSSIBLE SUNSHINE  MM
  AVERAGE SKY COVER  MM


WEATHER CONDITIONS
 THE FOLLOWING WEATHER WAS RECORDED YESTERDAY.
  SNOW
  LIGHT SNOW


RELATIVE HUMIDITY (PERCENT)
 HIGHEST    MM
 LOWEST     MM
 AVERAGE    MM

..........................................................


THE SPOKANE  WA WFO CLIMATE NORMALS FOR TODAY
                         NORMAL    RECORD    YEAR
 MAXIMUM TEMPERATURE (F)   31        MM        MM
 MINIMUM TEMPERATURE (F)   19        MM        MM


SUNRISE AND SUNSET
DECEMBER 18 2017......SUNRISE   735 AM PST   SUNSET   400 PM PST
DECEMBER 19 2017......SUNRISE   735 AM PST   SUNSET   400 PM PST


-  INDICATES NEGATIVE NUMBERS.
R  INDICATES RECORD WAS SET OR TIED.
MM INDICATES DATA IS MISSING.
T  INDICATES TRACE AMOUNT.




$$
