000
CDUS46 KOTX 040821
CLIOTX


CLIMATE REPORT
NATIONAL WEATHER SERVICE SPOKANE, WA
1221 AM PST SUN DEC 4 2016


...................................

...THE SPOKANE  WA WFO CLIMATE SUMMARY FOR DECEMBER 3 2016...

CLIMATE NORMAL PERIOD 1981 TO 2010
CLIMATE RECORD PERIOD 1881 TO 2016


WEATHER ITEM   OBSERVED TIME   RECORD YEAR NORMAL DEPARTURE LAST
                VALUE   (LST)  VALUE       VALUE  FROM      YEAR
                                                  NORMAL
..................................................................
TEMPERATURE (F)
 YESTERDAY
  MAXIMUM         41        MM  MM      MM  33      8       41
  MINIMUM         31        MM  MM      MM  22      9       28
  AVERAGE         36                        28      8       35

PRECIPITATION (IN)
  YESTERDAY        0.00         MM      MM   0.09  -0.09     0.14
  MONTH TO DATE    0.09                      0.27  -0.18     0.22
  SINCE OCT 1      8.86                      3.77   5.09     2.58
  SINCE JAN 1     19.09                     14.82   4.27    10.66

SNOWFALL (IN)
  YESTERDAY        0.0          MM      MM   0.5   -0.5      0.0
  MONTH TO DATE    T                         1.4   -1.4      1.0
  SINCE DEC 1      T                         1.4   -1.4      1.0
  SINCE JUL 1      2.2                       9.3   -7.1      2.5
  SNOW DEPTH       0

DEGREE DAYS
 HEATING
  YESTERDAY       29                        37     -8       30
  MONTH TO DATE   97                       111    -14      111
  SINCE DEC 1     97                       111    -14      111
  SINCE JUL 1   1653                      1993   -340     1771

 COOLING
  YESTERDAY        0                         0      0        0
  MONTH TO DATE    0                         0      0        0
  SINCE DEC 1      0                         0      0        0
  SINCE JAN 1    229                       249    -20      518
..................................................................


WIND (MPH)
  HIGHEST WIND SPEED    22   HIGHEST WIND DIRECTION    MM
  HIGHEST GUST SPEED    28   HIGHEST GUST DIRECTION    MM
  AVERAGE WIND SPEED    11.0


SKY COVER
  POSSIBLE SUNSHINE  MM
  AVERAGE SKY COVER  MM


WEATHER CONDITIONS
 THE FOLLOWING WEATHER WAS RECORDED YESTERDAY.
  NO SIGNIFICANT WEATHER WAS OBSERVED.


RELATIVE HUMIDITY (PERCENT)
 HIGHEST   100
 LOWEST     78
 AVERAGE    89

..........................................................


THE SPOKANE  WA WFO CLIMATE NORMALS FOR TODAY
                         NORMAL    RECORD    YEAR
 MAXIMUM TEMPERATURE (F)   33        MM        MM
 MINIMUM TEMPERATURE (F)   22        MM        MM


SUNRISE AND SUNSET
DECEMBER  4 2016......SUNRISE   722 AM PST   SUNSET   359 PM PST
DECEMBER  5 2016......SUNRISE   723 AM PST   SUNSET   359 PM PST


-  INDICATES NEGATIVE NUMBERS.
R  INDICATES RECORD WAS SET OR TIED.
MM INDICATES DATA IS MISSING.
T  INDICATES TRACE AMOUNT.




$$
