000
CDUS46 KOTX 290832
CLIOTX


CLIMATE REPORT
NATIONAL WEATHER SERVICE SPOKANE, WA
1229 AM PST MON DEC 29 2014


...................................

...THE SPOKANE  WA WFO CLIMATE SUMMARY FOR DECEMBER 28 2014...

CLIMATE NORMAL PERIOD 1981 TO 2010
CLIMATE RECORD PERIOD 1881 TO 2014


WEATHER ITEM   OBSERVED TIME   RECORD YEAR NORMAL DEPARTURE LAST
                VALUE   (LST)  VALUE       VALUE  FROM      YEAR
                                                  NORMAL
..................................................................
TEMPERATURE (F)
 YESTERDAY
  MAXIMUM         32     MM     MM     MM   31      1       27
  MINIMUM         21     MM     MM     MM   20      1       20
  AVERAGE         27                        25      2       24

PRECIPITATION (IN)
  YESTERDAY        0.01         MM     MM   0.07  -0.06      T
  MONTH TO DATE    1.88                     2.30  -0.42     0.67
  SINCE OCT 1      4.71                     5.80  -1.09     2.51
  SINCE JAN 1     16.68                    16.85  -0.17    12.97

SNOWFALL (IN)
  YESTERDAY        0.2          MM     MM   0.6   -0.4       T
  MONTH TO DATE    2.8                     15.1  -12.3      3.4
  SINCE DEC 1      2.8                     15.1  -12.3      3.4
  SINCE JUL 1      3.3                     23.0  -19.7      6.4
  SNOW DEPTH       1

DEGREE DAYS
 HEATING
  YESTERDAY       38                        40     -2       41
  MONTH TO DATE  877                      1097   -220     1154
  SINCE DEC 1    877                      1097   -220     1154
  SINCE JUL 1   2456                      2979   -523     3010

 COOLING
  YESTERDAY        0                         0      0        0
  MONTH TO DATE    0                         0      0        0
  SINCE DEC 1      0                         0      0        0
  SINCE JAN 1    408                       249    159      383
..................................................................


WIND (MPH)
  HIGHEST WIND SPEED    MM   HIGHEST WIND DIRECTION    MM
  HIGHEST GUST SPEED    MM   HIGHEST GUST DIRECTION    MM
  AVERAGE WIND SPEED    MM


SKY COVER
  POSSIBLE SUNSHINE  MM
  AVERAGE SKY COVER  MM


WEATHER CONDITIONS
 THE FOLLOWING WEATHER WAS RECORDED YESTERDAY.
  LIGHT SNOW
  FOG


RELATIVE HUMIDITY (PERCENT)
 HIGHEST    MM
 LOWEST     MM
 AVERAGE    MM

..........................................................


THE SPOKANE  WA WFO CLIMATE NORMALS FOR TODAY
                         NORMAL    RECORD    YEAR
 MAXIMUM TEMPERATURE (F)   31        MM        MM
 MINIMUM TEMPERATURE (F)   20        MM        MM


SUNRISE AND SUNSET
DECEMBER 29 2014......SUNRISE   739 AM PST   SUNSET   407 PM PST
DECEMBER 30 2014......SUNRISE   739 AM PST   SUNSET   407 PM PST


-  INDICATES NEGATIVE NUMBERS.
R  INDICATES RECORD WAS SET OR TIED.
MM INDICATES DATA IS MISSING.
T  INDICATES TRACE AMOUNT.

$$
