000
CDAK49 PAOT 261305
CLIOTZ

CLIMATE REPORT
NATIONAL WEATHER SERVICE KOTZEBUE, AK
405 AM AKST FRI DEC 26 2014

...................................
...THE KOTZEBUE WSO AP CLIMATE SUMMARY FOR DECEMBER 25 2014...

CLIMATE NORMAL PERIOD  1981 TO  2010
CLIMATE RECORD PERIOD  1897 TO  2014

WEATHER ITEM   OBSERVED TIME    RECORD YEAR NORMAL DEPARTURE LAST
               VALUE    (LST)   VALUE       VALUE  FROM      YEAR
                                                   NORMAL
...................................................................
TEMPERATURE
YESTERDAY
 MAXIMUM             0  0302 PM    32  1971      7      -7    -17
 MINIMUM            -9  1101 PM   -43  1961     -6      -3    -26
 AVERAGE            -5                           1      -6    -22

PRECIPITATION
(INCHES)
 YESTERDAY           T           0.83  2004   0.02   -0.02   0.00
 MONTH TO DATE    0.09                        0.62   -0.53   0.76
 SINCE DEC 1      0.09                        0.62   -0.53   0.76
 SINCE JAN 1      9.35                       10.86   -1.51  12.07

SNOWFALL
(INCHES)
 YESTERDAY           T            9.0  2004    0.3    -0.3    0.0
 MONTH TO DATE     1.0                         9.4    -8.4    7.1
 SINCE DEC 1       1.0                         9.4    -8.4    7.1
 SINCE JUL 1       5.7                        26.8   -21.1   18.8
 SNOW DEPTH (IN)     2                                          7

DEGREE DAYS
 HEATING
  YESTERDAY         70                          64       6     87
  MONTH TO DATE   1477                        1551     -74   1416
  SINCE DEC 1     1473                        1551     -78   1411
  SINCE JUL 1     5148                        5910    -762   5296

 COOLING
  YESTERDAY          0                           0       0      0
  MONTH TO DATE      0                           0       0      0
  SINCE DEC 1        0                           0       0      0
  SINCE JAN 1       19                           0      19     13
...................................................................

WIND (MPH)
 HIGHEST WIND SPEED    16     HIGHEST WIND DIRECTION     20
 HIGHEST GUST SPEED    19     HIGHEST GUST DIRECTION     20
 AVERAGE WIND SPEED   3.7

SKY COVER
  POSSIBLE SUNSHINE    MM          AVERAGE SKY COVER     MM

WEATHER CONDITIONS
 THE FOLLOWING WEATHER WAS RECORDED YESTERDAY.
 SNOW


RELATIVE HUMIDITY
 HIGHEST RH     MM PERCENT       MM
 LOWEST  RH     MM PERCENT       MM
 AVERAGE RH     MM PERCENT       MM
...................................................................

THE KOTZEBUE CLIMATE NORMALS FOR TODAY
                           NORMAL    RECORD   YEAR
 MAXIMUM TEMPERATURE (F)      7        33     1951
 MINIMUM TEMPERATURE (F)     -6       -47     1961

SUNRISE AND SUNSET
 DEC 26 2014..........SUNRISE 12:56 PM      SUNSET  2:48 PM
 DEC 27 2014..........SUNRISE 12:54 PM      SUNSET  2:50 PM

-  INDICATES NEGATIVE NUMBERS.
R  INDICATES RECORD HAS BEEN SET OR TIED.
MM INDICATES DATA IS MISSING.
T  INDICATES TRACE OF PRECIPITATION.

&&
-------------------------------------------------------------------

AMOUNT OF DAYLIGHT TODAY  (HOUR:MIN)........1 HOURS 52 MINUTES
GAIN/LOSS SINCE YESTERDAY (HOUR:MIN:SEC)....+0:03:16

$$


DEC 14
