563
CDAK49 PAFG 010051
CLIOTZ

CLIMATE REPORT
NATIONAL WEATHER SERVICE FAIRBANKS AK
451 PM AKDT FRI SEP 30 2016


...................................

...THE KOTZEBUE AK CLIMATE SUMMARY FOR SEPTEMBER 30 2016...
VALID TODAY AS OF 0400 PM LOCAL TIME.

CLIMATE NORMAL PERIOD 1981 TO 2010
CLIMATE RECORD PERIOD 1920 TO 2016


WEATHER ITEM   OBSERVED TIME   RECORD YEAR NORMAL DEPARTURE LAST
                VALUE   (LST)  VALUE       VALUE  FROM      YEAR
                                                  NORMAL
..................................................................
TEMPERATURE (F)
 TODAY
  MAXIMUM         47    242 PM  52    1929  39      8       39
  MINIMUM         44   1014 AM  17    1992  31     13       33
                                      1970
  AVERAGE         46                        35     11       36

PRECIPITATION (IN)
  TODAY            0.00          0.45 1977   0.05  -0.05     0.09
  MONTH TO DATE    2.02                      1.58   0.44     0.75
  SINCE SEP 1      2.02                      1.58   0.44     0.75
  SINCE JAN 1      7.76                      8.46  -0.70     7.79

SNOWFALL (IN)
  TODAY            0.0           1.1  1993   0.1   -0.1       T
                                      1990
  MONTH TO DATE    0.2                       0.8   -0.6       T
  SINCE SEP 1      0.2                       0.8   -0.6       T
  SINCE JUL 1      0.2                       0.8   -0.6       T
  SNOW DEPTH       0

DEGREE DAYS
 HEATING
  TODAY           19                        30    -11       29
  MONTH TO DATE  619                       680    -61      719
  SINCE SEP 1    619                       681    -62      719
  SINCE JUL 1   1111                      1419   -308     1339

 COOLING
  TODAY            0                         0      0        0
  MONTH TO DATE    0                         0      0        0
  SINCE SEP 1      0                         0      0        0
  SINCE JAN 1      5                         5      0       16
..................................................................


WIND (MPH)
  HIGHEST GUST SPEED    28   HIGHEST GUST DIRECTION    SE (120)


SKY COVER
  AVERAGE SKY COVER 0.7


WEATHER CONDITIONS
 THE FOLLOWING WEATHER WAS RECORDED TODAY.
  FOG


RELATIVE HUMIDITY (PERCENT)
 HIGHEST    93
 LOWEST     71
 AVERAGE    82

..........................................................


THE KOTZEBUE AK CLIMATE NORMALS FOR TOMORROW
                         NORMAL    RECORD    YEAR
 MAXIMUM TEMPERATURE (F)   38        54      2003
 MINIMUM TEMPERATURE (F)   30        16      1992
                                             1970


SUNRISE AND SUNSET
SEPTEMBER 30 2016.....SUNRISE   902 AM AKDT  SUNSET   818 PM AKDT
OCTOBER 01 2016.......SUNRISE   905 AM AKDT  SUNSET   814 PM AKDT

-  INDICATES NEGATIVE NUMBERS.
R  INDICATES RECORD WAS SET OR TIED.
MM INDICATES DATA IS MISSING.
T  INDICATES TRACE AMOUNT.

&&

SNOW DEPTH IS MEASURED AT 3AM AKST/4AM AKDT.

----------------------------
AVAILABLE DAYLIGHT

AMOUNT OF DAYLIGHT TODAY  (HOUR:MIN)........11:16
GAIN/LOSS SINCE YESTERDAY (HOUR:MIN:SEC)....-0:07:18

$$
SEP 16
