000
CDAK49 PAOT 061117
CLIOTZ

CLIMATE REPORT
NATIONAL WEATHER SERVICE KOTZEBUE, AK
317 AM AKDT FRI MAY 6 2016

...................................
...THE KOTZEBUE WSO AP CLIMATE SUMMARY FOR MAY 5 2016...

CLIMATE NORMAL PERIOD  1981 TO  2010
CLIMATE RECORD PERIOD  1897 TO  2016

WEATHER ITEM   OBSERVED TIME    RECORD YEAR NORMAL DEPARTURE LAST
               VALUE    (LST)   VALUE       VALUE  FROM      YEAR
                                                   NORMAL
...................................................................
TEMPERATURE
YESTERDAY
 MAXIMUM            32  0108 PM    50  1960     33      -1     32
 MINIMUM            26  1159 PM   -11  1992     20       6     14
 AVERAGE            29                          27       2     23

PRECIPITATION
(INCHES)
 YESTERDAY           T           0.10  2005   0.02   -0.02   0.00
 MONTH TO DATE       T                        0.08   -0.08      T
 SINCE MAR 1      0.74                        1.06   -0.32   1.08
 SINCE JAN 1      1.46                        2.34   -0.88   1.93

SNOWFALL
(INCHES)
 YESTERDAY           T            1.3  1985    0.1    -0.1    0.0
 MONTH TO DATE       T                         0.4    -0.4      T
 SINCE MAR 1      14.3                        11.4     2.9    9.4
 SINCE JUL 1      59.7                        59.0     0.7   24.7
 SNOW DEPTH (IN)     0                                          2

DEGREE DAYS
 HEATING
  YESTERDAY         36                          38      -2     42
  MONTH TO DATE    181                         198     -17    207
  SINCE MAR 1     3260                        3736    -476   3734
  SINCE JUL 1    12258                       13978   -1720  12612

 COOLING
  YESTERDAY          0                           0       0      0
  MONTH TO DATE      0                           0       0      0
  SINCE MAR 1        0                           0       0      0
  SINCE JAN 1        0                           0       0      0
...................................................................

WIND (MPH)
 HIGHEST WIND SPEED    12     HIGHEST WIND DIRECTION    210
 HIGHEST GUST SPEED    13     HIGHEST GUST DIRECTION    210
 AVERAGE WIND SPEED   6.3

WEATHER CONDITIONS
 THE FOLLOWING WEATHER WAS RECORDED YESTERDAY.
  SNOW
...................................................................

THE KOTZEBUE CLIMATE NORMALS FOR TODAY
                           NORMAL    RECORD   YEAR
 MAXIMUM TEMPERATURE (F)     34        51     1940
 MINIMUM TEMPERATURE (F)     21       -12     1949

SUNRISE AND SUNSET
 MAY 6 2016..........SUNRISE  5:35 AM      SUNSET 12:03 AM
 MAY 7 2016..........SUNRISE  5:31 AM      SUNSET 12:07 AM

-  INDICATES NEGATIVE NUMBERS.
R  INDICATES RECORD HAS BEEN SET OR TIED.
MM INDICATES DATA IS MISSING.
T  INDICATES TRACE OF PRECIPITATION.

&&
-------------------------------------------------------------------

AMOUNT OF DAYLIGHT TODAY  (HOUR:MIN)........18 HOURS 28 MINUTES
GAIN SINCE YESTERDAY (HOUR:MIN:SEC).........+0:05:59

$$
CRG MAY 16
