000
CDAK49 PAFG 270950
CLIOTZ

CLIMATE REPORT
NATIONAL WEATHER SERVICE FAIRBANKS AK
150 AM AKDT THU APR 27 2017


...................................

...THE KOTZEBUE AK CLIMATE SUMMARY FOR APRIL 26 2017...

CLIMATE NORMAL PERIOD 1981 TO 2010
CLIMATE RECORD PERIOD 1920 TO 2017


WEATHER ITEM   OBSERVED TIME   RECORD YEAR NORMAL DEPARTURE LAST
                VALUE   (LST)  VALUE       VALUE  FROM      YEAR
                                                  NORMAL
..................................................................
TEMPERATURE (F)
 YESTERDAY
  MAXIMUM         37    616 PM  46    1997  28      9       34
  MINIMUM         19    745 AM -17    1960  13      6       21
  AVERAGE         28                        21      7       28

PRECIPITATION (IN)
  YESTERDAY        0.00          0.50 2002   0.02  -0.02     0.00
  MONTH TO DATE    0.05                      0.46  -0.41     0.60
  SINCE MAR 1      0.08                      0.90  -0.82     0.77
  SINCE JAN 1      1.67                      2.18  -0.51     1.48

SNOWFALL (IN)
  YESTERDAY        0.0           2.0  2002   0.2   -0.2      0.0
  MONTH TO DATE    1.3                       4.6   -3.3      4.6
  SINCE MAR 1      2.0                      10.5   -8.5      6.0
  SINCE JUL 1     52.2                      58.1   -5.9     26.0
  SNOW DEPTH       8

DEGREE DAYS
 HEATING
  YESTERDAY       37                        44     -7       37
  MONTH TO DATE 1102                      1380   -278     1033
  SINCE MAR 1   3271                      3362    -91     2937
  SINCE JUL 1  12130                     13607  -1477    11715

 COOLING
  YESTERDAY        0                         0      0        0
  MONTH TO DATE    0                         0      0        0
  SINCE MAR 1      0                         0      0        0
  SINCE JAN 1      0                         0      0        0
..................................................................


WIND (MPH)
  HIGHEST GUST SPEED    13   HIGHEST GUST DIRECTION     N (20)


SKY COVER
  AVERAGE SKY COVER 0.5


WEATHER CONDITIONS
 THE FOLLOWING WEATHER WAS RECORDED YESTERDAY.
  NO SIGNIFICANT WEATHER WAS OBSERVED.


RELATIVE HUMIDITY (PERCENT)
 HIGHEST    75
 LOWEST     56
 AVERAGE    66

..........................................................


THE KOTZEBUE AK CLIMATE NORMALS FOR TODAY
                         NORMAL    RECORD    YEAR
 MAXIMUM TEMPERATURE (F)   29        48      1988
 MINIMUM TEMPERATURE (F)   14       -17      1973


SUNRISE AND SUNSET
APRIL 27 2017.........SUNRISE   614 AM AKDT  SUNSET  1125 PM AKDT
APRIL 28 2017.........SUNRISE   610 AM AKDT  SUNSET  1129 PM AKDT

-  INDICATES NEGATIVE NUMBERS.
R  INDICATES RECORD WAS SET OR TIED.
MM INDICATES DATA IS MISSING.
T  INDICATES TRACE AMOUNT.

&&

SNOW DEPTH IS MEASURED AT 3AM AKST/4AM AKDT.

----------------------------
AVAILABLE DAYLIGHT

AMOUNT OF DAYLIGHT TODAY  (HOUR:MIN)........17:11
GAIN/LOSS SINCE YESTERDAY (HOUR:MIN:SEC)....+0:08:04

$$
SDB APR 17
