000
CDAK49 PAFG 210942
CLIOTZ

CLIMATE REPORT
NATIONAL WEATHER SERVICE FAIRBANKS AK
142 AM AKDT MON AUG 21 2017


...................................

...THE KOTZEBUE AK CLIMATE SUMMARY FOR AUGUST 20 2017...

CLIMATE NORMAL PERIOD 1981 TO 2010
CLIMATE RECORD PERIOD 1920 TO 2017


WEATHER ITEM   OBSERVED TIME   RECORD YEAR NORMAL DEPARTURE LAST
                VALUE   (LST)  VALUE       VALUE  FROM      YEAR
                                                  NORMAL
..................................................................
TEMPERATURE (F)
 YESTERDAY
  MAXIMUM         51    413 PM  75    2004  56     -5       58
  MINIMUM         39    557 AM  28    1902  47     -8       54
  AVERAGE         45                        51     -6       56

PRECIPITATION (IN)
  YESTERDAY        0.00          0.80 1902   0.07  -0.07     0.10
  MONTH TO DATE    1.32                      1.45  -0.13     1.62
  SINCE JUN 1      4.15                      3.48   0.67     3.31
  SINCE JAN 1      6.23                      6.15   0.08     5.44

SNOWFALL (IN)
  YESTERDAY        0.0           0.0    MM   0.0    0.0      0.0
  MONTH TO DATE    0.0                       0.0    0.0      0.0
  SINCE JUN 1      0.0                       0.0    0.0      0.0
  SINCE JUL 1      0.0                       0.0    0.0      0.0
  SNOW DEPTH       0

DEGREE DAYS
 HEATING
  YESTERDAY       20                        14      6        9
  MONTH TO DATE  250                       245      5      137
  SINCE JUN 1    890                      1150   -260      794
  SINCE JUL 1    479                       570    -91      390

 COOLING
  YESTERDAY        0                         0      0        0
  MONTH TO DATE    0                         0      0        0
  SINCE JUN 1      1                         4     -3        5
  SINCE JAN 1      1                         4     -3        5
..................................................................


WIND (MPH)
  HIGHEST GUST SPEED    21   HIGHEST GUST DIRECTION     W (280)


SKY COVER
  AVERAGE SKY COVER 0.0


WEATHER CONDITIONS
 THE FOLLOWING WEATHER WAS RECORDED YESTERDAY.
  HAZE


RELATIVE HUMIDITY (PERCENT)
 HIGHEST    92
 LOWEST     71
 AVERAGE    82

..........................................................


THE KOTZEBUE AK CLIMATE NORMALS FOR TODAY
                         NORMAL    RECORD    YEAR
 MAXIMUM TEMPERATURE (F)   55        73      2004
 MINIMUM TEMPERATURE (F)   46        26      1902


SUNRISE AND SUNSET
AUGUST 21 2017........SUNRISE   645 AM AKDT  SUNSET  1100 PM AKDT
AUGUST 22 2017........SUNRISE   649 AM AKDT  SUNSET  1056 PM AKDT

-  INDICATES NEGATIVE NUMBERS.
R  INDICATES RECORD WAS SET OR TIED.
MM INDICATES DATA IS MISSING.
T  INDICATES TRACE AMOUNT.

&&

SNOW DEPTH IS MEASURED AT 3AM AKST/4AM AKDT.

----------------------------
AVAILABLE DAYLIGHT

AMOUNT OF DAYLIGHT TODAY  (HOUR:MIN)........16:14
GAIN/LOSS SINCE YESTERDAY (HOUR:MIN:SEC)....-0:07:46

$$
SDB AUG 17
