000
CDUS43 KDDC 291426
CLIP28


CLIMATE REPORT
NATIONAL WEATHER SERVICE DODGE CITY KS
925 AM CDT FRI MAY 29 2015


...................................

...THE MEDICINE LODGE KS CLIMATE SUMMARY FOR MAY 29 2015...
VALID AS OF 0800 AM LOCAL TIME.

CLIMATE NORMAL PERIOD 1981 TO 2010
CLIMATE RECORD PERIOD 1893 TO 2015


WEATHER ITEM   OBSERVED TIME   RECORD YEAR NORMAL DEPARTURE LAST
                VALUE   (LST)  VALUE       VALUE  FROM      YEAR
                                                  NORMAL
..................................................................
TEMPERATURE (F)
 TODAY
  MAXIMUM         65    759 AM 104    1913  83    -18       93
  MINIMUM         57    505 AM  38    1984  60     -3       62
  AVERAGE         61                        72    -11       78

PRECIPITATION (IN)
  TODAY            0.00          2.65 1918   0.13  -0.13     0.00
  MONTH TO DATE    6.79                      3.01   3.78     0.82
  SINCE MAR 1     10.65                      7.70   2.95     1.94
  SINCE JAN 1     11.96                      9.45   2.51     2.89

..................................................................


WIND (MPH)
  HIGHEST WIND SPEED    10   HIGHEST WIND DIRECTION    NE (60)
  HIGHEST GUST SPEED    14   HIGHEST GUST DIRECTION     E (80)



WEATHER CONDITIONS
 THE FOLLOWING WEATHER WAS RECORDED TODAY.
  NO SIGNIFICANT WEATHER WAS OBSERVED.


RELATIVE HUMIDITY (PERCENT)
 HIGHEST   100

..........................................................


THE MEDICINE LODGE KS CLIMATE NORMALS FOR TOMORROW
                         NORMAL    RECORD    YEAR
 MAXIMUM TEMPERATURE (F)   84       103      1913
 MINIMUM TEMPERATURE (F)   60        42      1947


SUNRISE AND SUNSET
MAY 29 2015...........SUNRISE   617 AM CDT   SUNSET   847 PM CDT
MAY 30 2015...........SUNRISE   616 AM CDT   SUNSET   848 PM CDT


-  INDICATES NEGATIVE NUMBERS.
R  INDICATES RECORD WAS SET OR TIED.
MM INDICATES DATA IS MISSING.
T  INDICATES TRACE AMOUNT.




$$
