000
CDUS43 KDDC 230707
CLIP28


CLIMATE REPORT
NATIONAL WEATHER SERVICE DODGE CITY KS
206 AM CDT SAT JUL 23 2016


...................................

...THE MEDICINE LODGE KS CLIMATE SUMMARY FOR JULY 22 2016...

CLIMATE NORMAL PERIOD 1981 TO 2010
CLIMATE RECORD PERIOD 1893 TO 2016


WEATHER ITEM   OBSERVED TIME   RECORD YEAR NORMAL DEPARTURE LAST
                VALUE   (LST)  VALUE       VALUE  FROM      YEAR
                                                  NORMAL
..................................................................
TEMPERATURE (F)
 YESTERDAY
  MAXIMUM        106    318 PM 110    1954  95     11       86
  MINIMUM         75    638 AM  52    1970  70      5       69
  AVERAGE         91                        83      8       78

PRECIPITATION (IN)
  YESTERDAY        0.00          1.40 1995   0.11  -0.11     0.12
  MONTH TO DATE    1.56                      2.54  -0.98     8.30
  SINCE JUN 1      3.46                      6.65  -3.19    10.56
  SINCE JAN 1     12.24                     16.39  -4.15    22.52

SNOWFALL (IN)
  YESTERDAY        0.0          MM      MM   0.0             0.0
  MONTH TO DATE    0.0                       0.0             0.0
  SINCE JUN 1      0.0                       0.0             0.0
  SINCE JUL 1      0.0                       0.0             0.0
  SNOW DEPTH      MM

DEGREE DAYS
 HEATING
  YESTERDAY        0                         0      0        0
  MONTH TO DATE    0                         0      0        0
  SINCE JUN 1      0                         3     -3        0
  SINCE JUL 1      0                         0      0        0

 COOLING
  YESTERDAY       26                        18      8       13
  MONTH TO DATE  408                       370     38      364
  SINCE JUN 1    867                       723    144      796
  SINCE JAN 1   1004                       879    125      903
..................................................................


WIND (MPH)
  HIGHEST WIND SPEED    18   HIGHEST WIND DIRECTION     S (200)
  HIGHEST GUST SPEED    25   HIGHEST GUST DIRECTION     S (170)
  AVERAGE WIND SPEED     9.5




RELATIVE HUMIDITY (PERCENT)
 HIGHEST    40          1100 PM
 LOWEST     20           300 PM
 AVERAGE    30

..........................................................


THE MEDICINE LODGE KS CLIMATE NORMALS FOR TODAY
                         NORMAL    RECORD    YEAR
 MAXIMUM TEMPERATURE (F)   95       113      1936
 MINIMUM TEMPERATURE (F)   70        51      1970


SUNRISE AND SUNSET
JULY 23 2016..........SUNRISE   632 AM CDT   SUNSET   849 PM CDT
JULY 24 2016..........SUNRISE   633 AM CDT   SUNSET   848 PM CDT


-  INDICATES NEGATIVE NUMBERS.
R  INDICATES RECORD WAS SET OR TIED.
MM INDICATES DATA IS MISSING.
T  INDICATES TRACE AMOUNT.




$$
