000
CDUS43 KDDC 271429
CLIP28


CLIMATE REPORT
NATIONAL WEATHER SERVICE DODGE CITY KS
829 AM CST FRI FEB 27 2015


...................................

...THE MEDICINE LODGE KS CLIMATE SUMMARY FOR FEBRUARY 27 2015...
VALID AS OF 0800 AM LOCAL TIME.

CLIMATE NORMAL PERIOD 1981 TO 2010
CLIMATE RECORD PERIOD 1893 TO 2015


WEATHER ITEM   OBSERVED TIME   RECORD YEAR NORMAL DEPARTURE LAST
                VALUE   (LST)  VALUE       VALUE  FROM      YEAR
                                                  NORMAL
..................................................................
TEMPERATURE (F)
 TODAY
  MAXIMUM         17   1244 AM  83    1932  54    -37       50
  MINIMUM         13    759 AM   3    1912  29    -16       14
  AVERAGE         15                        42    -27       32

PRECIPITATION (IN)
  TODAY            0.00          2.90 1948   0.05  -0.05     0.00
  MONTH TO DATE    0.25                      0.99  -0.74     0.80
  SINCE DEC 1      2.33                      2.62  -0.29     1.46
  SINCE JAN 1      1.01                      1.70  -0.69     0.95

..................................................................


WIND (MPH)
  HIGHEST WIND SPEED    14   HIGHEST WIND DIRECTION     E (70)
  HIGHEST GUST SPEED    16   HIGHEST GUST DIRECTION     E (80)



WEATHER CONDITIONS
 THE FOLLOWING WEATHER WAS RECORDED TODAY.
  NO SIGNIFICANT WEATHER WAS OBSERVED.


RELATIVE HUMIDITY (PERCENT)
 HIGHEST    61

..........................................................


THE MEDICINE LODGE KS CLIMATE NORMALS FOR TOMORROW
                         NORMAL    RECORD    YEAR
 MAXIMUM TEMPERATURE (F)   54        79      2006
                                             1972
 MINIMUM TEMPERATURE (F)   30         3      1962


SUNRISE AND SUNSET
FEBRUARY 27 2015......SUNRISE   708 AM CST   SUNSET   626 PM CST
FEBRUARY 28 2015......SUNRISE   707 AM CST   SUNSET   627 PM CST


-  INDICATES NEGATIVE NUMBERS.
R  INDICATES RECORD WAS SET OR TIED.
MM INDICATES DATA IS MISSING.
T  INDICATES TRACE AMOUNT.




$$
