000
CDUS43 KDDC 162326
CLIP28


CLIMATE REPORT
NATIONAL WEATHER SERVICE DODGE CITY KS
525 PM CST TUE JAN 16 2018


...................................

...THE MEDICINE LODGE KS CLIMATE SUMMARY FOR JANUARY 16 2018...
VALID TODAY AS OF 0500 PM LOCAL TIME.

CLIMATE NORMAL PERIOD 1981 TO 2010
CLIMATE RECORD PERIOD 1893 TO 2018


WEATHER ITEM   OBSERVED TIME   RECORD YEAR NORMAL DEPARTURE LAST
                VALUE   (LST)  VALUE       VALUE  FROM      YEAR
                                                  NORMAL
..................................................................
TEMPERATURE (F)
 TODAY
  MAXIMUM         10   1100 AM  74    1951  45    -35       38
  MINIMUM          0        MM  -3    1984  21    -21       32
  AVERAGE          5                        33    -28       35

PRECIPITATION (IN)
  TODAY            0.00          0.53 2017   0.02  -0.02     0.53
  MONTH TO DATE    0.08                      0.29  -0.21     3.45
  SINCE DEC 1      0.08                      1.21  -1.13     4.15
  SINCE JAN 1      0.08                      0.29  -0.21     3.45

DEGREE DAYS
 HEATING
  TODAY           60                        32     28       30
  MONTH TO DATE  582                       512     70      544
  SINCE DEC 1   1484                      1453     31     1565
  SINCE JUL 1   2244                      2311    -67     2101

 COOLING
  TODAY            0                         0      0        0
  MONTH TO DATE    0                         0      0        0
  SINCE DEC 1      0                         0      0        0
  SINCE JAN 1      0                         0      0        0
..................................................................


WIND (MPH)
  HIGHEST WIND SPEED    18   HIGHEST WIND DIRECTION     N (340)
  HIGHEST GUST SPEED    25   HIGHEST GUST DIRECTION     N (340)
  AVERAGE WIND SPEED     8.6




RELATIVE HUMIDITY (PERCENT)
 HIGHEST    87           100 AM
 LOWEST     58          1100 AM
 AVERAGE    73

..........................................................


THE MEDICINE LODGE KS CLIMATE NORMALS FOR TOMORROW
                         NORMAL    RECORD    YEAR
 MAXIMUM TEMPERATURE (F)   45        79      1923
 MINIMUM TEMPERATURE (F)   21        -6      1978


SUNRISE AND SUNSET
JANUARY 16 2018.......SUNRISE   747 AM CST   SUNSET   542 PM CST
JANUARY 17 2018.......SUNRISE   747 AM CST   SUNSET   543 PM CST


-  INDICATES NEGATIVE NUMBERS.
R  INDICATES RECORD WAS SET OR TIED.
MM INDICATES DATA IS MISSING.
T  INDICATES TRACE AMOUNT.




$$
