000
CDUS43 KDDC 300707
CLIP28


CLIMATE REPORT
NATIONAL WEATHER SERVICE DODGE CITY KS
206 AM CDT MON MAY 30 2016


...................................

...THE MEDICINE LODGE KS CLIMATE SUMMARY FOR MAY 29 2016...

CLIMATE NORMAL PERIOD 1981 TO 2010
CLIMATE RECORD PERIOD 1893 TO 2016


WEATHER ITEM   OBSERVED TIME   RECORD YEAR NORMAL DEPARTURE LAST
                VALUE   (LST)  VALUE       VALUE  FROM      YEAR
                                                  NORMAL
..................................................................
TEMPERATURE (F)
 YESTERDAY
  MAXIMUM         84    335 PM 104    1913  83      1       82
  MINIMUM         57    430 AM  38    1984  60     -3       57
  AVERAGE         71                        72     -1       70

PRECIPITATION (IN)
  YESTERDAY        0.00          2.65 1918   0.13  -0.13     0.00
  MONTH TO DATE    1.84                      3.01  -1.17     6.79
  SINCE MAR 1      7.45                      7.70  -0.25    10.65
  SINCE JAN 1      8.34                      9.45  -1.11    11.96

SNOWFALL (IN)
  YESTERDAY        0.0          MM      MM   0.0             0.0
  MONTH TO DATE    0.0                       0.0             0.0
  SINCE MAR 1      1.0                       0.1             0.3
  SINCE JUL 1      2.0                       8.5            13.2
  SNOW DEPTH       0

DEGREE DAYS
 HEATING
  YESTERDAY        0                         1     -1        0
  MONTH TO DATE  109                        71     38      103
  SINCE MAR 1    712                       927   -215      746
  SINCE JUL 1   3601                      4456   -855     4320

 COOLING
  YESTERDAY        6                         7     -1        5
  MONTH TO DATE   90                       118    -28       75
  SINCE MAR 1    126                       142    -16      107
  SINCE JAN 1    126                       142    -16      107
..................................................................


WIND (MPH)
  HIGHEST WIND SPEED    15   HIGHEST WIND DIRECTION    SW (220)
  HIGHEST GUST SPEED    18   HIGHEST GUST DIRECTION    SW (230)
  AVERAGE WIND SPEED     4.4




RELATIVE HUMIDITY (PERCENT)
 HIGHEST    86           400 AM
 LOWEST     33           300 PM
 AVERAGE    60

..........................................................


THE MEDICINE LODGE KS CLIMATE NORMALS FOR TODAY
                         NORMAL    RECORD    YEAR
 MAXIMUM TEMPERATURE (F)   84       103      1913
 MINIMUM TEMPERATURE (F)   60        42      1947


SUNRISE AND SUNSET
MAY 30 2016...........SUNRISE   616 AM CDT   SUNSET   848 PM CDT
MAY 31 2016...........SUNRISE   616 AM CDT   SUNSET   849 PM CDT


-  INDICATES NEGATIVE NUMBERS.
R  INDICATES RECORD WAS SET OR TIED.
MM INDICATES DATA IS MISSING.
T  INDICATES TRACE AMOUNT.




$$
