000
CDUS43 KDDC 112326
CLIP28


CLIMATE REPORT
NATIONAL WEATHER SERVICE DODGE CITY KS
625 PM CDT FRI JUL 11 2014


...................................

...THE MEDICINE LODGE KS CLIMATE SUMMARY FOR JULY 11 2014...
VALID TODAY AS OF 0500 PM LOCAL TIME.

CLIMATE NORMAL PERIOD 1981 TO 2010
CLIMATE RECORD PERIOD 1893 TO 2014


WEATHER ITEM   OBSERVED TIME   RECORD YEAR NORMAL DEPARTURE LAST
                VALUE   (LST)  VALUE       VALUE  FROM      YEAR
                                                  NORMAL
..................................................................
TEMPERATURE (F)
 TODAY
  MAXIMUM         96    159 PM 111    1954  95      1       94
  MINIMUM         68    533 AM  57    1959  69     -1       77
  AVERAGE         82                        82      0       86

PRECIPITATION (IN)
  TODAY            0.00          2.22 1910   0.10  -0.10     0.00
  MONTH TO DATE    1.74                      1.29   0.45     0.16
  SINCE JUN 1      9.63                      5.40   4.23     2.38
  SINCE JAN 1     12.52                     15.14  -2.62    12.73

DEGREE DAYS
 HEATING
  TODAY            0                         0      0        0
  MONTH TO DATE    0                         0      0        0
  SINCE JUN 1      0                         3     -3        4
  SINCE JUL 1      0                         0      0        0

 COOLING
  TODAY           17                        17      0       21
  MONTH TO DATE  135                       179    -44      180
  SINCE JUN 1    477                       532    -55      584
  SINCE JAN 1    746                       688     58      727
..................................................................


WIND (MPH)
  HIGHEST WIND SPEED    22   HIGHEST WIND DIRECTION     S (180)
  HIGHEST GUST SPEED    27   HIGHEST GUST DIRECTION     S (170)
  AVERAGE WIND SPEED    10.5




RELATIVE HUMIDITY (PERCENT)
 HIGHEST   100           200 AM
 LOWEST     31           400 PM
 AVERAGE    66

..........................................................


THE MEDICINE LODGE KS CLIMATE NORMALS FOR TOMORROW
                         NORMAL    RECORD    YEAR
 MAXIMUM TEMPERATURE (F)   95       110      1954
 MINIMUM TEMPERATURE (F)   70        50      1975


SUNRISE AND SUNSET
JULY 11 2014..........SUNRISE   623 AM CDT   SUNSET   856 PM CDT
JULY 12 2014..........SUNRISE   624 AM CDT   SUNSET   856 PM CDT


-  INDICATES NEGATIVE NUMBERS.
R  INDICATES RECORD WAS SET OR TIED.
MM INDICATES DATA IS MISSING.
T  INDICATES TRACE AMOUNT.




$$
