119
CDUS43 KDDC 211427
CLIP28


CLIMATE REPORT
NATIONAL WEATHER SERVICE DODGE CITY KS
927 AM CDT MON AUG 21 2017


...................................

...THE MEDICINE LODGE KS CLIMATE SUMMARY FOR AUGUST 21 2017...
VALID AS OF 0800 AM LOCAL TIME.

CLIMATE NORMAL PERIOD 1981 TO 2010
CLIMATE RECORD PERIOD 1893 TO 2017


WEATHER ITEM   OBSERVED TIME   RECORD YEAR NORMAL DEPARTURE LAST
                VALUE   (LST)  VALUE       VALUE  FROM      YEAR
                                                  NORMAL
..................................................................
TEMPERATURE (F)
 TODAY
  MAXIMUM         77   1204 AM 109    1896  92    -15       85
                                      1922
  MINIMUM         69    539 AM  49    1950  67      2       51
  AVERAGE         73                        80     -7       68

PRECIPITATION (IN)
  TODAY            0.09          1.14 2006   0.11  -0.02     0.00
  MONTH TO DATE    3.61                      2.04   1.57     4.63
  SINCE JUN 1      6.58                      9.53  -2.95     9.12
  SINCE JAN 1     22.13                     19.27   2.86    17.90

..................................................................


WIND (MPH)
  HIGHEST WIND SPEED    20   HIGHEST WIND DIRECTION     W (250)
  HIGHEST GUST SPEED    26   HIGHEST GUST DIRECTION     W (280)



WEATHER CONDITIONS
 THE FOLLOWING WEATHER WAS RECORDED TODAY.
  THUNDERSTORM
  LIGHT RAIN


RELATIVE HUMIDITY (PERCENT)
 HIGHEST    90           400 AM
 LOWEST     64          1200 AM

..........................................................


THE MEDICINE LODGE KS CLIMATE NORMALS FOR TOMORROW
                         NORMAL    RECORD    YEAR
 MAXIMUM TEMPERATURE (F)   92       108      1922
 MINIMUM TEMPERATURE (F)   67        52      1896


SUNRISE AND SUNSET
AUGUST 21 2017........SUNRISE   656 AM CDT   SUNSET   818 PM CDT
AUGUST 22 2017........SUNRISE   657 AM CDT   SUNSET   817 PM CDT


-  INDICATES NEGATIVE NUMBERS.
R  INDICATES RECORD WAS SET OR TIED.
MM INDICATES DATA IS MISSING.
T  INDICATES TRACE AMOUNT.




$$
