239
CDUS43 KDDC 042327
CLIP28


CLIMATE REPORT
NATIONAL WEATHER SERVICE DODGE CITY KS
526 PM CST SUN DEC 4 2016


...................................

...THE MEDICINE LODGE KS CLIMATE SUMMARY FOR DECEMBER 4 2016...
VALID TODAY AS OF 0500 PM LOCAL TIME.

CLIMATE NORMAL PERIOD 1981 TO 2010
CLIMATE RECORD PERIOD 1893 TO 2016


WEATHER ITEM   OBSERVED TIME   RECORD YEAR NORMAL DEPARTURE LAST
                VALUE   (LST)  VALUE       VALUE  FROM      YEAR
                                                  NORMAL
..................................................................
TEMPERATURE (F)
 TODAY
  MAXIMUM         56    320 PM  76    1965  49      7       59
  MINIMUM         35    937 AM   9    1902  25     10       25
  AVERAGE         46                        37      9       42

PRECIPITATION (IN)
  TODAY            0.13          1.85 1944   0.03   0.10     0.00
  MONTH TO DATE    0.27                      0.11   0.16     0.00
  SINCE DEC 1      0.27                      0.11   0.16     0.00
  SINCE JAN 1     29.91                     26.33   3.58    31.83

DEGREE DAYS
 HEATING
  TODAY           19                        28     -9       23
  MONTH TO DATE  100                       109     -9      103
  SINCE DEC 1    100                       109     -9      103
  SINCE JUL 1    636                       967   -331      698

 COOLING
  TODAY            0                         0      0        0
  MONTH TO DATE    0                         0      0        0
  SINCE DEC 1      0                         0      0        0
  SINCE JAN 1   1937                      1770    167     1867
..................................................................


WIND (MPH)
  HIGHEST WIND SPEED    13   HIGHEST WIND DIRECTION    NW (320)
  HIGHEST GUST SPEED    16   HIGHEST GUST DIRECTION    NW (310)
  AVERAGE WIND SPEED     5.0




RELATIVE HUMIDITY (PERCENT)
 HIGHEST   100          1200 AM
 LOWEST     27           300 PM
 AVERAGE    64

..........................................................


THE MEDICINE LODGE KS CLIMATE NORMALS FOR TOMORROW
                         NORMAL    RECORD    YEAR
 MAXIMUM TEMPERATURE (F)   49        75      1989
 MINIMUM TEMPERATURE (F)   25         2      1964


SUNRISE AND SUNSET
DECEMBER  4 2016......SUNRISE   733 AM CST   SUNSET   517 PM CST
DECEMBER  5 2016......SUNRISE   734 AM CST   SUNSET   516 PM CST


-  INDICATES NEGATIVE NUMBERS.
R  INDICATES RECORD WAS SET OR TIED.
MM INDICATES DATA IS MISSING.
T  INDICATES TRACE AMOUNT.




$$
