000
CDUS43 KDDC 262326
CLIP28


CLIMATE REPORT
NATIONAL WEATHER SERVICE DODGE CITY KS
626 PM CDT MON JUN 26 2017


...................................

...THE MEDICINE LODGE KS CLIMATE SUMMARY FOR JUNE 26 2017...
VALID TODAY AS OF 0500 PM LOCAL TIME.

CLIMATE NORMAL PERIOD 1981 TO 2010
CLIMATE RECORD PERIOD 1893 TO 2017


WEATHER ITEM   OBSERVED TIME   RECORD YEAR NORMAL DEPARTURE LAST
                VALUE   (LST)  VALUE       VALUE  FROM      YEAR
                                                  NORMAL
..................................................................
TEMPERATURE (F)
 TODAY
  MAXIMUM         88    304 PM 111    2011  92     -4       92
  MINIMUM         58    531 AM  48    1958  67     -9       71
  AVERAGE         73                        80     -7       82

PRECIPITATION (IN)
  TODAY            0.00          1.46 1896   0.13  -0.13     0.00
  MONTH TO DATE    1.76                      3.71  -1.95     1.76
  SINCE JUN 1      1.76                      3.71  -1.95     1.76
  SINCE JAN 1     17.31                     13.45   3.86    10.54

DEGREE DAYS
 HEATING
  TODAY            0                         0      0        0
  MONTH TO DATE    0                         0      0        0
  SINCE JUN 1      0                         0      0        0
  SINCE JUL 1   3711                      4455   -744     3601

 COOLING
  TODAY            8                        14     -6       17
  MONTH TO DATE  310                       292     18      396
  SINCE JUN 1    310                       292     18      396
  SINCE JAN 1    408                       448    -40      533
..................................................................


WIND (MPH)
  HIGHEST WIND SPEED    12   HIGHEST WIND DIRECTION    SW (240)
  HIGHEST GUST SPEED    16   HIGHEST GUST DIRECTION    SW (210)
  AVERAGE WIND SPEED     5.1




RELATIVE HUMIDITY (PERCENT)
 HIGHEST    86           500 AM
 LOWEST     39           300 PM
 AVERAGE    63

..........................................................


THE MEDICINE LODGE KS CLIMATE NORMALS FOR TOMORROW
                         NORMAL    RECORD    YEAR
 MAXIMUM TEMPERATURE (F)   92       109      2013
                                             2012
 MINIMUM TEMPERATURE (F)   67        50      1968


SUNRISE AND SUNSET
JUNE 26 2017..........SUNRISE   616 AM CDT   SUNSET   859 PM CDT
JUNE 27 2017..........SUNRISE   616 AM CDT   SUNSET   859 PM CDT


-  INDICATES NEGATIVE NUMBERS.
R  INDICATES RECORD WAS SET OR TIED.
MM INDICATES DATA IS MISSING.
T  INDICATES TRACE AMOUNT.




$$
