313
CDUS43 KDDC 232327
CLIP28


CLIMATE REPORT
NATIONAL WEATHER SERVICE DODGE CITY KS
626 PM CDT MON OCT 23 2017


...................................

...THE MEDICINE LODGE KS CLIMATE SUMMARY FOR OCTOBER 23 2017...
VALID TODAY AS OF 0500 PM LOCAL TIME.

CLIMATE NORMAL PERIOD 1981 TO 2010
CLIMATE RECORD PERIOD 1893 TO 2017


WEATHER ITEM   OBSERVED TIME   RECORD YEAR NORMAL DEPARTURE LAST
                VALUE   (LST)  VALUE       VALUE  FROM      YEAR
                                                  NORMAL
..................................................................
TEMPERATURE (F)
 TODAY
  MAXIMUM         72    247 PM  93    1939  68      4       81
  MINIMUM         38    601 AM  21    1938  43     -5       47
  AVERAGE         55                        56     -1       64

PRECIPITATION (IN)
  TODAY            0.00          1.15 1943   0.08  -0.08     0.00
  MONTH TO DATE    1.09                      2.21  -1.12     1.28
  SINCE SEP 1      7.04                      4.31   2.73     8.46
  SINCE JAN 1     29.17                     24.66   4.51    28.89

DEGREE DAYS
 HEATING
  TODAY           10                        10      0        1
  MONTH TO DATE   88                       147    -59       85
  SINCE SEP 1    100                       181    -81      107
  SINCE JUL 1    100                       181    -81      107

 COOLING
  TODAY            0                         0      0        0
  MONTH TO DATE   55                        37     18       56
  SINCE SEP 1    296                       257     39      311
  SINCE JAN 1   1655                      1768   -113     1911
..................................................................


WIND (MPH)
  HIGHEST WIND SPEED    29   HIGHEST WIND DIRECTION     N (360)
  HIGHEST GUST SPEED    43   HIGHEST GUST DIRECTION     N (350)
  AVERAGE WIND SPEED    12.9




RELATIVE HUMIDITY (PERCENT)
 HIGHEST    92           600 AM
 LOWEST     15           300 PM
 AVERAGE    54

..........................................................


THE MEDICINE LODGE KS CLIMATE NORMALS FOR TOMORROW
                         NORMAL    RECORD    YEAR
 MAXIMUM TEMPERATURE (F)   68        95      1939
 MINIMUM TEMPERATURE (F)   43        23      1938


SUNRISE AND SUNSET
OCTOBER 23 2017.......SUNRISE   750 AM CDT   SUNSET   646 PM CDT
OCTOBER 24 2017.......SUNRISE   751 AM CDT   SUNSET   645 PM CDT


-  INDICATES NEGATIVE NUMBERS.
R  INDICATES RECORD WAS SET OR TIED.
MM INDICATES DATA IS MISSING.
T  INDICATES TRACE AMOUNT.




$$
