757
CDUS43 KDDC 051426
CLIP28


CLIMATE REPORT
NATIONAL WEATHER SERVICE DODGE CITY KS
925 AM CDT THU MAY 5 2016


...................................

...THE MEDICINE LODGE KS CLIMATE SUMMARY FOR MAY 5 2016...
VALID AS OF 0800 AM LOCAL TIME.

CLIMATE NORMAL PERIOD 1981 TO 2010
CLIMATE RECORD PERIOD 1893 TO 2016


WEATHER ITEM   OBSERVED TIME   RECORD YEAR NORMAL DEPARTURE LAST
                VALUE   (LST)  VALUE       VALUE  FROM      YEAR
                                                  NORMAL
..................................................................
TEMPERATURE (F)
 TODAY
  MAXIMUM         59    759 AM 102    1940  75    -16       72
  MINIMUM         42    553 AM  34    1979  51     -9       61
  AVERAGE         51                        63    -12       67

PRECIPITATION (IN)
  TODAY            0.00          1.84 1913   0.10  -0.10     0.50
  MONTH TO DATE    0.00                      0.52  -0.52     0.50
  SINCE MAR 1      5.61                      5.21   0.40     4.36
  SINCE JAN 1      6.50                      6.96  -0.46     5.67

..................................................................


WIND (MPH)
  HIGHEST WIND SPEED     6   HIGHEST WIND DIRECTION     N (340)
  HIGHEST GUST SPEED     6   HIGHEST GUST DIRECTION     W (280)



WEATHER CONDITIONS
 THE FOLLOWING WEATHER WAS RECORDED TODAY.
  NO SIGNIFICANT WEATHER WAS OBSERVED.


RELATIVE HUMIDITY (PERCENT)
 HIGHEST    93           100 AM
 LOWEST     72           800 AM

..........................................................


THE MEDICINE LODGE KS CLIMATE NORMALS FOR TOMORROW
                         NORMAL    RECORD    YEAR
 MAXIMUM TEMPERATURE (F)   76       103      2014
 MINIMUM TEMPERATURE (F)   51        31      1944


SUNRISE AND SUNSET
MAY  5 2016...........SUNRISE   635 AM CDT   SUNSET   828 PM CDT
MAY  6 2016...........SUNRISE   633 AM CDT   SUNSET   829 PM CDT


-  INDICATES NEGATIVE NUMBERS.
R  INDICATES RECORD WAS SET OR TIED.
MM INDICATES DATA IS MISSING.
T  INDICATES TRACE AMOUNT.




$$
