000
CDUS43 KDDC 232326
CLIP28


CLIMATE REPORT
NATIONAL WEATHER SERVICE DODGE CITY KS
625 PM CDT TUE MAY 23 2017


...................................

...THE MEDICINE LODGE KS CLIMATE SUMMARY FOR MAY 23 2017...
VALID TODAY AS OF 0500 PM LOCAL TIME.

CLIMATE NORMAL PERIOD 1981 TO 2010
CLIMATE RECORD PERIOD 1893 TO 2017


WEATHER ITEM   OBSERVED TIME   RECORD YEAR NORMAL DEPARTURE LAST
                VALUE   (LST)  VALUE       VALUE  FROM      YEAR
                                                  NORMAL
..................................................................
TEMPERATURE (F)
 TODAY
  MAXIMUM         70    112 PM 102    1939  82    -12       79
  MINIMUM         51    654 AM  38    1917  58     -7       65
  AVERAGE         61                        70     -9       72

PRECIPITATION (IN)
  TODAY            0.00          2.22 1977   0.11  -0.11     0.00
  MONTH TO DATE    4.93                      2.33   2.60     1.60
  SINCE MAR 1     11.38                      7.02   4.36     7.21
  SINCE JAN 1     15.30                      8.77   6.53     8.10

DEGREE DAYS
 HEATING
  TODAY            4                         1      3        0
  MONTH TO DATE   26                        65    -39      109
  SINCE MAR 1    699                       921   -222      712
  SINCE JUL 1   3700                      4450   -750     3601

 COOLING
  TODAY            0                         6     -6        7
  MONTH TO DATE   12                        79    -67       37
  SINCE MAR 1     52                       103    -51       73
  SINCE JAN 1     52                       103    -51       73
..................................................................


WIND (MPH)
  HIGHEST WIND SPEED    23   HIGHEST WIND DIRECTION     N (350)
  HIGHEST GUST SPEED    29   HIGHEST GUST DIRECTION     N (340)
  AVERAGE WIND SPEED    14.0




RELATIVE HUMIDITY (PERCENT)
 HIGHEST    93          1200 AM
 LOWEST     37           100 PM
 AVERAGE    65

..........................................................


THE MEDICINE LODGE KS CLIMATE NORMALS FOR TOMORROW
                         NORMAL    RECORD    YEAR
 MAXIMUM TEMPERATURE (F)   82       103      1896
                                             1996
 MINIMUM TEMPERATURE (F)   58        41      1979


SUNRISE AND SUNSET
MAY 23 2017...........SUNRISE   620 AM CDT   SUNSET   843 PM CDT
MAY 24 2017...........SUNRISE   619 AM CDT   SUNSET   844 PM CDT


-  INDICATES NEGATIVE NUMBERS.
R  INDICATES RECORD WAS SET OR TIED.
MM INDICATES DATA IS MISSING.
T  INDICATES TRACE AMOUNT.




$$
