000
CDUS43 KDDC 051006
CLIP28


CLIMATE REPORT
NATIONAL WEATHER SERVICE DODGE CITY KS
506 AM CDT SAT SEP 5 2015


...................................

...THE MEDICINE LODGE KS CLIMATE SUMMARY FOR SEPTEMBER 4 2015...

CLIMATE NORMAL PERIOD 1981 TO 2010
CLIMATE RECORD PERIOD 1893 TO 2015


WEATHER ITEM   OBSERVED TIME   RECORD YEAR NORMAL DEPARTURE LAST
                VALUE   (LST)  VALUE       VALUE  FROM      YEAR
                                                  NORMAL
..................................................................
TEMPERATURE (F)
 YESTERDAY
  MAXIMUM         97    359 PM 107    1945  88      9       97
  MINIMUM         71    520 AM  40    1904  63      8       73
  AVERAGE         84                        76      8       85

PRECIPITATION (IN)
  YESTERDAY        0.00          2.50 1949   0.09  -0.09     0.00
  MONTH TO DATE    0.00                      0.34  -0.34     0.36
  SINCE SEP 1      0.00                      0.34  -0.34     0.36
  SINCE JAN 1     26.17                     20.69   5.48    17.87

SNOWFALL (IN)
  YESTERDAY        0.0          MM      MM   0.0             0.0
  MONTH TO DATE    0.0                       0.0             0.0
  SINCE SEP 1      0.0                       0.0             0.0
  SINCE JUL 1      0.0                       0.0             0.0
  SNOW DEPTH       0

DEGREE DAYS
 HEATING
  YESTERDAY        0                         0      0        0
  MONTH TO DATE    0                         0      0        0
  SINCE SEP 1      0                         0      0        0
  SINCE JUL 1      0                         0      0        5

 COOLING
  YESTERDAY       19                        11      8       20
  MONTH TO DATE   77                        45     32       64
  SINCE SEP 1     77                        45     32       64
  SINCE JAN 1   1556                      1556      0     1548
..................................................................


WIND (MPH)
  HIGHEST WIND SPEED    20   HIGHEST WIND DIRECTION     S (190)
  HIGHEST GUST SPEED    27   HIGHEST GUST DIRECTION     S (170)
  AVERAGE WIND SPEED     9.6




RELATIVE HUMIDITY (PERCENT)
 HIGHEST    73           500 AM
 LOWEST     31           500 PM
 AVERAGE    52

..........................................................


THE MEDICINE LODGE KS CLIMATE NORMALS FOR TODAY
                         NORMAL    RECORD    YEAR
 MAXIMUM TEMPERATURE (F)   88       106      1945
 MINIMUM TEMPERATURE (F)   63        45      1974


SUNRISE AND SUNSET
SEPTEMBER  5 2015.....SUNRISE   708 AM CDT   SUNSET   757 PM CDT
SEPTEMBER  6 2015.....SUNRISE   709 AM CDT   SUNSET   756 PM CDT


-  INDICATES NEGATIVE NUMBERS.
R  INDICATES RECORD WAS SET OR TIED.
MM INDICATES DATA IS MISSING.
T  INDICATES TRACE AMOUNT.




$$
