000
CDUS45 KRIW 300740
CLIP60


CLIMATE REPORT
NATIONAL WEATHER SERVICE RIVERTON WY
128 AM MDT SAT JUL 30 2016


...................................

...THE LAKE YELLOWSTONE WY CLIMATE SUMMARY FOR JULY 29 2016...

CLIMATE NORMAL PERIOD 1981 TO 2010
CLIMATE RECORD PERIOD 1998 TO 2016


WEATHER ITEM   OBSERVED TIME   RECORD YEAR NORMAL DEPARTURE LAST
                VALUE   (LST)  VALUE       VALUE  FROM      YEAR
                                                  NORMAL
..................................................................
TEMPERATURE (F)
 YESTERDAY
  MAXIMUM         80    410 PM  82    2006  74      6       69
  MINIMUM         41    556 AM  28    2015  41      0       28
  AVERAGE         61                        57      4       49

PRECIPITATION (IN)
  YESTERDAY        0.00          0.06 2014   0.05  -0.05     0.00
  MONTH TO DATE    0.91                      1.38  -0.47     1.13
  SINCE JUN 1      1.86                      3.38  -1.52     2.04
  SINCE JAN 1     10.92                     12.46  -1.54     9.78

DEGREE DAYS
 HEATING
  YESTERDAY        4                         8     -4       16
  MONTH TO DATE  301                       267     34      312
  SINCE JUN 1    669                       760    -91      638
  SINCE JUL 1    301                       267     34      312

 COOLING
  YESTERDAY        0                         0      0        0
  MONTH TO DATE    0                         0      0        0
  SINCE JUN 1      0                         0      0        1
  SINCE JAN 1      0                         0      0        1
..................................................................


WIND (MPH)
  HIGHEST WIND SPEED    12   HIGHEST WIND DIRECTION    NW (300)
  HIGHEST GUST SPEED    20   HIGHEST GUST DIRECTION     W (270)
  AVERAGE WIND SPEED     2.3


SKY COVER
  POSSIBLE SUNSHINE  MM
  AVERAGE SKY COVER 0.0


WEATHER CONDITIONS
 THE FOLLOWING WEATHER WAS RECORDED YESTERDAY.
  NO SIGNIFICANT WEATHER WAS OBSERVED.


RELATIVE HUMIDITY (PERCENT)
 HIGHEST    89           400 AM
 LOWEST     15           400 PM
 AVERAGE    52

..........................................................


THE LAKE YELLOWSTONE WY CLIMATE NORMALS FOR TODAY
                         NORMAL    RECORD    YEAR
 MAXIMUM TEMPERATURE (F)   74        82      2012
                                             2000
 MINIMUM TEMPERATURE (F)   41        29      2009


SUNRISE AND SUNSET
JULY 30 2016..........SUNRISE   607 AM MDT   SUNSET   849 PM MDT
JULY 31 2016..........SUNRISE   608 AM MDT   SUNSET   847 PM MDT


-  INDICATES NEGATIVE NUMBERS.
R  INDICATES RECORD WAS SET OR TIED.
MM INDICATES DATA IS MISSING.
T  INDICATES TRACE AMOUNT.




$$
