000
CDUS45 KRIW 280739
CLIP60


CLIMATE REPORT
NATIONAL WEATHER SERVICE RIVERTON WY
129 AM MDT FRI AUG 28 2015


...................................

...THE LAKE YELLOWSTONE WY CLIMATE SUMMARY FOR AUGUST 27 2015...

CLIMATE NORMAL PERIOD 1981 TO 2010
CLIMATE RECORD PERIOD 1998 TO 2015


WEATHER ITEM   OBSERVED TIME   RECORD YEAR NORMAL DEPARTURE LAST
                VALUE   (LST)  VALUE       VALUE  FROM      YEAR
                                                  NORMAL
..................................................................
TEMPERATURE (F)
 YESTERDAY
  MAXIMUM         64   1217 PM  79    2012  70     -6       68
                                      2011
  MINIMUM         38    611 AM  30    2008  37      1       33
  AVERAGE         51                        53     -2       51

PRECIPITATION (IN)
  YESTERDAY        0.26R         0.04 2011   0.06   0.20     0.00
  MONTH TO DATE    1.76                      1.29   0.47     2.72
  SINCE JUN 1      3.80                      4.76  -0.96     6.41
  SINCE JAN 1     11.54                     13.84  -2.30    21.55

DEGREE DAYS
 HEATING
  YESTERDAY       14                        12      2       14
  MONTH TO DATE  305                       254     51      336
  SINCE JUN 1    963                      1030    -67     1187
  SINCE JUL 1    637                       537    100      601

 COOLING
  YESTERDAY        0                         0      0        0
  MONTH TO DATE    0                         0      0        0
  SINCE JUN 1      1                         0      1        0
  SINCE JAN 1      1                         0      1        0
..................................................................


WIND (MPH)
  HIGHEST WIND SPEED     8   HIGHEST WIND DIRECTION     E (110)
  HIGHEST GUST SPEED    10   HIGHEST GUST DIRECTION     N (350)
  AVERAGE WIND SPEED     1.5


SKY COVER
  POSSIBLE SUNSHINE  MM
  AVERAGE SKY COVER 0.0


WEATHER CONDITIONS
 THE FOLLOWING WEATHER WAS RECORDED YESTERDAY.
  NO SIGNIFICANT WEATHER WAS OBSERVED.


RELATIVE HUMIDITY (PERCENT)
 HIGHEST    96          1000 PM
 LOWEST     64          1200 PM
 AVERAGE    80

..........................................................


THE LAKE YELLOWSTONE WY CLIMATE NORMALS FOR TODAY
                         NORMAL    RECORD    YEAR
 MAXIMUM TEMPERATURE (F)   70        82      2012
 MINIMUM TEMPERATURE (F)   36        28      2008


SUNRISE AND SUNSET
AUGUST 28 2015........SUNRISE   639 AM MDT   SUNSET   806 PM MDT
AUGUST 29 2015........SUNRISE   641 AM MDT   SUNSET   804 PM MDT


-  INDICATES NEGATIVE NUMBERS.
R  INDICATES RECORD WAS SET OR TIED.
MM INDICATES DATA IS MISSING.
T  INDICATES TRACE AMOUNT.




$$
