000
CDUS45 KRIW 030736
CLIP60


CLIMATE REPORT
NATIONAL WEATHER SERVICE RIVERTON WY
128 AM MDT WED JUN 3 2015


...................................

...THE LAKE YELLOWSTONE WY CLIMATE SUMMARY FOR JUNE 2 2015...

CLIMATE NORMAL PERIOD 1981 TO 2010
CLIMATE RECORD PERIOD 1998 TO 2015


WEATHER ITEM   OBSERVED TIME   RECORD YEAR NORMAL DEPARTURE LAST
                VALUE   (LST)  VALUE       VALUE  FROM      YEAR
                                                  NORMAL
..................................................................
TEMPERATURE (F)
 YESTERDAY
  MAXIMUM         60    431 PM  72    2006  57      3       62
  MINIMUM         30    505 AM  28    2004  32     -2       31
  AVERAGE         45                        44      1       47

PRECIPITATION (IN)
  YESTERDAY        0.00          1.13 2008   0.09  -0.09     0.07
  MONTH TO DATE    0.06                      0.17  -0.11     0.23
  SINCE JUN 1      0.06                      0.17  -0.11     0.23
  SINCE JAN 1      7.80                      9.25  -1.45    15.37

DEGREE DAYS
 HEATING
  YESTERDAY       20                        20      0       18
  MONTH TO DATE   34                        41     -7       43
  SINCE JUN 1     34                        41     -7       43
  SINCE JUL 1  10470                     11069   -599    11352

 COOLING
  YESTERDAY        0                         0      0        0
  MONTH TO DATE    0                         0      0        0
  SINCE JUN 1      0                         0      0        0
  SINCE JAN 1      0                         0      0        0
..................................................................


WIND (MPH)
  HIGHEST WIND SPEED    17   HIGHEST WIND DIRECTION     W (290)
  HIGHEST GUST SPEED    28   HIGHEST GUST DIRECTION     W (290)
  AVERAGE WIND SPEED     3.2


SKY COVER
  POSSIBLE SUNSHINE  MM
  AVERAGE SKY COVER 0.0


WEATHER CONDITIONS
 THE FOLLOWING WEATHER WAS RECORDED YESTERDAY.
  NO SIGNIFICANT WEATHER WAS OBSERVED.


RELATIVE HUMIDITY (PERCENT)
 HIGHEST   100           700 AM
 LOWEST     39           500 PM
 AVERAGE    70

..........................................................


THE LAKE YELLOWSTONE WY CLIMATE NORMALS FOR TODAY
                         NORMAL    RECORD    YEAR
 MAXIMUM TEMPERATURE (F)   57        70      2004
 MINIMUM TEMPERATURE (F)   32        26      2011


SUNRISE AND SUNSET
JUNE  3 2015..........SUNRISE   539 AM MDT   SUNSET   901 PM MDT
JUNE  4 2015..........SUNRISE   539 AM MDT   SUNSET   902 PM MDT


-  INDICATES NEGATIVE NUMBERS.
R  INDICATES RECORD WAS SET OR TIED.
MM INDICATES DATA IS MISSING.
T  INDICATES TRACE AMOUNT.




$$
