000
CDUS45 KRIW 250753
CLIP60


CLIMATE REPORT
NATIONAL WEATHER SERVICE RIVERTON WY
146 AM MDT SAT OCT 25 2014


...................................

...THE LAKE YELLOWSTONE WY CLIMATE SUMMARY FOR OCTOBER 24 2014...

CLIMATE NORMAL PERIOD 1981 TO 2010
CLIMATE RECORD PERIOD 1998 TO 2014


WEATHER ITEM   OBSERVED TIME   RECORD YEAR NORMAL DEPARTURE LAST
                VALUE   (LST)  VALUE       VALUE  FROM      YEAR
                                                  NORMAL
..................................................................
TEMPERATURE (F)
 YESTERDAY
  MAXIMUM         54    403 PM  57    2005  45      9       53
                                      1999
  MINIMUM         28   1159 PM  10    2012  21      7       22
                                      2004
  AVERAGE         41                        33      8       38

PRECIPITATION (IN)
  YESTERDAY        0.00          0.78 2010   0.06  -0.06     0.00
  MONTH TO DATE    0.40                      1.01  -0.61     1.33
  SINCE SEP 1      2.57                      2.31   0.26     5.41
  SINCE JAN 1     25.69                     16.38   9.31    17.58

DEGREE DAYS
 HEATING
  YESTERDAY       24                        32     -8       27
  MONTH TO DATE  607                       674    -67      784
  SINCE SEP 1   1145                      1222    -77     1313
  SINCE JUL 1   1807                      1809     -2     1737

 COOLING
  YESTERDAY        0                         0      0        0
  MONTH TO DATE    0                         0      0        0
  SINCE SEP 1      0                         0      0        0
  SINCE JAN 1      0                         0      0        0
..................................................................


WIND (MPH)
  HIGHEST WIND SPEED    16   HIGHEST WIND DIRECTION     W (260)
  HIGHEST GUST SPEED    29   HIGHEST GUST DIRECTION     W (270)
  AVERAGE WIND SPEED     3.8


SKY COVER
  POSSIBLE SUNSHINE  MM
  AVERAGE SKY COVER 0.0


WEATHER CONDITIONS
 THE FOLLOWING WEATHER WAS RECORDED YESTERDAY.
  NO SIGNIFICANT WEATHER WAS OBSERVED.


RELATIVE HUMIDITY (PERCENT)
 HIGHEST    85          1100 PM
 LOWEST     28           500 PM
 AVERAGE    57

..........................................................


THE LAKE YELLOWSTONE WY CLIMATE NORMALS FOR TODAY
                         NORMAL    RECORD    YEAR
 MAXIMUM TEMPERATURE (F)   44        59      2005
 MINIMUM TEMPERATURE (F)   21         6      2012


SUNRISE AND SUNSET
OCTOBER 25 2014.......SUNRISE   750 AM MDT   SUNSET   621 PM MDT
OCTOBER 26 2014.......SUNRISE   751 AM MDT   SUNSET   619 PM MDT


-  INDICATES NEGATIVE NUMBERS.
R  INDICATES RECORD WAS SET OR TIED.
MM INDICATES DATA IS MISSING.
T  INDICATES TRACE AMOUNT.




$$
