000
CDUS45 KRIW 270739
CLIP60


CLIMATE REPORT
NATIONAL WEATHER SERVICE RIVERTON WY
1239 AM MST TUE JAN 27 2015


...................................

...THE LAKE YELLOWSTONE WY CLIMATE SUMMARY FOR JANUARY 26 2015...

CLIMATE NORMAL PERIOD 1981 TO 2010
CLIMATE RECORD PERIOD 1998 TO 2015


WEATHER ITEM   OBSERVED TIME   RECORD YEAR NORMAL DEPARTURE LAST
                VALUE   (LST)  VALUE       VALUE  FROM      YEAR
                                                  NORMAL
..................................................................
TEMPERATURE (F)
 YESTERDAY
  MAXIMUM         35    400 PM  36    2013  24     11       20
  MINIMUM          7    744 AM -10    2004   1      6       -6
  AVERAGE         21                        12      9        7

PRECIPITATION (IN)
  YESTERDAY        0.00          0.16 2012   0.05  -0.05     0.00
  MONTH TO DATE    1.67                      1.90  -0.23     1.44
  SINCE DEC 1      4.17                      3.40   0.77     3.39
  SINCE JAN 1      1.67                      1.90  -0.23     1.44

DEGREE DAYS
 HEATING
  YESTERDAY       44                        52     -8       58
  MONTH TO DATE 1292                      1352    -60     1369
  SINCE DEC 1   2740                      2942   -202     3078
  SINCE JUL 1   6067                      6262   -195     6306

 COOLING
  YESTERDAY        0                         0      0        0
  MONTH TO DATE    0                         0      0        0
  SINCE DEC 1      0                         0      0        0
  SINCE JAN 1      0                         0      0        0
..................................................................


WIND (MPH)
  HIGHEST WIND SPEED     3   HIGHEST WIND DIRECTION    NW (300)
  HIGHEST GUST SPEED     5   HIGHEST GUST DIRECTION    SE (140)
  AVERAGE WIND SPEED     0.6


SKY COVER
  POSSIBLE SUNSHINE  MM
  AVERAGE SKY COVER 0.0


WEATHER CONDITIONS
 THE FOLLOWING WEATHER WAS RECORDED YESTERDAY.
  NO SIGNIFICANT WEATHER WAS OBSERVED.


RELATIVE HUMIDITY (PERCENT)
 HIGHEST    96          1200 AM
 LOWEST     59           400 PM
 AVERAGE    78

..........................................................


THE LAKE YELLOWSTONE WY CLIMATE NORMALS FOR TODAY
                         NORMAL    RECORD    YEAR
 MAXIMUM TEMPERATURE (F)   24        34      2003
 MINIMUM TEMPERATURE (F)    1       -20      2001


SUNRISE AND SUNSET
JANUARY 27 2015.......SUNRISE   746 AM MST   SUNSET   523 PM MST
JANUARY 28 2015.......SUNRISE   745 AM MST   SUNSET   525 PM MST


-  INDICATES NEGATIVE NUMBERS.
R  INDICATES RECORD WAS SET OR TIED.
MM INDICATES DATA IS MISSING.
T  INDICATES TRACE AMOUNT.




$$
