000
CDUS45 KLKN 220028
CLIP68


CLIMATE REPORT
NATIONAL WEATHER SERVICE ELKO NV
527 PM PDT MON JUL 21 2014


...................................

...THE EUREKA AIRPORT NV CLIMATE SUMMARY FOR JULY 21 2014...
VALID TODAY AS OF 0500 PM LOCAL TIME.

CLIMATE NORMAL PERIOD 1981 TO 2010
CLIMATE RECORD PERIOD 1963 TO 2014


WEATHER ITEM   OBSERVED TIME   RECORD YEAR NORMAL DEPARTURE LAST
                VALUE   (LST)  VALUE       VALUE  FROM      YEAR
                                                  NORMAL
..................................................................
TEMPERATURE (F)
 TODAY
  MAXIMUM         90    338 PM  99    2006  91     -1       98
                                      2003
  MINIMUM         49    454 AM  32    1983  50     -1       58
  AVERAGE         70                        70      0       78

PRECIPITATION (IN)
  TODAY            0.00          0.68 1984   0.03  -0.03     0.00
  MONTH TO DATE    0.24                      0.39  -0.15     0.54
  SINCE OCT 1      7.31                      7.60  -0.29     5.11
  SINCE JAN 1      4.91                      5.47  -0.56     3.67

DEGREE DAYS
 HEATING
  TODAY            0                         0      0        0
  MONTH TO DATE    0                         8     -8        1
  SINCE JUN 1    103                       168    -65       81
  SINCE JUL 1      0                         8     -8        1

 COOLING
  TODAY            5                         6     -1       13
  MONTH TO DATE  194                        87    107      194
  SINCE JUN 1    235                       116    119      286
  SINCE JAN 1    237                       119    118      287
..................................................................


WIND (MPH)
  HIGHEST WIND SPEED    21   HIGHEST WIND DIRECTION     W (260)
  HIGHEST GUST SPEED    27   HIGHEST GUST DIRECTION     W (260)




RELATIVE HUMIDITY (PERCENT)
 HIGHEST    86           500 AM
 LOWEST     15           300 PM
 AVERAGE    51

..........................................................


THE EUREKA AIRPORT NV CLIMATE NORMALS FOR TOMORROW
                         NORMAL    RECORD    YEAR
 MAXIMUM TEMPERATURE (F)   91       101      2003
 MINIMUM TEMPERATURE (F)   50        32      1987


SUNRISE AND SUNSET
JULY 21 2014..........SUNRISE   534 AM PDT   SUNSET   806 PM PDT
JULY 22 2014..........SUNRISE   535 AM PDT   SUNSET   805 PM PDT


-  INDICATES NEGATIVE NUMBERS.
R  INDICATES RECORD WAS SET OR TIED.
MM INDICATES DATA IS MISSING.
T  INDICATES TRACE AMOUNT.




$$
