000
CDUS45 KLKN 220037
CLIP68


CLIMATE REPORT
NATIONAL WEATHER SERVICE ELKO NV
537 PM PDT FRI JUL 21 2017


...................................

...THE EUREKA AIRPORT NV CLIMATE SUMMARY FOR JULY 21 2017...
VALID TODAY AS OF 0500 PM LOCAL TIME.

CLIMATE NORMAL PERIOD 1981 TO 2010
CLIMATE RECORD PERIOD 1963 TO 2017


WEATHER ITEM   OBSERVED TIME   RECORD YEAR NORMAL DEPARTURE LAST
                VALUE   (LST)  VALUE       VALUE  FROM      YEAR
                                                  NORMAL
..................................................................
TEMPERATURE (F)
 TODAY
  MAXIMUM         96    321 PM  99    2006  91      5       94
                                      2003
  MINIMUM         48    420 AM  32    1983  50     -2       51
  AVERAGE         72                        70      2       73

PRECIPITATION (IN)
  TODAY            0.00          0.68 1984   0.03  -0.03     0.00
  MONTH TO DATE    0.07                      0.39  -0.32     0.00
  SINCE OCT 1      9.33                      7.60   1.73    12.05
  SINCE JAN 1      7.24                      5.47   1.77     7.78

DEGREE DAYS
 HEATING
  TODAY            0                         0      0        0
  MONTH TO DATE    0                         8     -8       13
  SINCE JUN 1     74                       168    -94       67
  SINCE JUL 1      0                         8     -8       13

 COOLING
  TODAY            7                         6      1        8
  MONTH TO DATE  193                        87    106      102
  SINCE JUN 1    269                       116    153      193
  SINCE JAN 1    269                       119    150      193
..................................................................


WIND (MPH)
  HIGHEST WIND SPEED    14   HIGHEST WIND DIRECTION     N (10)
  HIGHEST GUST SPEED    21   HIGHEST GUST DIRECTION     N (10)




RELATIVE HUMIDITY (PERCENT)
 HIGHEST    39           200 AM
 LOWEST      9           400 PM
 AVERAGE    24

..........................................................


THE EUREKA AIRPORT NV CLIMATE NORMALS FOR TOMORROW
                         NORMAL    RECORD    YEAR
 MAXIMUM TEMPERATURE (F)   91       101      2003
 MINIMUM TEMPERATURE (F)   50        32      1987


SUNRISE AND SUNSET
JULY 21 2017..........SUNRISE   534 AM PDT   SUNSET   806 PM PDT
JULY 22 2017..........SUNRISE   535 AM PDT   SUNSET   805 PM PDT


-  INDICATES NEGATIVE NUMBERS.
R  INDICATES RECORD WAS SET OR TIED.
MM INDICATES DATA IS MISSING.
T  INDICATES TRACE AMOUNT.




$$
