000
CDUS45 KLKN 220945
CLIP68


CLIMATE REPORT
NATIONAL WEATHER SERVICE ELKO NV
245 AM PDT FRI SEP 2  2017


...................................

...THE EUREKA AIRPORT NV CLIMATE SUMMARY FOR SEPTEMBER 21 2017...

CLIMATE NORMAL PERIOD 1981 TO 2010
CLIMATE RECORD PERIOD 1963 TO 2017


WEATHER ITEM   OBSERVED TIME   RECORD YEAR NORMAL DEPARTURE LAST
                VALUE   (LST)  VALUE       VALUE  FROM      YEAR
                                                  NORMAL
..................................................................
TEMPERATURE (F)
 YESTERDAY
  MAXIMUM         45        MM  88    1966  76    -31       77
  MINIMUM         33        MM  13    1968  37     -4       49
  AVERAGE         39                        56    -17       63

PRECIPITATION (IN)
  YESTERDAY        0.52          0.65 2014   0.02   0.50     0.44
  MONTH TO DATE    0.67                      0.41   0.26     0.52
  SINCE OCT 1     10.94                      8.83   2.11    12.63
  SINCE JAN 1      8.85                      6.70   2.15     8.36

DEGREE DAYS
 HEATING
  YESTERDAY       26                         9     17        2
  MONTH TO DATE   92                       118    -26      113
  SINCE SEP 1     92                       118    -26      113
  SINCE JUL 1     96                       165    -69      137

 COOLING
  YESTERDAY        0                         0      0        0
  MONTH TO DATE   61                         9     52        9
  SINCE SEP 1     61                         9     52        9
  SINCE JAN 1    570                       286    284      424
..................................................................


WIND (MPH)
  HIGHEST WIND SPEED    16   HIGHEST WIND DIRECTION    SE (120)
  HIGHEST GUST SPEED    MM   HIGHEST GUST DIRECTION    MM
  AVERAGE WIND SPEED     6.3




RELATIVE HUMIDITY (PERCENT)
 HIGHEST    92           500 AM
 LOWEST     70          1200 AM
 AVERAGE    81

..........................................................


THE EUREKA AIRPORT NV CLIMATE NORMALS FOR TODAY
                         NORMAL    RECORD    YEAR
 MAXIMUM TEMPERATURE (F)   75        88      1992
 MINIMUM TEMPERATURE (F)   36        12      1968


SUNRISE AND SUNSET
SEPTEMBER 22 2017.....SUNRISE   632 AM PDT   SUNSET   640 PM PDT
SEPTEMBER 23 2017.....SUNRISE   633 AM PDT   SUNSET   639 PM PDT


-  INDICATES NEGATIVE NUMBERS.
R  INDICATES RECORD WAS SET OR TIED.
MM INDICATES DATA IS MISSING.
T  INDICATES TRACE AMOUNT.




$$
