060
CDUS45 KLKN 120929
CLIP68


CLIMATE REPORT
NATIONAL WEATHER SERVICE ELKO NV
129 AM PST FRI FEB 12 2016


...................................

...THE EUREKA AIRPORT NV CLIMATE SUMMARY FOR FEBRUARY 11 2016...

CLIMATE NORMAL PERIOD 1981 TO 2010
CLIMATE RECORD PERIOD 1963 TO 2016


WEATHER ITEM   OBSERVED TIME   RECORD YEAR NORMAL DEPARTURE LAST
                VALUE   (LST)  VALUE       VALUE  FROM      YEAR
                                                  NORMAL
..................................................................
TEMPERATURE (F)
 YESTERDAY
  MAXIMUM         41    157 PM  58    2015  42     -1       58
                                      1991
  MINIMUM          6    539 AM -18    1966  15     -9       18
  AVERAGE         24                        28     -4       38

PRECIPITATION (IN)
  YESTERDAY        0.00          0.30 1968   0.03  -0.03     0.00
  MONTH TO DATE    0.05                      0.33  -0.28     0.09
  SINCE OCT 1      5.96                      3.20   2.76     1.47
  SINCE JAN 1      1.69                      1.07   0.62     0.35

DEGREE DAYS
 HEATING
  YESTERDAY       41                        37      4       27
  MONTH TO DATE  568                       419    149      234
  SINCE DEC 1   3103                      2943    160     2205
  SINCE JUL 1   4589                      4702   -113     3545

 COOLING
  YESTERDAY        0                         0      0        0
  MONTH TO DATE    0                         0      0        0
  SINCE DEC 1      0                         0      0        0
  SINCE JAN 1      0                         0      0        0
..................................................................


WIND (MPH)
  HIGHEST WIND SPEED    14   HIGHEST WIND DIRECTION    SW (210)
  HIGHEST GUST SPEED    19   HIGHEST GUST DIRECTION    SW (220)
  AVERAGE WIND SPEED     5.1




RELATIVE HUMIDITY (PERCENT)
 HIGHEST    88           800 AM
 LOWEST     48           200 PM
 AVERAGE    68

..........................................................


THE EUREKA AIRPORT NV CLIMATE NORMALS FOR TODAY
                         NORMAL    RECORD    YEAR
 MAXIMUM TEMPERATURE (F)   42        65      2015
 MINIMUM TEMPERATURE (F)   15       -12      1982


SUNRISE AND SUNSET
FEBRUARY 12 2016......SUNRISE   640 AM PST   SUNSET   517 PM PST
FEBRUARY 13 2016......SUNRISE   639 AM PST   SUNSET   518 PM PST


-  INDICATES NEGATIVE NUMBERS.
R  INDICATES RECORD WAS SET OR TIED.
MM INDICATES DATA IS MISSING.
T  INDICATES TRACE AMOUNT.




$$
