000
CDUS45 KLKN 020930
CLIP68


CLIMATE REPORT
NATIONAL WEATHER SERVICE ELKO NV
230 AM PDT MON MAY 2 2016


...................................

...THE EUREKA AIRPORT NV CLIMATE SUMMARY FOR MAY 1 2016...

CLIMATE NORMAL PERIOD 1981 TO 2010
CLIMATE RECORD PERIOD 1963 TO 2016


WEATHER ITEM   OBSERVED TIME   RECORD YEAR NORMAL DEPARTURE LAST
                VALUE   (LST)  VALUE       VALUE  FROM      YEAR
                                                  NORMAL
..................................................................
TEMPERATURE (F)
 YESTERDAY
  MAXIMUM         53    521 PM  83    1985  64    -11       74
  MINIMUM         32   1155 PM  11    2008  31      1       36
  AVERAGE         43                        48     -5       55

PRECIPITATION (IN)
  YESTERDAY        0.00          0.12 2009   0.03  -0.03     0.00
  MONTH TO DATE    0.00                      0.03  -0.03     0.00
  SINCE OCT 1      9.70                      5.66   4.04     2.37
  SINCE JAN 1      5.43                      3.53   1.90     1.25

DEGREE DAYS
 HEATING
  YESTERDAY       22                        17      5       10
  MONTH TO DATE   22                        17      5       10
  SINCE MAR 1   1326                      1536   -210     1290
  SINCE JUL 1   6429                      6821   -392     5333

 COOLING
  YESTERDAY        0                         0      0        0
  MONTH TO DATE    0                         0      0        0
  SINCE MAR 1      0                         0      0        0
  SINCE JAN 1      0                         0      0        0
..................................................................


WIND (MPH)
  HIGHEST WIND SPEED    21   HIGHEST WIND DIRECTION    NE (50)
  HIGHEST GUST SPEED    25   HIGHEST GUST DIRECTION    NE (40)
  AVERAGE WIND SPEED     5.8




RELATIVE HUMIDITY (PERCENT)
 HIGHEST    85           200 AM
 LOWEST     38           200 PM
 AVERAGE    62

..........................................................


THE EUREKA AIRPORT NV CLIMATE NORMALS FOR TODAY
                         NORMAL    RECORD    YEAR
 MAXIMUM TEMPERATURE (F)   65        80      2015
 MINIMUM TEMPERATURE (F)   31        11      1988


SUNRISE AND SUNSET
MAY  2 2016...........SUNRISE   543 AM PDT   SUNSET   739 PM PDT
MAY  3 2016...........SUNRISE   542 AM PDT   SUNSET   740 PM PDT


-  INDICATES NEGATIVE NUMBERS.
R  INDICATES RECORD WAS SET OR TIED.
MM INDICATES DATA IS MISSING.
T  INDICATES TRACE AMOUNT.




$$
