000
CDUS45 KLKN 260041
CLIP68


CLIMATE REPORT
NATIONAL WEATHER SERVICE ELKO NV
438 PM PST SAT FEB 25 2017


...................................

...THE EUREKA AIRPORT NV CLIMATE SUMMARY FOR FEBRUARY 25 2017...
VALID TODAY AS OF 0400 PM LOCAL TIME.

CLIMATE NORMAL PERIOD 1981 TO 2010
CLIMATE RECORD PERIOD 1963 TO 2017


WEATHER ITEM   OBSERVED TIME   RECORD YEAR NORMAL DEPARTURE LAST
                VALUE   (LST)  VALUE       VALUE  FROM      YEAR
                                                  NORMAL
..................................................................
TEMPERATURE (F)
 TODAY
  MAXIMUM         33    159 PM  62    2014  46    -13       53
                                      1995
                                      1968
  MINIMUM         16    503 AM  -6    1993  19     -3       21
  AVERAGE         25                        32     -7       37

PRECIPITATION (IN)
  TODAY            0.00          0.35 1969   0.04  -0.04     0.00
  MONTH TO DATE    0.34                      0.77  -0.43     0.33
  SINCE OCT 1      4.88                      3.64   1.24     6.24
  SINCE JAN 1      2.79                      1.51   1.28     1.97

DEGREE DAYS
 HEATING
  TODAY           40                        33      7       28
  MONTH TO DATE  736                       906   -170      993
  SINCE DEC 1   3318                      3430   -112     3528
  SINCE JUL 1   4731                      5189   -458     5014

 COOLING
  TODAY            0                         0      0        0
  MONTH TO DATE    0                         0      0        0
  SINCE DEC 1      0                         0      0        0
  SINCE JAN 1      0                         0      0        0
..................................................................


WIND (MPH)
  HIGHEST WIND SPEED    16   HIGHEST WIND DIRECTION     N (10)
  HIGHEST GUST SPEED    19   HIGHEST GUST DIRECTION     N (10)




RELATIVE HUMIDITY (PERCENT)
 HIGHEST    80           100 AM
 LOWEST     47          1200 PM
 AVERAGE    64

..........................................................


THE EUREKA AIRPORT NV CLIMATE NORMALS FOR TOMORROW
                         NORMAL    RECORD    YEAR
 MAXIMUM TEMPERATURE (F)   46        62      1995
                                             1965
 MINIMUM TEMPERATURE (F)   19        -6      1987


SUNRISE AND SUNSET
FEBRUARY 25 2017......SUNRISE   622 AM PST   SUNSET   532 PM PST
FEBRUARY 26 2017......SUNRISE   621 AM PST   SUNSET   533 PM PST


-  INDICATES NEGATIVE NUMBERS.
R  INDICATES RECORD WAS SET OR TIED.
MM INDICATES DATA IS MISSING.
T  INDICATES TRACE AMOUNT.




$$
