000
CDUS43 KPAH 090631
CLIPAH

CLIMATE REPORT
NATIONAL WEATHER SERVICE PADUCAH KY
1226 AM CST FRI DEC 9 2016

...................................

...THE PADUCAH KY CLIMATE SUMMARY FOR DECEMBER 8 2016...

CLIMATE NORMAL PERIOD 1981 TO 2010
CLIMATE RECORD PERIOD 1937 TO 2016

WEATHER ITEM   OBSERVED TIME   RECORD YEAR NORMAL DEPARTURE LAST
                VALUE   (LST)  VALUE       VALUE  FROM      YEAR
                                                  NORMAL
..................................................................
TEMPERATURE (F)
 YESTERDAY
  MAXIMUM         37   1222 AM  70    1966  48    -11       62
                                      1939
  MINIMUM         24   1133 PM  10    2006  30     -6       30
  AVERAGE         31                        39     -8       46

PRECIPITATION (IN)
  YESTERDAY        0.00          1.89 1972   0.16  -0.16     0.00
  MONTH TO DATE    0.82                      1.25  -0.43     0.02
  SINCE DEC 1      0.82                      1.25  -0.43     0.02
  SINCE JAN 1     47.31                     45.74   1.57    51.77

SNOWFALL (IN)
  YESTERDAY        0.0           2.3  1995   0.1   -0.1      0.0
  MONTH TO DATE    0.0                       0.4   -0.4      0.0
  SINCE DEC 1      0.0                       0.4   -0.4      0.0
  SINCE JUL 1      0.0                       0.5   -0.5      0.0
  SNOW DEPTH       0

DEGREE DAYS
 HEATING
  YESTERDAY       34                        26      8       19
  MONTH TO DATE  207                       197     10      182
  SINCE DEC 1    207                       197     10      182
  SINCE JUL 1    708                       974   -266      726

 COOLING
  YESTERDAY        0                         0      0        0
  MONTH TO DATE    0                         0      0        0
  SINCE DEC 1      0                         0      0        0
  SINCE JAN 1   1953                      1542    411     1690
..................................................................

WIND (MPH)
  HIGHEST WIND SPEED    15   HIGHEST WIND DIRECTION    NW (300)
  HIGHEST GUST SPEED    24   HIGHEST GUST DIRECTION    NW (320)
  AVERAGE WIND SPEED     8.5

SKY COVER
  POSSIBLE SUNSHINE  MM
  AVERAGE SKY COVER 0.2

WEATHER CONDITIONS
 THE FOLLOWING WEATHER WAS RECORDED YESTERDAY.
  NO SIGNIFICANT WEATHER WAS OBSERVED.

RELATIVE HUMIDITY (PERCENT)
 HIGHEST    63           400 AM
 LOWEST     35           100 PM
 AVERAGE    49
..........................................................

THE PADUCAH KY CLIMATE NORMALS FOR TODAY
                         NORMAL    RECORD    YEAR
 MAXIMUM TEMPERATURE (F)   48        66      1952
 MINIMUM TEMPERATURE (F)   30         7      1995

SUNRISE AND SUNSET
DECEMBER  9 2016......SUNRISE   657 AM CST   SUNSET   438 PM CST
DECEMBER 10 2016......SUNRISE   658 AM CST   SUNSET   438 PM CST

-  INDICATES NEGATIVE NUMBERS.
R  INDICATES RECORD WAS SET OR TIED.
MM INDICATES DATA IS MISSING.
T  INDICATES TRACE AMOUNT.

&&
.........................................................
***** AGRICULTURAL DATA *****

SOIL TEMPERATURES AT A DEPTH OF FOUR INCHES

UNDER GRASS...  MAX: 50  MIN: 49

$$
