000
CDUS43 KPAH 270631
CLIPAH


CLIMATE REPORT
NATIONAL WEATHER SERVICE PADUCAH KY
1230 AM CST FRI FEB 27 2015


...................................

...THE PADUCAH KY CLIMATE SUMMARY FOR FEBRUARY 26 2015...

CLIMATE NORMAL PERIOD 1981 TO 2010
CLIMATE RECORD PERIOD 1937 TO 2015


WEATHER ITEM   OBSERVED TIME   RECORD YEAR NORMAL DEPARTURE LAST
                VALUE   (LST)  VALUE       VALUE  FROM      YEAR
                                                  NORMAL
..................................................................
TEMPERATURE (F)
 YESTERDAY
  MAXIMUM         32   1240 PM  73    1996  53    -21       31
  MINIMUM         18    248 AM  10    1967  33    -15       19
  AVERAGE         25                        43    -18       25

PRECIPITATION (IN)
  YESTERDAY        T             1.50 2000   0.14  -0.14     0.00
  MONTH TO DATE    4.73                      3.65   1.08     3.15
  SINCE DEC 1     10.18                     11.92  -1.74    13.32
  SINCE JAN 1      7.29                      7.33  -0.04     5.18

SNOWFALL (IN)
  YESTERDAY        T             1.3  1989   0.0    0.0      0.0
  MONTH TO DATE   13.0                       3.0   10.0      6.6
  SINCE DEC 1     13.7                       8.2    5.5     12.9
  SINCE JUL 1     16.5                       8.3    8.2     12.9
  SNOW DEPTH       4

DEGREE DAYS
 HEATING
  YESTERDAY       40                        22     18       40
  MONTH TO DATE  952                       678    274      854
  SINCE DEC 1   2648                      2474    174     2789
  SINCE JUL 1   3585                      3251    334     3591

 COOLING
  YESTERDAY        0                         0      0        0
  MONTH TO DATE    0                         0      0        0
  SINCE DEC 1      0                         0      0        0
  SINCE JAN 1      0                         0      0        0
..................................................................


WIND (MPH)
  HIGHEST WIND SPEED    18   HIGHEST WIND DIRECTION     N (340)
  HIGHEST GUST SPEED    24   HIGHEST GUST DIRECTION     N (350)
  AVERAGE WIND SPEED     8.5


SKY COVER
  POSSIBLE SUNSHINE  MM
  AVERAGE SKY COVER 0.7


WEATHER CONDITIONS
 THE FOLLOWING WEATHER WAS RECORDED YESTERDAY.
  LIGHT SNOW
  FOG
  HAZE


RELATIVE HUMIDITY (PERCENT)
 HIGHEST    92           100 AM
 LOWEST     63          1100 AM
 AVERAGE    78

..........................................................


THE PADUCAH KY CLIMATE NORMALS FOR TODAY
                         NORMAL    RECORD    YEAR
 MAXIMUM TEMPERATURE (F)   53        77      1996
                                             1981
 MINIMUM TEMPERATURE (F)   33        14      1963


SUNRISE AND SUNSET
FEBRUARY 27 2015......SUNRISE   629 AM CST   SUNSET   547 PM CST
FEBRUARY 28 2015......SUNRISE   628 AM CST   SUNSET   548 PM CST


-  INDICATES NEGATIVE NUMBERS.
R  INDICATES RECORD WAS SET OR TIED.
MM INDICATES DATA IS MISSING.
T  INDICATES TRACE AMOUNT.

&&
..........................................................
***** AGRICULTURAL DATA ******

SOIL TEMPERATURES AT A DEPTH OF FOUR INCHES

UNDER GRASS...  MAX: 36  MIN: 34

$$
