000
CDUS43 KPAH 270629
CLIPAH


CLIMATE REPORT
NATIONAL WEATHER SERVICE PADUCAH KY
126 AM CDT WED MAY 27 2015


...................................

...THE PADUCAH KY CLIMATE SUMMARY FOR MAY 26 2015...

CLIMATE NORMAL PERIOD 1981 TO 2010
CLIMATE RECORD PERIOD 1937 TO 2015


WEATHER ITEM   OBSERVED TIME   RECORD YEAR NORMAL DEPARTURE LAST
                VALUE   (LST)  VALUE       VALUE  FROM      YEAR
                                                  NORMAL
..................................................................
TEMPERATURE (F)
 YESTERDAY
  MAXIMUM         80    145 PM  96    1953  81     -1       90
                                      1944
  MINIMUM         65   1112 PM  42    1988  59      6       65
                                      1979
                                      1961
  AVERAGE         73                        70      3       78

PRECIPITATION (IN)
  YESTERDAY        0.00          2.10 2008   0.14  -0.14      T
  MONTH TO DATE    2.98                      4.20  -1.22     2.64
  SINCE MAR 1     17.60                     12.89   4.71    14.76
  SINCE JAN 1     24.89                     20.48   4.41    19.94

SNOWFALL (IN)
  YESTERDAY        0.0           0.0  2002   0.0    0.0      0.0
                                      2001
  MONTH TO DATE    0.0                       0.0    0.0      0.0
  SINCE MAR 1     12.1                       0.6   11.5      5.6
  SINCE JUL 1     28.6                       9.1   19.5     18.5
  SNOW DEPTH       0

DEGREE DAYS
 HEATING
  YESTERDAY        0                         1     -1        0
  MONTH TO DATE   50                        60    -10       57
  SINCE MAR 1    806                       828    -22      886
  SINCE JUL 1   4475                      4124    351     4541

 COOLING
  YESTERDAY        8                         6      2       13
  MONTH TO DATE  135                        97     38      183
  SINCE MAR 1    177                       139     38      213
  SINCE JAN 1    177                       139     38      213
..................................................................


WIND (MPH)
  HIGHEST WIND SPEED    22   HIGHEST WIND DIRECTION    SW (240)
  HIGHEST GUST SPEED    33   HIGHEST GUST DIRECTION    SW (240)
  AVERAGE WIND SPEED    10.7


SKY COVER
  POSSIBLE SUNSHINE  MM
  AVERAGE SKY COVER 0.7


WEATHER CONDITIONS
 THE FOLLOWING WEATHER WAS RECORDED YESTERDAY.
  HAZE


RELATIVE HUMIDITY (PERCENT)
 HIGHEST    90           400 AM
 LOWEST     54           200 PM
 AVERAGE    72

..........................................................


THE PADUCAH KY CLIMATE NORMALS FOR TODAY
                         NORMAL    RECORD    YEAR
 MAXIMUM TEMPERATURE (F)   81        95      2012
 MINIMUM TEMPERATURE (F)   60        34      1961


SUNRISE AND SUNSET
MAY 27 2015...........SUNRISE   539 AM CDT   SUNSET   806 PM CDT
MAY 28 2015...........SUNRISE   539 AM CDT   SUNSET   806 PM CDT


-  INDICATES NEGATIVE NUMBERS.
R  INDICATES RECORD WAS SET OR TIED.
MM INDICATES DATA IS MISSING.
T  INDICATES TRACE AMOUNT.

&&
..........................................................

***** AGRICULTURAL DATA *****

SOIL TEMPERATURES AT A DEPTH OF FOUR INCHES

UNDER GRASS...  MAX: 69   MIN: 68


$$
