000
CDUS43 KPAH 200632
CLIPAH


CLIMATE REPORT
NATIONAL WEATHER SERVICE PADUCAH KY
1229 AM CST SAT JAN 20 2018


...................................

...THE PADUCAH KY CLIMATE SUMMARY FOR JANUARY 19 2018...

CLIMATE NORMAL PERIOD 1981 TO 2010
CLIMATE RECORD PERIOD 1937 TO 2018


WEATHER ITEM   OBSERVED TIME   RECORD YEAR NORMAL DEPARTURE LAST
                VALUE   (LST)  VALUE       VALUE  FROM      YEAR
                                                  NORMAL
..................................................................
TEMPERATURE (F)
 YESTERDAY
  MAXIMUM         41    444 PM  69    1952  43     -2       60
  MINIMUM         19    422 AM -13    1994  26     -7       45
  AVERAGE         30                        34     -4       53

PRECIPITATION (IN)
  YESTERDAY        0.00          2.09 1990   0.12  -0.12     0.48
  MONTH TO DATE    2.79                      2.24   0.55     2.44
  SINCE DEC 1      6.06                      6.83  -0.77     8.45
  SINCE JAN 1      2.79                      2.24   0.55     2.44

SNOWFALL (IN)
  YESTERDAY        0.0           3.4  1985   0.1   -0.1      0.0
  MONTH TO DATE   12.4                       1.7   10.7      0.2
  SINCE DEC 1     12.4                       3.9    8.5      0.2
  SINCE JUL 1     12.4                       4.0    8.4      0.2
  SNOW DEPTH       7

DEGREE DAYS
 HEATING
  YESTERDAY       35                        31      4       12
  MONTH TO DATE  773                       586    187      467
  SINCE DEC 1   1624                      1440    184     1293
  SINCE JUL 1   2307                      2217     90     1794

 COOLING
  YESTERDAY        0                         0      0        0
  MONTH TO DATE    0                         0      0        0
  SINCE DEC 1      0                         0      0        0
  SINCE JAN 1      0                         0      0        0
..................................................................


WIND (MPH)
  HIGHEST WIND SPEED    14   HIGHEST WIND DIRECTION    SW (210)
  HIGHEST GUST SPEED    24   HIGHEST GUST DIRECTION    SW (210)
  AVERAGE WIND SPEED     8.3


SKY COVER
  POSSIBLE SUNSHINE  MM
  AVERAGE SKY COVER 0.1


WEATHER CONDITIONS
 THE FOLLOWING WEATHER WAS RECORDED YESTERDAY.
  NO SIGNIFICANT WEATHER WAS OBSERVED.


RELATIVE HUMIDITY (PERCENT)
 HIGHEST    68           600 AM
 LOWEST     38           300 PM
 AVERAGE    53

..........................................................


THE PADUCAH KY CLIMATE NORMALS FOR TODAY
                         NORMAL    RECORD    YEAR
 MAXIMUM TEMPERATURE (F)   43        69      1951
 MINIMUM TEMPERATURE (F)   26       -15      1985


SUNRISE AND SUNSET
JANUARY 20 2018.......SUNRISE   705 AM CST   SUNSET   507 PM CST
JANUARY 21 2018.......SUNRISE   705 AM CST   SUNSET   508 PM CST


-  INDICATES NEGATIVE NUMBERS.
R  INDICATES RECORD WAS SET OR TIED.
MM INDICATES DATA IS MISSING.
T  INDICATES TRACE AMOUNT.

&&

...........................................................
***** AGRICULTURAL DATA *****

SOIL TEMPERATURES AT A DEPTH OF FOUR INCHES

UNDER GRASS... MAX: 36    MIN: 36


$$
