000
CDUS44 KLZK 240634
CLIPBF


CLIMATE REPORT
NATIONAL WEATHER SERVICE LITTLE ROCK AR
1234 AM CST FRI FEB 24 2017


...................................

...THE PINE BLUFF CLIMATE SUMMARY FOR FEBRUARY 23 2017...

CLIMATE NORMAL PERIOD 1981 TO 2010
CLIMATE RECORD PERIOD 1883 TO 2017


WEATHER ITEM   OBSERVED TIME   RECORD YEAR NORMAL DEPARTURE LAST
                VALUE   (LST)  VALUE       VALUE  FROM      YEAR
                                                  NORMAL
..................................................................
TEMPERATURE (F)
 YESTERDAY
  MAXIMUM         78    326 PM  84    1930  58     20       49
  MINIMUM         47    527 AM  19    1989  38      9       41
                                      1978
                                      1901
  AVERAGE         63                        48     15       45

PRECIPITATION (IN)
  YESTERDAY        0.00          3.68 1962   0.17  -0.17     1.04
  MONTH TO DATE    2.38                      3.23  -0.85     4.06
  SINCE DEC 1      9.83                     12.43  -2.60    11.33
  SINCE JAN 1      5.25                      6.99  -1.74     5.99

SNOWFALL (IN)
  YESTERDAY        0.0           4.2  1966   0.0    0.0      0.0
  MONTH TO DATE    0.0                       0.6   -0.6      0.0
  SINCE DEC 1      1.5                       3.1   -1.6      3.6
  SINCE JUL 1      1.5                       3.1   -1.6      3.6
  SNOW DEPTH       0

DEGREE DAYS
 HEATING
  YESTERDAY        2                        17    -15       20
  MONTH TO DATE  250                       447   -197      372
  SINCE DEC 1   1362                      1801   -439     1476
  SINCE JUL 1   1659                      2305   -646     1815

 COOLING
  YESTERDAY        0                         0      0        0
  MONTH TO DATE   12                         0     12        2
  SINCE DEC 1     22                         2     20       14
  SINCE JAN 1     17                         1     16        4
..................................................................


WIND (MPH)
  HIGHEST WIND SPEED    20   HIGHEST WIND DIRECTION     S (160)
  HIGHEST GUST SPEED    23   HIGHEST GUST DIRECTION     S (160)
  AVERAGE WIND SPEED     9.1


SKY COVER
  POSSIBLE SUNSHINE  MM
  AVERAGE SKY COVER 0.3


WEATHER CONDITIONS
 THE FOLLOWING WEATHER WAS RECORDED YESTERDAY.
  FOG
  FOG W/VISIBILITY <= 1/4 MILE


RELATIVE HUMIDITY (PERCENT)
 HIGHEST   100           100 AM
 LOWEST     50           300 PM
 AVERAGE    75

..........................................................


THE PINE BLUFF CLIMATE NORMALS FOR TODAY
                         NORMAL    RECORD    YEAR
 MAXIMUM TEMPERATURE (F)   58        85      1918
 MINIMUM TEMPERATURE (F)   39        18      1910
                                             1999


SUNRISE AND SUNSET
FEBRUARY 24 2017......SUNRISE   642 AM CST   SUNSET   600 PM CST
FEBRUARY 25 2017......SUNRISE   641 AM CST   SUNSET   601 PM CST


-  INDICATES NEGATIVE NUMBERS.
R  INDICATES RECORD WAS SET OR TIED.
MM INDICATES DATA IS MISSING.
T  INDICATES TRACE AMOUNT.




$$
