000
CDUS44 KLZK 270910
CLIPBF


CLIMATE REPORT
NATIONAL WEATHER SERVICE LITTLE ROCK AR
410 AM CDT WED AUG 27 2014


...................................

...THE PINE BLUFF CLIMATE SUMMARY FOR AUGUST 26 2014...

CLIMATE NORMAL PERIOD 1981 TO 2010
CLIMATE RECORD PERIOD 1883 TO 2014


WEATHER ITEM   OBSERVED TIME   RECORD YEAR NORMAL DEPARTURE LAST
                VALUE   (LST)  VALUE       VALUE  FROM      YEAR
                                                  NORMAL
..................................................................
TEMPERATURE (F)
 YESTERDAY
  MAXIMUM         91    333 PM 108    1943  91      0       93
  MINIMUM         71    320 AM  56    1891  69      2       70
  AVERAGE         81                        80      1       82

PRECIPITATION (IN)
  YESTERDAY        T             1.35 1918   0.07  -0.07     0.00
  MONTH TO DATE    2.12                      2.16  -0.04     2.96
  SINCE JUN 1      7.50                      9.67  -2.17     6.19
  SINCE JAN 1     29.77                     32.87  -3.10    33.63

SNOWFALL (IN)
  YESTERDAY        0.0          MM      MM   0.0    0.0      0.0
  MONTH TO DATE    0.0                       0.0    0.0      0.0
  SINCE JUN 1      0.0                       0.0    0.0      0.0
  SINCE JUL 1      0.0                       0.0    0.0      0.0
  SNOW DEPTH       0

DEGREE DAYS
 HEATING
  YESTERDAY        0                         0      0        0
  MONTH TO DATE    0                         0      0        0
  SINCE JUN 1      1                         0      1        0
  SINCE JUL 1      1                         0      1        0

 COOLING
  YESTERDAY       16                        15      1       17
  MONTH TO DATE  384                       428    -44      415
  SINCE JUN 1   1163                      1378   -215     1305
  SINCE JAN 1   1426                      1685   -259     1572
..................................................................


WIND (MPH)
  HIGHEST WIND SPEED    12   HIGHEST WIND DIRECTION    NE (60)
  HIGHEST GUST SPEED    16   HIGHEST GUST DIRECTION    NE (50)
  AVERAGE WIND SPEED     3.4


SKY COVER
  POSSIBLE SUNSHINE  MM
  AVERAGE SKY COVER 0.1


WEATHER CONDITIONS
 THE FOLLOWING WEATHER WAS RECORDED YESTERDAY.
  FOG


RELATIVE HUMIDITY (PERCENT)
 HIGHEST   100           500 AM
 LOWEST     56           300 PM
 AVERAGE    78

..........................................................


THE PINE BLUFF CLIMATE NORMALS FOR TODAY
                         NORMAL    RECORD    YEAR
 MAXIMUM TEMPERATURE (F)   91       111      1943
 MINIMUM TEMPERATURE (F)   69        57      1927


SUNRISE AND SUNSET
AUGUST 27 2014........SUNRISE   638 AM CDT   SUNSET   740 PM CDT
AUGUST 28 2014........SUNRISE   638 AM CDT   SUNSET   739 PM CDT


-  INDICATES NEGATIVE NUMBERS.
R  INDICATES RECORD WAS SET OR TIED.
MM INDICATES DATA IS MISSING.
T  INDICATES TRACE AMOUNT.




$$
