000
CDUS44 KLZK 302104
CLIPBF


CLIMATE REPORT
NATIONAL WEATHER SERVICE LITTLE ROCK AR
403 PM CDT SUN APR 30 2017


...................................

...THE PINE BLUFF CLIMATE SUMMARY FOR APRIL 30 2017...
VALID TODAY AS OF 0400 PM LOCAL TIME.

CLIMATE NORMAL PERIOD 1981 TO 2010
CLIMATE RECORD PERIOD 1883 TO 2017


WEATHER ITEM   OBSERVED TIME   RECORD YEAR NORMAL DEPARTURE LAST
                VALUE   (LST)  VALUE       VALUE  FROM      YEAR
                                                  NORMAL
..................................................................
TEMPERATURE (F)
 TODAY
  MAXIMUM         76   1210 AM  94    1943  78     -2       81
  MINIMUM         60    236 PM  35    1908  56      4       65
  AVERAGE         68                        67      1       73

PRECIPITATION (IN)
  TODAY            1.37          1.82 1947   0.16   1.21     1.59
  MONTH TO DATE    7.34                      4.93   2.41     4.83
  SINCE MAR 1     10.44                     10.33   0.11    20.51
  SINCE JAN 1     16.74                     18.15  -1.41    26.56

SNOWFALL (IN)
  TODAY            0.0          MM      MM   0.0    0.0      0.0
  MONTH TO DATE    0.0                       0.0    0.0      0.0
  SINCE MAR 1      0.0                       0.0    0.0      0.0
  SINCE JUL 1      1.5                       3.1   -1.6      3.6
  SNOW DEPTH       0

DEGREE DAYS
 HEATING
  TODAY            0                         2     -2        0
  MONTH TO DATE   52                       129    -77       73
  SINCE MAR 1    299                       476   -177      299
  SINCE JUL 1   2010                      2864   -854     2206

 COOLING
  TODAY            3                         4     -1        8
  MONTH TO DATE  104                        67     37       62
  SINCE MAR 1    140                        84     56       83
  SINCE JAN 1    161                        87     74       87
..................................................................


WIND (MPH)
  HIGHEST WIND SPEED    33   HIGHEST WIND DIRECTION     S (170)
  HIGHEST GUST SPEED    45   HIGHEST GUST DIRECTION     S (180)
  AVERAGE WIND SPEED    14.7


SKY COVER
  POSSIBLE SUNSHINE  MM
  AVERAGE SKY COVER 0.6


WEATHER CONDITIONS
 THE FOLLOWING WEATHER WAS RECORDED TODAY.
  THUNDERSTORM
  HEAVY RAIN
  RAIN
  LIGHT RAIN
  FOG


RELATIVE HUMIDITY (PERCENT)
 HIGHEST    97           500 AM
 LOWEST     78          1200 PM
 AVERAGE    88

..........................................................


THE PINE BLUFF CLIMATE NORMALS FOR TOMORROW
                         NORMAL    RECORD    YEAR
 MAXIMUM TEMPERATURE (F)   78        95      1901
 MINIMUM TEMPERATURE (F)   57        38      1909
                                             1908


SUNRISE AND SUNSET
APRIL 30 2017.........SUNRISE   619 AM CDT   SUNSET   751 PM CDT
MAY  1 2017...........SUNRISE   618 AM CDT   SUNSET   752 PM CDT


-  INDICATES NEGATIVE NUMBERS.
R  INDICATES RECORD WAS SET OR TIED.
MM INDICATES DATA IS MISSING.
T  INDICATES TRACE AMOUNT.




$$
