000
CDUS44 KLZK 261006
CLIPBF


CLIMATE REPORT
NATIONAL WEATHER SERVICE LITTLE ROCK AR
404 AM CST MON JAN 26 2015


...................................

...THE PINE BLUFF CLIMATE SUMMARY FOR JANUARY 25 2015...

CLIMATE NORMAL PERIOD 1981 TO 2010
CLIMATE RECORD PERIOD 1883 TO 2015


WEATHER ITEM   OBSERVED TIME   RECORD YEAR NORMAL DEPARTURE LAST
                VALUE   (LST)  VALUE       VALUE  FROM      YEAR
                                                  NORMAL
..................................................................
TEMPERATURE (F)
 YESTERDAY
  MAXIMUM         63    131 PM  82    1950  52     11       58
                                      1909
  MINIMUM         38    217 AM  10    1905  33      5       29
  AVERAGE         51                        43      8       44

PRECIPITATION (IN)
  YESTERDAY        0.00          1.62 1976   0.12  -0.12     0.00
  MONTH TO DATE    3.61                      3.00   0.61     1.67
  SINCE DEC 1      4.81                      8.44  -3.63     9.40
  SINCE JAN 1      3.61                      3.00   0.61     1.67

SNOWFALL (IN)
  YESTERDAY        0.0           3.5  1948   0.2   -0.2      0.0
  MONTH TO DATE    T                         1.6   -1.6      0.0
  SINCE DEC 1      T                         1.8   -1.8      0.2
  SINCE JUL 1      0.1                       1.8   -1.7      0.2
  SNOW DEPTH       0

DEGREE DAYS
 HEATING
  YESTERDAY       14                        22     -8       21
  MONTH TO DATE  651                       573     78      649
  SINCE DEC 1   1250                      1222     28     1325
  SINCE JUL 1   1854                      1726    128     1925

 COOLING
  YESTERDAY        0                         0      0        0
  MONTH TO DATE    0                         0      0        0
  SINCE DEC 1      0                         1     -1        3
  SINCE JAN 1      0                         0      0        0
..................................................................


WIND (MPH)
  HIGHEST WIND SPEED    29   HIGHEST WIND DIRECTION     W (290)
  HIGHEST GUST SPEED    40   HIGHEST GUST DIRECTION     W (290)
  AVERAGE WIND SPEED    14.6


SKY COVER
  POSSIBLE SUNSHINE  MM
  AVERAGE SKY COVER 0.5


WEATHER CONDITIONS
 THE FOLLOWING WEATHER WAS RECORDED YESTERDAY.
  NO SIGNIFICANT WEATHER WAS OBSERVED.


RELATIVE HUMIDITY (PERCENT)
 HIGHEST    79           200 AM
 LOWEST     35           200 PM
 AVERAGE    57

..........................................................


THE PINE BLUFF CLIMATE NORMALS FOR TODAY
                         NORMAL    RECORD    YEAR
 MAXIMUM TEMPERATURE (F)   52        78      1952
 MINIMUM TEMPERATURE (F)   33         9      1905


SUNRISE AND SUNSET
JANUARY 26 2015.......SUNRISE   709 AM CST   SUNSET   532 PM CST
JANUARY 27 2015.......SUNRISE   708 AM CST   SUNSET   533 PM CST


-  INDICATES NEGATIVE NUMBERS.
R  INDICATES RECORD WAS SET OR TIED.
MM INDICATES DATA IS MISSING.
T  INDICATES TRACE AMOUNT.




$$
