000
CDUS44 KLZK 302058
CLIPBF


CLIMATE REPORT
NATIONAL WEATHER SERVICE LITTLE ROCK AR
357 PM CDT MON MAR 30 2015


...................................

...THE PINE BLUFF CLIMATE SUMMARY FOR MARCH 30 2015...
VALID TODAY AS OF 0300 PM LOCAL TIME.

CLIMATE NORMAL PERIOD 1981 TO 2010
CLIMATE RECORD PERIOD 1883 TO 2015


WEATHER ITEM   OBSERVED TIME   RECORD YEAR NORMAL DEPARTURE LAST
                VALUE   (LST)  VALUE       VALUE  FROM      YEAR
                                                  NORMAL
..................................................................
TEMPERATURE (F)
 TODAY
  MAXIMUM         73    255 PM  89    1946  70      3       65
  MINIMUM         54    625 AM  28    1964  47      7       41
  AVERAGE         64                        58      6       53

PRECIPITATION (IN)
  TODAY            0.00          3.02 1961   0.17  -0.17     0.00
  MONTH TO DATE    8.04                      5.23   2.81     4.45
  SINCE MAR 1      8.04                      5.23   2.81     4.45
  SINCE JAN 1     14.97                     13.05   1.92     9.88

SNOWFALL (IN)
  TODAY            0.0          MM      MM   0.0    0.0      0.0
  MONTH TO DATE    2.0                       0.0    2.0       T
  SINCE MAR 1      2.0                       0.0    2.0       T
  SINCE JUL 1      9.2                       3.1    6.1      3.7
  SNOW DEPTH       0

DEGREE DAYS
 HEATING
  TODAY            1                         8     -7       12
  MONTH TO DATE  415                       341     74      478
  SINCE MAR 1    415                       341     74      478
  SINCE JUL 1   3149                      2729    420     3247

 COOLING
  TODAY            0                         1     -1        0
  MONTH TO DATE    5                        15    -10        0
  SINCE MAR 1      5                        15    -10        0
  SINCE JAN 1      5                        18    -13        0
..................................................................


WIND (MPH)
  HIGHEST WIND SPEED    15   HIGHEST WIND DIRECTION    NE (30)
  HIGHEST GUST SPEED    19   HIGHEST GUST DIRECTION    NE (30)
  AVERAGE WIND SPEED     7.7


SKY COVER
  POSSIBLE SUNSHINE  MM
  AVERAGE SKY COVER 0.4


WEATHER CONDITIONS
 THE FOLLOWING WEATHER WAS RECORDED TODAY.
  NO SIGNIFICANT WEATHER WAS OBSERVED.


RELATIVE HUMIDITY (PERCENT)
 HIGHEST    78          1200 AM
 LOWEST     44           100 PM
 AVERAGE    61

..........................................................


THE PINE BLUFF CLIMATE NORMALS FOR TOMORROW
                         NORMAL    RECORD    YEAR
 MAXIMUM TEMPERATURE (F)   70        93      1974
 MINIMUM TEMPERATURE (F)   47        30      1987


SUNRISE AND SUNSET
MARCH 30 2015.........SUNRISE   658 AM CDT   SUNSET   727 PM CDT
MARCH 31 2015.........SUNRISE   657 AM CDT   SUNSET   728 PM CDT


-  INDICATES NEGATIVE NUMBERS.
R  INDICATES RECORD WAS SET OR TIED.
MM INDICATES DATA IS MISSING.
T  INDICATES TRACE AMOUNT.




$$
