000
CDUS44 KLZK 190641
CLIPBF


CLIMATE REPORT
NATIONAL WEATHER SERVICE LITTLE ROCK AR
1241 AM CST SUN NOV 19 2017


...................................

...THE PINE BLUFF CLIMATE SUMMARY FOR NOVEMBER 18 2017...

CLIMATE NORMAL PERIOD 1981 TO 2010
CLIMATE RECORD PERIOD 1883 TO 2017


WEATHER ITEM   OBSERVED TIME   RECORD YEAR NORMAL DEPARTURE LAST
                VALUE   (LST)  VALUE       VALUE  FROM      YEAR
                                                  NORMAL
..................................................................
TEMPERATURE (F)
 YESTERDAY
  MAXIMUM         82    116 PM  87    1930  63     19       80
  MINIMUM         45   1159 PM  19    1959  42      3       45
  AVERAGE         64                        52     12       63

PRECIPITATION (IN)
  YESTERDAY        T             3.35 1906   0.16  -0.16     0.78
  MONTH TO DATE    0.25                      2.78  -2.53     0.78
  SINCE SEP 1      2.01                     10.47  -8.46     2.70
  SINCE JAN 1     42.52                     43.66  -1.14    46.65

SNOWFALL (IN)
  YESTERDAY       MM             T    1926   0.0   MM       MM
  MONTH TO DATE    0.0                       0.0    0.0      0.0
  SINCE SEP 1      0.0                       0.0    0.0      0.0
  SINCE JUL 1      0.0                       0.0    0.0      0.0
  SNOW DEPTH       0

DEGREE DAYS
 HEATING
  YESTERDAY        1                        13    -12        2
  MONTH TO DATE  133                       185    -52       86
  SINCE SEP 1    272                       322    -50      114
  SINCE JUL 1    272                       322    -50      114

 COOLING
  YESTERDAY        0                         0      0        0
  MONTH TO DATE   35                        10     25       15
  SINCE SEP 1    448                       371     77      520
  SINCE JAN 1   2094                      2129    -35     2328
..................................................................


WIND (MPH)
  HIGHEST WIND SPEED    35   HIGHEST WIND DIRECTION    NW (300)
  HIGHEST GUST SPEED    45   HIGHEST GUST DIRECTION     W (290)
  AVERAGE WIND SPEED    17.2


SKY COVER
  POSSIBLE SUNSHINE  MM
  AVERAGE SKY COVER 0.6


WEATHER CONDITIONS
 THE FOLLOWING WEATHER WAS RECORDED YESTERDAY.
  LIGHT RAIN


RELATIVE HUMIDITY (PERCENT)
 HIGHEST    79           100 AM
 LOWEST     46           200 PM
 AVERAGE    63

..........................................................


THE PINE BLUFF CLIMATE NORMALS FOR TODAY
                         NORMAL    RECORD    YEAR
 MAXIMUM TEMPERATURE (F)   62        85      1942
 MINIMUM TEMPERATURE (F)   42        14      1903


SUNRISE AND SUNSET
NOVEMBER 19 2017......SUNRISE   645 AM CST   SUNSET   501 PM CST
NOVEMBER 20 2017......SUNRISE   646 AM CST   SUNSET   501 PM CST


-  INDICATES NEGATIVE NUMBERS.
R  INDICATES RECORD WAS SET OR TIED.
MM INDICATES DATA IS MISSING.
T  INDICATES TRACE AMOUNT.




$$
