000
CDUS44 KLZK 210909
CLIPBF


CLIMATE REPORT
NATIONAL WEATHER SERVICE LITTLE ROCK AR
409 AM CDT MON APR 21 2014


...................................

...THE PINE BLUFF CLIMATE SUMMARY FOR APRIL 20 2014...

CLIMATE NORMAL PERIOD 1981 TO 2010
CLIMATE RECORD PERIOD 1883 TO 2014


WEATHER ITEM   OBSERVED TIME   RECORD YEAR NORMAL DEPARTURE LAST
                VALUE   (LST)  VALUE       VALUE  FROM      YEAR
                                                  NORMAL
..................................................................
TEMPERATURE (F)
 YESTERDAY
  MAXIMUM         81    442 PM  94    1987  75      6       68
  MINIMUM         52    454 AM  36    1910  53     -1       40
  AVERAGE         67                        64      3       54

PRECIPITATION (IN)
  YESTERDAY        0.00          2.44 2011   0.16  -0.16     0.00
  MONTH TO DATE    3.55                      3.27   0.28     4.69
  SINCE MAR 1      8.01                      8.67  -0.66     8.51
  SINCE JAN 1     13.44                     16.49  -3.05    19.82

SNOWFALL (IN)
  YESTERDAY        0.0           T    1983   0.0    0.0      0.0
  MONTH TO DATE    0.0                       0.0    0.0      0.0
  SINCE MAR 1      T                         0.0    0.0      0.0
  SINCE JUL 1      3.7                       3.1    0.6      2.1
  SNOW DEPTH       0

DEGREE DAYS
 HEATING
  YESTERDAY        0                         3     -3       11
  MONTH TO DATE  138                       105     33      143
  SINCE MAR 1    622                       452    170      637
  SINCE JUL 1   3391                      2840    551     2848

 COOLING
  YESTERDAY        2                         2      0        0
  MONTH TO DATE   24                        34    -10       45
  SINCE MAR 1     24                        51    -27       48
  SINCE JAN 1     24                        54    -30       53
..................................................................


WIND (MPH)
  HIGHEST WIND SPEED    12   HIGHEST WIND DIRECTION     E (100)
  HIGHEST GUST SPEED    14   HIGHEST GUST DIRECTION    SE (120)
  AVERAGE WIND SPEED     2.0


SKY COVER
  POSSIBLE SUNSHINE  MM
  AVERAGE SKY COVER 0.0


WEATHER CONDITIONS
 THE FOLLOWING WEATHER WAS RECORDED YESTERDAY.
  FOG


RELATIVE HUMIDITY (PERCENT)
 HIGHEST    96           500 AM
 LOWEST     36           200 PM
 AVERAGE    66

..........................................................


THE PINE BLUFF CLIMATE NORMALS FOR TODAY
                         NORMAL    RECORD    YEAR
 MAXIMUM TEMPERATURE (F)   76        93      1925
 MINIMUM TEMPERATURE (F)   53        38      1953


SUNRISE AND SUNSET
APRIL 21 2014.........SUNRISE   629 AM CDT   SUNSET   744 PM CDT
APRIL 22 2014.........SUNRISE   628 AM CDT   SUNSET   745 PM CDT


-  INDICATES NEGATIVE NUMBERS.
R  INDICATES RECORD WAS SET OR TIED.
MM INDICATES DATA IS MISSING.
T  INDICATES TRACE AMOUNT.




$$
