000
CDUS42 KMFL 302126
CLIPBI


CLIMATE REPORT
NATIONAL WEATHER SERVICE MIAMI, FL
425 PM EST FRI JAN 30 2015


...................................

...THE WEST PALM BEACH CLIMATE SUMMARY FOR JANUARY 30 2015...
VALID TODAY AS OF 0400 PM LOCAL TIME.

CLIMATE NORMAL PERIOD 1981 TO 2010
CLIMATE RECORD PERIOD 1888 TO 2015


WEATHER ITEM   OBSERVED TIME   RECORD YEAR NORMAL DEPARTURE LAST
                VALUE   (LST)  VALUE       VALUE  FROM      YEAR
                                                  NORMAL
..................................................................
TEMPERATURE (F)
 TODAY
  MAXIMUM         76    229 PM  87    1991  75      1       67
  MINIMUM         54    738 AM  35    1966  57     -3       64
  AVERAGE         65                        66     -1       66

PRECIPITATION (IN)
  TODAY            0.00          3.35 1926   0.09  -0.09     2.72
  MONTH TO DATE    1.05                      3.04  -1.99     9.93
  SINCE NOV 1      4.75                     11.17  -6.42    17.05
  SINCE JAN 1      1.05                      3.04  -1.99     9.93

SNOWFALL (IN)
  TODAY            0.0
  MONTH TO DATE    0.0
  SINCE DEC 1      0.0
  SINCE JUL 1      0.0
  SNOW DEPTH       0

DEGREE DAYS
 HEATING
  TODAY            0                         2     -2
  MONTH TO DATE   27                        86    -59
  SINCE DEC 1     52                       145    -93
  SINCE JUL 1     69                       157    -88

 COOLING
  TODAY            0                         4     -4
  MONTH TO DATE  164                       102     62
  SINCE DEC 1    362                       257    105
  SINCE JAN 1    164                       102     62
..................................................................


WIND (MPH)
  HIGHEST WIND SPEED    16   HIGHEST WIND DIRECTION    NW (310)
  HIGHEST GUST SPEED    21   HIGHEST GUST DIRECTION     W (270)
  AVERAGE WIND SPEED     7.1


SKY COVER
  AVERAGE SKY COVER 0.5


WEATHER CONDITIONS
 THE FOLLOWING WEATHER WAS RECORDED TODAY.
  NO SIGNIFICANT WEATHER WAS OBSERVED.


RELATIVE HUMIDITY (PERCENT)
 HIGHEST    80
 LOWEST     36
 AVERAGE    58

..........................................................


THE WEST PALM BEACH CLIMATE NORMALS FOR TOMORROW
                         NORMAL    RECORD    YEAR
 MAXIMUM TEMPERATURE (F)   75        87      1991
 MINIMUM TEMPERATURE (F)   58        32      1966


SUNRISE AND SUNSET
JANUARY 30 2015.......SUNRISE   707 AM EST   SUNSET   601 PM EST
JANUARY 31 2015.......SUNRISE   706 AM EST   SUNSET   602 PM EST


-  INDICATES NEGATIVE NUMBERS.
R  INDICATES RECORD WAS SET OR TIED.
MM INDICATES DATA IS MISSING.
T  INDICATES TRACE AMOUNT.




$$
