000
CDUS42 KMFL 270922
CLIPBI


CLIMATE REPORT
NATIONAL WEATHER SERVICE MIAMI, FL
422 AM EST MON FEB 27 2017


...................................

...THE WEST PALM BEACH CLIMATE SUMMARY FOR FEBRUARY 26 2017...

CLIMATE NORMAL PERIOD 1981 TO 2010
CLIMATE RECORD PERIOD 1888 TO 2017


WEATHER ITEM   OBSERVED TIME   RECORD YEAR NORMAL DEPARTURE LAST
                VALUE   (LST)  VALUE       VALUE  FROM      YEAR
                                                  NORMAL
..................................................................
TEMPERATURE (F)
 YESTERDAY
  MAXIMUM         81    228 PM  90    1918  77      4       71
  MINIMUM         63    652 AM  35    1967  60      3       49
  AVERAGE         72                        69      3       60

PRECIPITATION (IN)
  YESTERDAY        0.00          2.90 1952   0.12  -0.12     0.00
  MONTH TO DATE    1.73                      2.59  -0.86     2.66
  SINCE NOV 1      7.20                     13.85  -6.65    22.96
  SINCE JAN 1      2.73                      5.72  -2.99    12.56

SNOWFALL (IN)
  YESTERDAY        0.0
  MONTH TO DATE    0.0
  SINCE DEC 1      0.0
  SINCE JUL 1      0.0
  SNOW DEPTH       0

DEGREE DAYS
 HEATING
  YESTERDAY        0                         1     -1        5
  MONTH TO DATE    2                        46    -44       60
  SINCE DEC 1     51                       191   -140      126
  SINCE JUL 1     52                       203   -151      126

 COOLING
  YESTERDAY        7                         5      2        0
  MONTH TO DATE  146                       118     28      108
  SINCE DEC 1    610                       381    229      555
  SINCE JAN 1    317                       226     91      199
..................................................................


WIND (MPH)
  HIGHEST WIND SPEED    17   HIGHEST WIND DIRECTION    NE (40)
  HIGHEST GUST SPEED    24   HIGHEST GUST DIRECTION    NE (50)
  AVERAGE WIND SPEED    11.6


SKY COVER
  AVERAGE SKY COVER 0.4


WEATHER CONDITIONS
 THE FOLLOWING WEATHER WAS RECORDED YESTERDAY.
  NO SIGNIFICANT WEATHER WAS OBSERVED.


RELATIVE HUMIDITY (PERCENT)
 HIGHEST    87
 LOWEST     54
 AVERAGE    71

..........................................................


THE WEST PALM BEACH CLIMATE NORMALS FOR TODAY
                         NORMAL    RECORD    YEAR
 MAXIMUM TEMPERATURE (F)   78        89      1959
 MINIMUM TEMPERATURE (F)   61        40      1965


SUNRISE AND SUNSET
FEBRUARY 27 2017......SUNRISE   646 AM EST   SUNSET   621 PM EST
FEBRUARY 28 2017......SUNRISE   645 AM EST   SUNSET   621 PM EST


-  INDICATES NEGATIVE NUMBERS.
R  INDICATES RECORD WAS SET OR TIED.
MM INDICATES DATA IS MISSING.
T  INDICATES TRACE AMOUNT.




$$
