670
CDUS42 KMFL 122115
CLIPBI


CLIMATE REPORT
NATIONAL WEATHER SERVICE MIAMI, FL
415 PM EST FRI FEB 12 2016


...................................

...THE WEST PALM BEACH CLIMATE SUMMARY FOR FEBRUARY 12 2016...
VALID TODAY AS OF 0400 PM LOCAL TIME.

CLIMATE NORMAL PERIOD 1981 TO 2010
CLIMATE RECORD PERIOD 1888 TO 2016


WEATHER ITEM   OBSERVED TIME   RECORD YEAR NORMAL DEPARTURE LAST
                VALUE   (LST)  VALUE       VALUE  FROM      YEAR
                                                  NORMAL
..................................................................
TEMPERATURE (F)
 TODAY
  MAXIMUM         74    105 PM  87    1975  76     -2       74
                                      1940
                                      1913
  MINIMUM         49    633 AM  33    1919  59    -10       51
  AVERAGE         62                        68     -6       63

PRECIPITATION (IN)
  TODAY            0.00          2.66 1984   0.10  -0.10     0.00
  MONTH TO DATE    0.88                      1.14  -0.26     1.58
  SINCE NOV 1     21.18                     12.40   8.78     6.33
  SINCE JAN 1     10.78                      4.27   6.51     2.63

SNOWFALL (IN)
  TODAY            0.0
  MONTH TO DATE    0.0
  SINCE DEC 1      0.0
  SINCE JUL 1      0.0
  SNOW DEPTH       0

DEGREE DAYS
 HEATING
  TODAY            3                         2      1        2
  MONTH TO DATE   45                        24     21        6
  SINCE DEC 1    111                       169    -58       59
  SINCE JUL 1    111                       181    -70       76

 COOLING
  TODAY            0                         4     -4        0
  MONTH TO DATE   46                        48     -2       40
  SINCE DEC 1    493                       311    182      402
  SINCE JAN 1    137                       156    -19      204
..................................................................


WIND (MPH)
  HIGHEST WIND SPEED    13   HIGHEST WIND DIRECTION    SE (140)
  HIGHEST GUST SPEED    16   HIGHEST GUST DIRECTION     W (280)
  AVERAGE WIND SPEED     4.9


SKY COVER
  AVERAGE SKY COVER 0.2


WEATHER CONDITIONS
 THE FOLLOWING WEATHER WAS RECORDED TODAY.
  NO SIGNIFICANT WEATHER WAS OBSERVED.


RELATIVE HUMIDITY (PERCENT)
 HIGHEST    80
 LOWEST     45
 AVERAGE    63

..........................................................


THE WEST PALM BEACH CLIMATE NORMALS FOR TOMORROW
                         NORMAL    RECORD    YEAR
 MAXIMUM TEMPERATURE (F)   76        89      1905
 MINIMUM TEMPERATURE (F)   59        35      1925


SUNRISE AND SUNSET
FEBRUARY 12 2016......SUNRISE   659 AM EST   SUNSET   611 PM EST
FEBRUARY 13 2016......SUNRISE   658 AM EST   SUNSET   611 PM EST


-  INDICATES NEGATIVE NUMBERS.
R  INDICATES RECORD WAS SET OR TIED.
MM INDICATES DATA IS MISSING.
T  INDICATES TRACE AMOUNT.




$$
