000
CDUS42 KMFL 050938
CLIPBI


CLIMATE REPORT
NATIONAL WEATHER SERVICE MIAMI, FL
437 AM EST MON DEC 5 2016


...................................

...THE WEST PALM BEACH CLIMATE SUMMARY FOR DECEMBER 4 2016...

CLIMATE NORMAL PERIOD 1981 TO 2010
CLIMATE RECORD PERIOD 1888 TO 2016


WEATHER ITEM   OBSERVED TIME   RECORD YEAR NORMAL DEPARTURE LAST
                VALUE   (LST)  VALUE       VALUE  FROM      YEAR
                                                  NORMAL
..................................................................
TEMPERATURE (F)
 YESTERDAY
  MAXIMUM         80    230 PM  89    1942  78      2       76
  MINIMUM         73    332 AM  42    1974  62     11       70
  AVERAGE         77                        70      7       73

PRECIPITATION (IN)
  YESTERDAY        T             2.01 2015   0.11  -0.11     2.01
  MONTH TO DATE    0.44                      0.45  -0.01     3.95
  SINCE NOV 1      1.44                      5.20  -3.76     7.01
  SINCE JAN 1     48.05                     59.40 -11.35    47.23

SNOWFALL (IN)
  YESTERDAY        0.0
  MONTH TO DATE    0.0
  SINCE DEC 1      0.0
  SINCE JUL 1      0.0
  SNOW DEPTH       0

DEGREE DAYS
 HEATING
  YESTERDAY        0                         1     -1        0
  MONTH TO DATE    0                         4     -4        0
  SINCE DEC 1      0                         4     -4        0
  SINCE JUL 1      1                        16    -15        0

 COOLING
  YESTERDAY       12                         6      6        8
  MONTH TO DATE   48                        24     24       43
  SINCE DEC 1     48                        24     24       43
  SINCE JAN 1   4454                      3890    564     4632
..................................................................


WIND (MPH)
  HIGHEST WIND SPEED    20   HIGHEST WIND DIRECTION     E (110)
  HIGHEST GUST SPEED    22   HIGHEST GUST DIRECTION    SE (120)
  AVERAGE WIND SPEED    12.9


SKY COVER
  AVERAGE SKY COVER 0.7


WEATHER CONDITIONS
 THE FOLLOWING WEATHER WAS RECORDED YESTERDAY.
  LIGHT RAIN


RELATIVE HUMIDITY (PERCENT)
 HIGHEST    82
 LOWEST     62
 AVERAGE    72

..........................................................


THE WEST PALM BEACH CLIMATE NORMALS FOR TODAY
                         NORMAL    RECORD    YEAR
 MAXIMUM TEMPERATURE (F)   78        90      1941
 MINIMUM TEMPERATURE (F)   62        41      1968


SUNRISE AND SUNSET
DECEMBER  5 2016......SUNRISE   655 AM EST   SUNSET   527 PM EST
DECEMBER  6 2016......SUNRISE   656 AM EST   SUNSET   528 PM EST


-  INDICATES NEGATIVE NUMBERS.
R  INDICATES RECORD WAS SET OR TIED.
MM INDICATES DATA IS MISSING.
T  INDICATES TRACE AMOUNT.




$$
