000
CDUS42 KMFL 190828
CLIPBI


CLIMATE REPORT
NATIONAL WEATHER SERVICE MIAMI, FL
427 AM EDT FRI SEP 19 2014


...................................

...THE WEST PALM BEACH CLIMATE SUMMARY FOR SEPTEMBER 18 2014...

CLIMATE NORMAL PERIOD 1981 TO 2010
CLIMATE RECORD PERIOD 1894 TO 2014


WEATHER ITEM   OBSERVED TIME   RECORD YEAR NORMAL DEPARTURE LAST
                VALUE   (LST)  VALUE       VALUE  FROM      YEAR
                                                  NORMAL
..................................................................
TEMPERATURE (F)
 YESTERDAY
  MAXIMUM         88    159 PM  95    1900  88      0       86
  MINIMUM         73    615 AM  66    1920  75     -2       73
  AVERAGE         81                        82     -1       80

PRECIPITATION (IN)
  YESTERDAY        0.11          4.35 1926   0.30  -0.19     2.65
  MONTH TO DATE    5.71                      5.13   0.58     6.93
  SINCE JUN 1     31.13                     27.14   3.99    29.60
  SINCE JAN 1     48.85                     45.85   3.00    54.55

SNOWFALL (IN)
  YESTERDAY        0.0
  MONTH TO DATE    0.0
  SINCE SEP 1      0.0
  SINCE JUL 1      0.0
  SNOW DEPTH       0

DEGREE DAYS
 HEATING
  YESTERDAY        0                         0      0
  MONTH TO DATE    0                         0      0
  SINCE SEP 1      0                         0      0
  SINCE JUL 1      0                         0      0

 COOLING
  YESTERDAY       16                        17     -1
  MONTH TO DATE  313                       306      7
  SINCE SEP 1    313                       306      7
  SINCE JAN 1   3321                      3012    309
..................................................................


WIND (MPH)
  HIGHEST WIND SPEED    14   HIGHEST WIND DIRECTION    SE (120)
  HIGHEST GUST SPEED    18   HIGHEST GUST DIRECTION    SE (120)
  AVERAGE WIND SPEED     5.6


SKY COVER
  AVERAGE SKY COVER 0.6


WEATHER CONDITIONS
 THE FOLLOWING WEATHER WAS RECORDED YESTERDAY.
  THUNDERSTORM
  RAIN
  LIGHT RAIN


RELATIVE HUMIDITY (PERCENT)
 HIGHEST    94
 LOWEST     65
 AVERAGE    80

..........................................................


THE WEST PALM BEACH CLIMATE NORMALS FOR TODAY
                         NORMAL    RECORD    YEAR
 MAXIMUM TEMPERATURE (F)   88        94      1951
 MINIMUM TEMPERATURE (F)   75        68      1910


SUNRISE AND SUNSET
SEPTEMBER 19 2014.....SUNRISE   708 AM EDT   SUNSET   720 PM EDT
SEPTEMBER 20 2014.....SUNRISE   708 AM EDT   SUNSET   719 PM EDT


-  INDICATES NEGATIVE NUMBERS.
R  INDICATES RECORD WAS SET OR TIED.
MM INDICATES DATA IS MISSING.
T  INDICATES TRACE AMOUNT.




$$
