000
CDUS42 KMFL 170944
CLIPBI


CLIMATE REPORT
NATIONAL WEATHER SERVICE MIAMI, FL
444 AM EST WED DEC 17 2014


...................................

...THE WEST PALM BEACH CLIMATE SUMMARY FOR DECEMBER 16 2014...

CLIMATE NORMAL PERIOD 1981 TO 2010
CLIMATE RECORD PERIOD 1888 TO 2014


WEATHER ITEM   OBSERVED TIME   RECORD YEAR NORMAL DEPARTURE LAST
                VALUE   (LST)  VALUE       VALUE  FROM      YEAR
                                                  NORMAL
..................................................................
TEMPERATURE (F)
 YESTERDAY
  MAXIMUM         78    235 PM  86    1927  76      2       74
  MINIMUM         55    725 AM  33    1968  60     -5       60
  AVERAGE         67                        68     -1       67

PRECIPITATION (IN)
  YESTERDAY        0.00          1.70 1892   0.11  -0.11     0.00
  MONTH TO DATE    0.41                      1.70  -1.29     4.18
  SINCE NOV 1      2.35                      6.45  -4.10     6.96
  SINCE JAN 1     59.94                     60.65  -0.71    64.82

SNOWFALL (IN)
  YESTERDAY        0.0
  MONTH TO DATE    0.0
  SINCE DEC 1      0.0
  SINCE JUL 1      0.0
  SNOW DEPTH       0

DEGREE DAYS
 HEATING
  YESTERDAY        0                         2     -2
  MONTH TO DATE   25                        22      3
  SINCE DEC 1     25                        22      3
  SINCE JUL 1     42                        34      8

 COOLING
  YESTERDAY        2                         5     -3
  MONTH TO DATE   81                        89     -8
  SINCE DEC 1     81                        89     -8
  SINCE JAN 1   4221                      3955    266
..................................................................


WIND (MPH)
  HIGHEST WIND SPEED    12   HIGHEST WIND DIRECTION     W (270)
  HIGHEST GUST SPEED    15   HIGHEST GUST DIRECTION     W (270)
  AVERAGE WIND SPEED     4.0


SKY COVER
  AVERAGE SKY COVER 0.2


WEATHER CONDITIONS
 THE FOLLOWING WEATHER WAS RECORDED YESTERDAY.
  NO SIGNIFICANT WEATHER WAS OBSERVED.


RELATIVE HUMIDITY (PERCENT)
 HIGHEST    86
 LOWEST     46
 AVERAGE    66

..........................................................


THE WEST PALM BEACH CLIMATE NORMALS FOR TODAY
                         NORMAL    RECORD    YEAR
 MAXIMUM TEMPERATURE (F)   76        87      1925
 MINIMUM TEMPERATURE (F)   60        28      1920


SUNRISE AND SUNSET
DECEMBER 17 2014......SUNRISE   702 AM EST   SUNSET   531 PM EST
DECEMBER 18 2014......SUNRISE   703 AM EST   SUNSET   531 PM EST


-  INDICATES NEGATIVE NUMBERS.
R  INDICATES RECORD WAS SET OR TIED.
MM INDICATES DATA IS MISSING.
T  INDICATES TRACE AMOUNT.




$$
