000
CDUS42 KMFL 250821
CLIPBI


CLIMATE REPORT
NATIONAL WEATHER SERVICE MIAMI, FL
421 AM EDT MON JUL 25 2016


...................................

...THE WEST PALM BEACH CLIMATE SUMMARY FOR JULY 24 2016...

CLIMATE NORMAL PERIOD 1981 TO 2010
CLIMATE RECORD PERIOD 1888 TO 2016


WEATHER ITEM   OBSERVED TIME   RECORD YEAR NORMAL DEPARTURE LAST
                VALUE   (LST)  VALUE       VALUE  FROM      YEAR
                                                  NORMAL
..................................................................
TEMPERATURE (F)
 YESTERDAY
  MAXIMUM         87    509 PM  97    1912  90     -3       91
  MINIMUM         75    524 AM  67    1940  76     -1       77
  AVERAGE         81                        83     -2       84

PRECIPITATION (IN)
  YESTERDAY        T             2.00 1933   0.17  -0.17     0.10
  MONTH TO DATE    1.50                      4.51  -3.01     3.84
  SINCE JUN 1      6.02                     12.81  -6.79     7.86
  SINCE JAN 1     27.41                     31.52  -4.11    21.61

SNOWFALL (IN)
  YESTERDAY        0.0
  MONTH TO DATE    0.0
  SINCE JUN 1      0.0
  SINCE JUL 1      0.0
  SNOW DEPTH       0

DEGREE DAYS
 HEATING
  YESTERDAY        0                         0      0        0
  MONTH TO DATE    0                         0      0        0
  SINCE JUN 1      0                         0      0        0
  SINCE JUL 1      0                         0      0        0

 COOLING
  YESTERDAY       16                        18     -2       19
  MONTH TO DATE  516                       421     95      452
  SINCE JUN 1   1065                       911    154      987
  SINCE JAN 1   2346                      2020    326     2521
..................................................................


WIND (MPH)
  HIGHEST WIND SPEED    17   HIGHEST WIND DIRECTION     E (100)
  HIGHEST GUST SPEED    20   HIGHEST GUST DIRECTION    SE (130)
  AVERAGE WIND SPEED     5.8


SKY COVER
  AVERAGE SKY COVER 0.6


WEATHER CONDITIONS
 THE FOLLOWING WEATHER WAS RECORDED YESTERDAY.
  THUNDERSTORM


RELATIVE HUMIDITY (PERCENT)
 HIGHEST    87
 LOWEST     53
 AVERAGE    70

..........................................................


THE WEST PALM BEACH CLIMATE NORMALS FOR TODAY
                         NORMAL    RECORD    YEAR
 MAXIMUM TEMPERATURE (F)   90        98      1912
 MINIMUM TEMPERATURE (F)   76        66      1940


SUNRISE AND SUNSET
JULY 25 2016..........SUNRISE   642 AM EDT   SUNSET   812 PM EDT
JULY 26 2016..........SUNRISE   642 AM EDT   SUNSET   811 PM EDT


-  INDICATES NEGATIVE NUMBERS.
R  INDICATES RECORD WAS SET OR TIED.
MM INDICATES DATA IS MISSING.
T  INDICATES TRACE AMOUNT.




$$
