000
CDUS42 KMFL 240822
CLIPBI


CLIMATE REPORT
NATIONAL WEATHER SERVICE MIAMI, FL
421 AM EDT FRI OCT 24 2014


...................................

...THE WEST PALM BEACH CLIMATE SUMMARY FOR OCTOBER 23 2014...

CLIMATE NORMAL PERIOD 1981 TO 2010
CLIMATE RECORD PERIOD 1894 TO 2014


WEATHER ITEM   OBSERVED TIME   RECORD YEAR NORMAL DEPARTURE LAST
                VALUE   (LST)  VALUE       VALUE  FROM      YEAR
                                                  NORMAL
..................................................................
TEMPERATURE (F)
 YESTERDAY
  MAXIMUM         79    227 PM  92    1959  84     -5       89
  MINIMUM         72    439 AM  47    1923  70      2       75
  AVERAGE         76                        77     -1       82

PRECIPITATION (IN)
  YESTERDAY        0.59          8.47 1933   0.16   0.43     0.00
  MONTH TO DATE    5.05                      3.94   1.11     1.13
  SINCE JUN 1     39.61                     34.30   5.31    32.90
  SINCE JAN 1     57.33                     53.01   4.32    57.85

SNOWFALL (IN)
  YESTERDAY        0.0
  MONTH TO DATE    0.0
  SINCE SEP 1      0.0
  SINCE JUL 1      0.0
  SNOW DEPTH       0

DEGREE DAYS
 HEATING
  YESTERDAY        0                         0      0
  MONTH TO DATE    0                         0      0
  SINCE SEP 1      0                         0      0
  SINCE JUL 1      0                         0      0

 COOLING
  YESTERDAY       11                        12     -1
  MONTH TO DATE  333                       323     10
  SINCE SEP 1    845                       825     20
  SINCE JAN 1   3853                      3531    322
..................................................................


WIND (MPH)
  HIGHEST WIND SPEED    18   HIGHEST WIND DIRECTION     E (90)
  HIGHEST GUST SPEED    23   HIGHEST GUST DIRECTION     E (90)
  AVERAGE WIND SPEED    10.4


SKY COVER
  AVERAGE SKY COVER 0.9


WEATHER CONDITIONS
 THE FOLLOWING WEATHER WAS RECORDED YESTERDAY.
  HEAVY RAIN
  LIGHT RAIN
  FOG


RELATIVE HUMIDITY (PERCENT)
 HIGHEST    93
 LOWEST     58
 AVERAGE    76

..........................................................


THE WEST PALM BEACH CLIMATE NORMALS FOR TODAY
                         NORMAL    RECORD    YEAR
 MAXIMUM TEMPERATURE (F)   84        89      2001
 MINIMUM TEMPERATURE (F)   70        49      1923


SUNRISE AND SUNSET
OCTOBER 24 2014.......SUNRISE   725 AM EDT   SUNSET   644 PM EDT
OCTOBER 25 2014.......SUNRISE   726 AM EDT   SUNSET   643 PM EDT


-  INDICATES NEGATIVE NUMBERS.
R  INDICATES RECORD WAS SET OR TIED.
MM INDICATES DATA IS MISSING.
T  INDICATES TRACE AMOUNT.




$$
