000
CDUS42 KMFL 250936
CLIPBI


CLIMATE REPORT
NATIONAL WEATHER SERVICE MIAMI, FL
435 AM EST TUE NOV 25 2014


...................................

...THE WEST PALM BEACH CLIMATE SUMMARY FOR NOVEMBER 24 2014...

CLIMATE NORMAL PERIOD 1981 TO 2010
CLIMATE RECORD PERIOD 1894 TO 2014


WEATHER ITEM   OBSERVED TIME   RECORD YEAR NORMAL DEPARTURE LAST
                VALUE   (LST)  VALUE       VALUE  FROM      YEAR
                                                  NORMAL
..................................................................
TEMPERATURE (F)
 YESTERDAY
  MAXIMUM         87    216 PM  89    1948  79      8       82
  MINIMUM         77    711 AM  39    1925  64     13       67
  AVERAGE         82                        71     11       75

PRECIPITATION (IN)
  YESTERDAY        0.01          1.85 1932   0.13  -0.12     0.55
  MONTH TO DATE    1.80                      3.96  -2.16     2.09
  SINCE NOV 1      1.80                      3.96  -2.16     2.09
  SINCE JAN 1     59.39                     58.16   1.23    59.95

SNOWFALL (IN)
  YESTERDAY        0.0
  MONTH TO DATE    0.0
  SINCE SEP 1      0.0
  SINCE JUL 1      0.0
  SNOW DEPTH       0

DEGREE DAYS
 HEATING
  YESTERDAY        0                         1     -1
  MONTH TO DATE   10                         3      7
  SINCE SEP 1     10                         4      6
  SINCE JUL 1     10                         4      6

 COOLING
  YESTERDAY       17                         7     10
  MONTH TO DATE  174                       204    -30
  SINCE SEP 1   1102                      1119    -17
  SINCE JAN 1   4110                      3825    285
..................................................................


WIND (MPH)
  HIGHEST WIND SPEED    18   HIGHEST WIND DIRECTION    SE (140)
  HIGHEST GUST SPEED    23   HIGHEST GUST DIRECTION    SE (150)
  AVERAGE WIND SPEED    10.0


SKY COVER
  AVERAGE SKY COVER 0.5


WEATHER CONDITIONS
 THE FOLLOWING WEATHER WAS RECORDED YESTERDAY.
  LIGHT RAIN


RELATIVE HUMIDITY (PERCENT)
 HIGHEST    94
 LOWEST     68
 AVERAGE    81

..........................................................


THE WEST PALM BEACH CLIMATE NORMALS FOR TODAY
                         NORMAL    RECORD    YEAR
 MAXIMUM TEMPERATURE (F)   79        88      1947
 MINIMUM TEMPERATURE (F)   64        36      1917


SUNRISE AND SUNSET
NOVEMBER 25 2014......SUNRISE   647 AM EST   SUNSET   527 PM EST
NOVEMBER 26 2014......SUNRISE   648 AM EST   SUNSET   527 PM EST


-  INDICATES NEGATIVE NUMBERS.
R  INDICATES RECORD WAS SET OR TIED.
MM INDICATES DATA IS MISSING.
T  INDICATES TRACE AMOUNT.




$$
