557
CDUS42 KMFL 220823
CLIPBI


CLIMATE REPORT
NATIONAL WEATHER SERVICE MIAMI, FL
423 AM EDT TUE AUG 22 2017


...................................

...THE WEST PALM BEACH CLIMATE SUMMARY FOR AUGUST 21 2017...

CLIMATE NORMAL PERIOD 1981 TO 2010
CLIMATE RECORD PERIOD 1888 TO 2017


WEATHER ITEM   OBSERVED TIME   RECORD YEAR NORMAL DEPARTURE LAST
                VALUE   (LST)  VALUE       VALUE  FROM      YEAR
                                                  NORMAL
..................................................................
TEMPERATURE (F)
 YESTERDAY
  MAXIMUM         94    401 PM  96    1993  90      4       94
                                      1991
                                      1949
  MINIMUM         83    537 AM  68    1969  76      7       78
  AVERAGE         89                        83      6       86

PRECIPITATION (IN)
  YESTERDAY        0.00          2.85 1991   0.26  -0.26     0.15
  MONTH TO DATE    3.67                      5.19  -1.52     2.88
  SINCE JUN 1     21.43                     19.25   2.18     8.99
  SINCE JAN 1     32.84                     37.96  -5.12    30.38

SNOWFALL (IN)
  YESTERDAY        0.0
  MONTH TO DATE    0.0
  SINCE JUN 1      0.0
  SINCE JUL 1      0.0
  SNOW DEPTH       0

DEGREE DAYS
 HEATING
  YESTERDAY        0                         0      0        0
  MONTH TO DATE    0                         0      0        0
  SINCE JUN 1      0                         0      0        0
  SINCE JUL 1      0                         0      0        0

 COOLING
  YESTERDAY       24                        18      6       21
  MONTH TO DATE  427                       378     49      433
  SINCE JUN 1   1546                      1417    129     1647
  SINCE JAN 1   2870                      2526    344     2928
..................................................................


WIND (MPH)
  HIGHEST WIND SPEED    18   HIGHEST WIND DIRECTION     E (90)
  HIGHEST GUST SPEED    23   HIGHEST GUST DIRECTION     E (110)
  AVERAGE WIND SPEED    11.9


SKY COVER
  AVERAGE SKY COVER 0.5


WEATHER CONDITIONS
 THE FOLLOWING WEATHER WAS RECORDED YESTERDAY.
  NO SIGNIFICANT WEATHER WAS OBSERVED.


RELATIVE HUMIDITY (PERCENT)
 HIGHEST    80
 LOWEST     52
 AVERAGE    66

..........................................................


THE WEST PALM BEACH CLIMATE NORMALS FOR TODAY
                         NORMAL    RECORD    YEAR
 MAXIMUM TEMPERATURE (F)   90        94      2005
                                             1981
                                             1969
 MINIMUM TEMPERATURE (F)   76        67      1921


SUNRISE AND SUNSET
AUGUST 22 2017........SUNRISE   656 AM EDT   SUNSET   750 PM EDT
AUGUST 23 2017........SUNRISE   656 AM EDT   SUNSET   749 PM EDT


-  INDICATES NEGATIVE NUMBERS.
R  INDICATES RECORD WAS SET OR TIED.
MM INDICATES DATA IS MISSING.
T  INDICATES TRACE AMOUNT.




$$
