000
CDUS42 KMFL 142119
CLIPBI


CLIMATE REPORT
NATIONAL WEATHER SERVICE MIAMI, FL
417 PM EST THU DEC 14 2017


...................................

...THE WEST PALM BEACH CLIMATE SUMMARY FOR DECEMBER 14 2017...
VALID TODAY AS OF 0400 PM LOCAL TIME.

CLIMATE NORMAL PERIOD 1981 TO 2010
CLIMATE RECORD PERIOD 1888 TO 2017


WEATHER ITEM   OBSERVED TIME   RECORD YEAR NORMAL DEPARTURE LAST
                VALUE   (LST)  VALUE       VALUE  FROM      YEAR
                                                  NORMAL
..................................................................
TEMPERATURE (F)
 TODAY
  MAXIMUM         72    213 PM  87    1920  76     -4       84
  MINIMUM         42    708 AM  32    2010  60    -18       67
  AVERAGE         57                        68    -11       76

PRECIPITATION (IN)
  TODAY            0.00          8.22 2006   0.11  -0.11     0.00
  MONTH TO DATE    0.63                      1.49  -0.86     2.31
  SINCE NOV 1      3.32                      6.24  -2.92     3.31
  SINCE JAN 1     59.01                     60.44  -1.43    49.92

SNOWFALL (IN)
  TODAY            0.0
  MONTH TO DATE    0.0
  SINCE DEC 1      0.0
  SINCE JUL 1      0.0
  SNOW DEPTH       0

DEGREE DAYS
 HEATING
  TODAY            8                         2      6        0
  MONTH TO DATE   42                        18     24        0
  SINCE DEC 1     42                        18     24        0
  SINCE JUL 1     46                        30     16        1

 COOLING
  TODAY            0                         5     -5       11
  MONTH TO DATE   82                        79      3      144
  SINCE DEC 1     82                        79      3      144
  SINCE JAN 1   4457                      3945    512     4550
..................................................................


WIND (MPH)
  HIGHEST WIND SPEED    13   HIGHEST WIND DIRECTION    SE (140)
  HIGHEST GUST SPEED    15   HIGHEST GUST DIRECTION    SE (150)
  AVERAGE WIND SPEED     3.8


SKY COVER
  AVERAGE SKY COVER 0.1


WEATHER CONDITIONS
 THE FOLLOWING WEATHER WAS RECORDED TODAY.
  NO SIGNIFICANT WEATHER WAS OBSERVED.


RELATIVE HUMIDITY (PERCENT)
 HIGHEST   100
 LOWEST     20
 AVERAGE    60

..........................................................


THE WEST PALM BEACH CLIMATE NORMALS FOR TOMORROW
                         NORMAL    RECORD    YEAR
 MAXIMUM TEMPERATURE (F)   76        87      1951
 MINIMUM TEMPERATURE (F)   60        35      2010


SUNRISE AND SUNSET
DECEMBER 14 2017......SUNRISE   701 AM EST   SUNSET   530 PM EST
DECEMBER 15 2017......SUNRISE   701 AM EST   SUNSET   530 PM EST


-  INDICATES NEGATIVE NUMBERS.
R  INDICATES RECORD WAS SET OR TIED.
MM INDICATES DATA IS MISSING.
T  INDICATES TRACE AMOUNT.




$$
