000
CDUS42 KFFC 300817
CLIPDK


CLIMATE REPORT
NATIONAL WEATHER SERVICE PEACHTREE CITY GA
416 AM EDT TUE SEP 30 2014


...................................

...THE DEKALB PEACHTREE AIRPORT CLIMATE SUMMARY FOR SEPTEMBER 29 2014...

CLIMATE NORMAL PERIOD 1981 TO 2010
CLIMATE RECORD PERIOD 9999 TO 9999


WEATHER ITEM   OBSERVED TIME   RECORD YEAR NORMAL DEPARTURE LAST
                VALUE   (LST)  VALUE       VALUE  FROM      YEAR
                                                  NORMAL
..................................................................
TEMPERATURE (F)
 YESTERDAY
  MAXIMUM         70   1236 PM  MM      MM  78     -8       74
  MINIMUM         66   1159 PM  MM      MM  58      8       56
  AVERAGE         68                        68      0       65

PRECIPITATION (IN)
  YESTERDAY        0.15         MM      MM   0.17  -0.02     0.00
  MONTH TO DATE    5.20                      4.40   0.80     3.07
  SINCE SEP 1      5.20                      4.40   0.80     3.07
  SINCE JAN 1     35.41                     40.98  -5.57    39.53

DEGREE DAYS
 HEATING
  YESTERDAY        0                         1     -1        0
  MONTH TO DATE    0                         7     -7        1
  SINCE SEP 1      0                         7     -7        1
  SINCE JUL 1      0                         7     -7        2

 COOLING
  YESTERDAY        3                         4     -1        0
  MONTH TO DATE  280                       242     38      240
  SINCE SEP 1    280                       242     38      240
  SINCE JAN 1   1684                      1699    -15     1509
..................................................................


WIND (MPH)
  RESULTANT WIND SPEED   3   RESULTANT WIND DIRECTION  NE (50)
  HIGHEST WIND SPEED     9   HIGHEST WIND DIRECTION     N (20)
  HIGHEST GUST SPEED    13   HIGHEST GUST DIRECTION     N (10)
  AVERAGE WIND SPEED     3.7


SKY COVER
  AVERAGE SKY COVER 1.0


WEATHER CONDITIONS
 THE FOLLOWING WEATHER WAS RECORDED YESTERDAY.
  LIGHT RAIN
  FOG
  HAZE


RELATIVE HUMIDITY (PERCENT)
 HIGHEST    93           300 PM
 LOWEST     78          1200 PM
 AVERAGE    86

..........................................................


THE DEKALB PEACHTREE AIRPORT CLIMATE NORMALS FOR TODAY
                         NORMAL    RECORD    YEAR
 MAXIMUM TEMPERATURE (F)   78        MM        MM
 MINIMUM TEMPERATURE (F)   57        MM        MM


SUNRISE AND SUNSET
SEPTEMBER 30 2014.....SUNRISE   731 AM EDT   SUNSET   723 PM EDT
OCTOBER  1 2014.......SUNRISE   732 AM EDT   SUNSET   721 PM EDT


-  INDICATES NEGATIVE NUMBERS.
R  INDICATES RECORD WAS SET OR TIED.
MM INDICATES DATA IS MISSING.
T  INDICATES TRACE AMOUNT.




$$
