000
CDUS46 KPDT 240111 CCA
CLIPDT

CLIMATE REPORT
NATIONAL WEATHER SERVICE PENDLETON OR
511 PM PST SUN NOV 23 2014


...................................

...THE PENDLETON OR CLIMATE SUMMARY FOR NOVEMBER 23 2014...
VALID TODAY AS OF 0400 PM LOCAL TIME.

CLIMATE NORMAL PERIOD 1981 TO 2010
CLIMATE RECORD PERIOD 1890 TO 2014


WEATHER ITEM   OBSERVED TIME   RECORD YEAR NORMAL DEPARTURE LAST
                VALUE   (LST)  VALUE       VALUE  FROM      YEAR
                                                  NORMAL
..................................................................
TEMPERATURE (F)
 TODAY
  MAXIMUM         52    212 PM  75    1933  46      6       35
  MINIMUM         38    239 AM -12    1985  32      6       13
  AVERAGE         45                        39      6       24

PRECIPITATION (IN)
  TODAY            T             0.73 1949   0.05  -0.05     0.00
  MONTH TO DATE    1.20                      1.16   0.04     0.65
  SINCE OCT 1      1.80                      2.17  -0.37     0.97
  SINCE JAN 1     10.34                     10.83  -0.49     8.46

SNOWFALL (IN)
  TODAY            0.0           1.0  1978   0.1   -0.1      0.0
  MONTH TO DATE    3.7                       0.8    2.9      0.0
  SINCE JAN 1     18.9                       8.6   10.3      0.2
  SINCE JUL 1      3.7                       0.9    2.8       T
  SNOW DEPTH       0

DEGREE DAYS
 HEATING
  TODAY           20                        26     -6       41
  MONTH TO DATE  691                       516    175      542
  SINCE SEP 1    982                      1036    -54     1139
  SINCE JUL 1    985                      1058    -73     1139

 COOLING
  TODAY            0                         0      0        0
  MONTH TO DATE    0                         0      0        0
  SINCE SEP 1     78                        66     12      121
  SINCE JAN 1    839                       636    203      831
..................................................................


WIND (MPH)
  HIGHEST WIND SPEED    23   HIGHEST WIND DIRECTION     W (250)
  HIGHEST GUST SPEED    28   HIGHEST GUST DIRECTION     W (250)
  AVERAGE WIND SPEED    11.9


SKY COVER
  POSSIBLE SUNSHINE  MM
  AVERAGE SKY COVER 0.6


WEATHER CONDITIONS
 THE FOLLOWING WEATHER WAS RECORDED TODAY.
  LIGHT RAIN


RELATIVE HUMIDITY (PERCENT)
 HIGHEST    70           200 AM
 LOWEST     44           100 PM
 AVERAGE    57

..........................................................


THE PENDLETON OR CLIMATE NORMALS FOR TOMORROW
                         NORMAL    RECORD    YEAR
 MAXIMUM TEMPERATURE (F)   45        71      1960
 MINIMUM TEMPERATURE (F)   31       -11      1985


SUNRISE AND SUNSET
NOVEMBER 23 2014......SUNRISE   706 AM PST   SUNSET   417 PM PST
NOVEMBER 24 2014......SUNRISE   707 AM PST   SUNSET   417 PM PST


-  INDICATES NEGATIVE NUMBERS.
R  INDICATES RECORD WAS SET OR TIED.
MM INDICATES DATA IS MISSING.
T  INDICATES TRACE AMOUNT.

$$
