000
CDUS46 KPDT 200027
CLIPDT

CLIMATE REPORT
NATIONAL WEATHER SERVICE PENDLETON OR
527 PM PDT SAT APR 19 2014

...................................

...THE PENDLETON OR CLIMATE SUMMARY FOR APRIL 19 2014...
VALID TODAY AS OF 0500 PM LOCAL TIME.

CLIMATE NORMAL PERIOD 1981 TO 2010
CLIMATE RECORD PERIOD 1890 TO 2014


WEATHER ITEM   OBSERVED TIME   RECORD YEAR NORMAL DEPARTURE LAST
                VALUE   (LST)  VALUE       VALUE  FROM      YEAR
                                                  NORMAL
..................................................................
TEMPERATURE (F)
 TODAY
  MAXIMUM         66    234 PM  88    1934  63      3       57
  MINIMUM         34    526 AM  23    1966  39     -5       47
                                      1898
  AVERAGE         50                        51     -1       52

PRECIPITATION (IN)
  TODAY            0.00          0.38 1963   0.05  -0.05     0.37
  MONTH TO DATE    0.54                      0.74  -0.20     0.92
  SINCE OCT 1      6.95                      8.60  -1.65     7.26
  SINCE JAN 1      5.16                      4.60   0.56     2.82

SNOWFALL (IN)
  TODAY            0.0           0.1  1973   0.0    0.0      0.0
  MONTH TO DATE    0.0                       0.0    0.0       T
  SINCE JAN 1     15.2                       7.7    7.5      0.2
  SINCE JUL 1     21.7                      15.2    6.5      2.0
  SNOW DEPTH       0

DEGREE DAYS
 HEATING
  TODAY           15                        14      1       13
  MONTH TO DATE  257                       291    -34      317
  SINCE MAR 1    858                       908    -50      910
  SINCE JUL 1   5123                      4807    316     4643

 COOLING
  TODAY            0                         0      0        0
  MONTH TO DATE    0                         0      0        0
  SINCE MAR 1      0                         0      0        0
  SINCE JAN 1      0                         0      0        0
..................................................................


WIND (MPH)
  HIGHEST WIND SPEED    35   HIGHEST WIND DIRECTION     W (280)
  HIGHEST GUST SPEED    40   HIGHEST GUST DIRECTION     W (280)
  AVERAGE WIND SPEED     9.7


SKY COVER
  POSSIBLE SUNSHINE  MM
  AVERAGE SKY COVER 0.2


WEATHER CONDITIONS
 THE FOLLOWING WEATHER WAS RECORDED TODAY.
  NO SIGNIFICANT WEATHER WAS OBSERVED.


RELATIVE HUMIDITY (PERCENT)
 HIGHEST    82           100 AM
 LOWEST     31           200 PM
 AVERAGE    57

..........................................................


THE PENDLETON OR CLIMATE NORMALS FOR TOMORROW
                         NORMAL    RECORD    YEAR
 MAXIMUM TEMPERATURE (F)   63        92      1934
 MINIMUM TEMPERATURE (F)   40        18      1927


SUNRISE AND SUNSET
APRIL 19 2014.........SUNRISE   603 AM PDT   SUNSET   747 PM PDT
APRIL 20 2014.........SUNRISE   601 AM PDT   SUNSET   749 PM PDT


-  INDICATES NEGATIVE NUMBERS.
R  INDICATES RECORD WAS SET OR TIED.
MM INDICATES DATA IS MISSING.
T  INDICATES TRACE AMOUNT.




$$
