000
CDUS46 KPDT 270841
CLIPDT

CLIMATE REPORT
NATIONAL WEATHER SERVICE PENDLETON OR
126 AM PDT TUE JUN 27 2017


...................................

...THE PENDLETON OR CLIMATE SUMMARY FOR JUNE 26 2017...

CLIMATE NORMAL PERIOD 1981 TO 2010
CLIMATE RECORD PERIOD 1890 TO 2017


WEATHER ITEM   OBSERVED TIME   RECORD YEAR NORMAL DEPARTURE LAST
                VALUE   (LST)  VALUE       VALUE  FROM      YEAR
                                                  NORMAL
..................................................................
TEMPERATURE (F)
 YESTERDAY
  MAXIMUM         98    104 PM 104    2015  82     16       90
                                      1925
  MINIMUM         63    935 PM  39    1976  53     10       50
                                      1893
  AVERAGE         81                        68     13       70

PRECIPITATION (IN)
  YESTERDAY        1.10          1.17 1942   0.02   1.08     0.00
  MONTH TO DATE    2.15                      0.91   1.24     0.93
  SINCE OCT 1     16.82                     11.32   5.50    10.79
  SINCE JAN 1     11.30                      7.32   3.98     6.52

SNOWFALL (IN)
  YESTERDAY        0.0           0.0  2002   0.0    0.0      0.0
                                      2001
                                      2000
  MONTH TO DATE    0.0                       0.0    0.0      0.0
  SINCE JAN 1     25.9                       7.7   18.2       T
  SINCE JUL 1     44.4                      15.2   29.2      4.1
  SNOW DEPTH       0

DEGREE DAYS
 HEATING
  YESTERDAY        0                         2     -2        0
  MONTH TO DATE   75                        79     -4       69
  SINCE JUN 1     75                        79     -4       69
  SINCE JUL 1   5670                      5272    398     4637

 COOLING
  YESTERDAY       16                         4     12        5
  MONTH TO DATE   79                        61     18       91
  SINCE JUN 1     79                        61     18       91
  SINCE JAN 1    107                        84     23      109
..................................................................


WIND (MPH)
  HIGHEST WIND SPEED    53   HIGHEST WIND DIRECTION    SW (230)
  HIGHEST GUST SPEED    64   HIGHEST GUST DIRECTION    SW (240)
  AVERAGE WIND SPEED     8.6


SKY COVER
  POSSIBLE SUNSHINE  MM
  AVERAGE SKY COVER 0.1


WEATHER CONDITIONS
 THE FOLLOWING WEATHER WAS RECORDED YESTERDAY.
  THUNDERSTORM
  HEAVY RAIN
  RAIN
  LIGHT RAIN
  FOG
  HAZE


RELATIVE HUMIDITY (PERCENT)
 HIGHEST    87           600 PM
 LOWEST     22          1000 AM
 AVERAGE    55

..........................................................


THE PENDLETON OR CLIMATE NORMALS FOR TODAY
                         NORMAL    RECORD    YEAR
 MAXIMUM TEMPERATURE (F)   82       109      2015
 MINIMUM TEMPERATURE (F)   54        42      1934
                                             1920


SUNRISE AND SUNSET
JUNE 27 2017..........SUNRISE   508 AM PDT   SUNSET   849 PM PDT
JUNE 28 2017..........SUNRISE   508 AM PDT   SUNSET   849 PM PDT


-  INDICATES NEGATIVE NUMBERS.
R  INDICATES RECORD WAS SET OR TIED.
MM INDICATES DATA IS MISSING.
T  INDICATES TRACE AMOUNT.




$$
