000
CDUS46 KPDT 270908
CLIPDT

CLIMATE REPORT
NATIONAL WEATHER SERVICE PENDLETON OR
108 AM PST MON FEB 27 2017


...................................

...THE PENDLETON OR CLIMATE SUMMARY FOR FEBRUARY 26 2017...

CLIMATE NORMAL PERIOD 1981 TO 2010
CLIMATE RECORD PERIOD 1890 TO 2017


WEATHER ITEM   OBSERVED TIME   RECORD YEAR NORMAL DEPARTURE LAST
                VALUE   (LST)  VALUE       VALUE  FROM      YEAR
                                                  NORMAL
..................................................................
TEMPERATURE (F)
 YESTERDAY
  MAXIMUM         38    238 PM  71    1926  50    -12       55
  MINIMUM         32   1159 PM   0    1993  31      1       29
  AVERAGE         35                        40     -5       42

PRECIPITATION (IN)
  YESTERDAY        0.18          0.50 2000   0.04   0.14     0.01
  MONTH TO DATE    2.06                      1.03   1.03     0.83
  SINCE OCT 1      9.23                      6.46   2.77     6.61
  SINCE JAN 1      3.71                      2.46   1.25     2.34

SNOWFALL (IN)
  YESTERDAY        1.8           3.0  1955   0.1    1.7      0.0
  MONTH TO DATE    4.8                       3.2    1.6       T
  SINCE JAN 1     23.3                       6.9   16.4       T
  SINCE JUL 1     41.8                      14.4   27.4      4.1
  SNOW DEPTH       1

DEGREE DAYS
 HEATING
  YESTERDAY       30                        25      5       23
  MONTH TO DATE  772                       694     78      571
  SINCE DEC 1   3221                      2599    622     2337
  SINCE JUL 1   4245                      3852    393     3537

 COOLING
  YESTERDAY        0                         0      0        0
  MONTH TO DATE    0                         0      0        0
  SINCE DEC 1      0                         0      0        0
  SINCE JAN 1      0                         0      0        0
..................................................................


WIND (MPH)
  HIGHEST WIND SPEED    21   HIGHEST WIND DIRECTION    SW (240)
  HIGHEST GUST SPEED    25   HIGHEST GUST DIRECTION     W (260)
  AVERAGE WIND SPEED     6.5


SKY COVER
  POSSIBLE SUNSHINE  MM
  AVERAGE SKY COVER 1.0


WEATHER CONDITIONS
 THE FOLLOWING WEATHER WAS RECORDED YESTERDAY.
  LIGHT RAIN
  LIGHT SNOW
  FOG
  FOG W/VISIBILITY <= 1/4 MILE


RELATIVE HUMIDITY (PERCENT)
 HIGHEST   100           600 AM
 LOWEST     75           100 AM
 AVERAGE    88

..........................................................


THE PENDLETON OR CLIMATE NORMALS FOR TODAY
                         NORMAL    RECORD    YEAR
 MAXIMUM TEMPERATURE (F)   50        69      1926
 MINIMUM TEMPERATURE (F)   32         0      1993


SUNRISE AND SUNSET
FEBRUARY 27 2017......SUNRISE   637 AM PST   SUNSET   540 PM PST
FEBRUARY 28 2017......SUNRISE   635 AM PST   SUNSET   541 PM PST


-  INDICATES NEGATIVE NUMBERS.
R  INDICATES RECORD WAS SET OR TIED.
MM INDICATES DATA IS MISSING.
T  INDICATES TRACE AMOUNT.

$$
