000
CDUS46 KPDT 240030
CLIPDT

CLIMATE REPORT
NATIONAL WEATHER SERVICE PENDLETON OR
530 PM PDT TUE SEP 23 2014


...................................

...THE PENDLETON OR CLIMATE SUMMARY FOR SEPTEMBER 23 2014...
VALID TODAY AS OF 0500 PM LOCAL TIME.

CLIMATE NORMAL PERIOD 1981 TO 2010
CLIMATE RECORD PERIOD 1890 TO 2014


WEATHER ITEM   OBSERVED TIME   RECORD YEAR NORMAL DEPARTURE LAST
                VALUE   (LST)  VALUE       VALUE  FROM      YEAR
                                                  NORMAL
..................................................................
TEMPERATURE (F)
 TODAY
  MAXIMUM         79    250 PM  94    1905  75      4       68
  MINIMUM         59    619 AM  28    1911  47     12       47
  AVERAGE         69                        61      8       58

PRECIPITATION (IN)
  TODAY            0.00          0.73 1917   0.02  -0.02     0.01
  MONTH TO DATE    0.21                      0.41  -0.20     1.56
  SINCE OCT 1     10.32                     12.50  -2.18    11.29
  SINCE JAN 1      8.53                      8.50   0.03     6.85

SNOWFALL (IN)
  TODAY            0.0           0.0  2002   0.0    0.0      0.0
                                      2001
                                      1999
  MONTH TO DATE    0.0                       0.0    0.0      0.0
  SINCE JAN 1     15.2                       7.7    7.5      0.2
  SINCE JUL 1      0.0                       0.0    0.0       T
  SNOW DEPTH       0

DEGREE DAYS
 HEATING
  TODAY            0                         5     -5        7
  MONTH TO DATE   38                        67    -29       35
  SINCE SEP 1     38                        67    -29       35
  SINCE JUL 1     41                        89    -48       35

 COOLING
  TODAY            4                         1      3        0
  MONTH TO DATE   61                        58      3      121
  SINCE SEP 1     61                        58      3      121
  SINCE JAN 1    822                       628    194      831
..................................................................


WIND (MPH)
  HIGHEST WIND SPEED    13   HIGHEST WIND DIRECTION    NW (320)
  HIGHEST GUST SPEED    15   HIGHEST GUST DIRECTION    NW (310)
  AVERAGE WIND SPEED     5.1


SKY COVER
  POSSIBLE SUNSHINE  MM
  AVERAGE SKY COVER 0.0


WEATHER CONDITIONS
 THE FOLLOWING WEATHER WAS RECORDED TODAY.
  HAZE


RELATIVE HUMIDITY (PERCENT)
 HIGHEST    90           300 AM
 LOWEST     42           200 PM
 AVERAGE    66

..........................................................


THE PENDLETON OR CLIMATE NORMALS FOR TOMORROW
                         NORMAL    RECORD    YEAR
 MAXIMUM TEMPERATURE (F)   74        95      1899
 MINIMUM TEMPERATURE (F)   47        21      1926


SUNRISE AND SUNSET
SEPTEMBER 23 2014.....SUNRISE   644 AM PDT   SUNSET   651 PM PDT
SEPTEMBER 24 2014.....SUNRISE   645 AM PDT   SUNSET   649 PM PDT


-  INDICATES NEGATIVE NUMBERS.
R  INDICATES RECORD WAS SET OR TIED.
MM INDICATES DATA IS MISSING.
T  INDICATES TRACE AMOUNT.


$$
