000
CDUS46 KPDT 120842
CLIPDT

CLIMATE REPORT
NATIONAL WEATHER SERVICE PENDLETON OR
1242 AM PST TUE DEC 12 2017

...................................

...THE PENDLETON OR CLIMATE SUMMARY FOR DECEMBER 11 2017...

CLIMATE NORMAL PERIOD 1981 TO 2010
CLIMATE RECORD PERIOD 1890 TO 2017


WEATHER ITEM   OBSERVED TIME   RECORD YEAR NORMAL DEPARTURE LAST
                VALUE   (LST)  VALUE       VALUE  FROM      YEAR
                                                  NORMAL
..................................................................
TEMPERATURE (F)
 YESTERDAY
  MAXIMUM         29    246 PM  67    1924  40    -11       40
  MINIMUM         27   1159 PM -10    1932  27      0       28
  AVERAGE         28                        33     -5       34

PRECIPITATION (IN)
  YESTERDAY        0.00          0.98 1899   0.05  -0.05     0.06
  MONTH TO DATE    0.07                      0.54  -0.47     0.55
  SINCE OCT 1      3.04                      3.07  -0.03     3.78
  SINCE JAN 1     15.33                     11.73   3.60    11.85

SNOWFALL (IN)
  YESTERDAY        0.0           2.3  1971   0.2   -0.2      0.0
  MONTH TO DATE    T                         1.8   -1.8      6.5
  SINCE JAN 1     25.9                      11.0   14.9      6.5
  SINCE JUL 1      T                         3.3   -3.3      6.5
  SNOW DEPTH       0

DEGREE DAYS
 HEATING
  YESTERDAY       37                        32      5       31
  MONTH TO DATE  355                       336     19      396
  SINCE DEC 1    355                       336     19      396
  SINCE JUL 1   1563                      1589    -26     1420

 COOLING
  YESTERDAY        0                         0      0        0
  MONTH TO DATE    0                         0      0        0
  SINCE DEC 1      0                         0      0        0
  SINCE JAN 1    894                       636    258      605
..................................................................


WIND (MPH)
  HIGHEST WIND SPEED     8   HIGHEST WIND DIRECTION    NW (300)
  HIGHEST GUST SPEED     9   HIGHEST GUST DIRECTION    NW (300)
  AVERAGE WIND SPEED     3.5


SKY COVER
  POSSIBLE SUNSHINE  MM
  AVERAGE SKY COVER 1.0


WEATHER CONDITIONS
 THE FOLLOWING WEATHER WAS RECORDED YESTERDAY.
  FOG


RELATIVE HUMIDITY (PERCENT)
 HIGHEST   100           500 AM
 LOWEST     78           800 PM
 AVERAGE    89

..........................................................


THE PENDLETON OR CLIMATE NORMALS FOR TODAY
                         NORMAL    RECORD    YEAR
 MAXIMUM TEMPERATURE (F)   39        75      1921
 MINIMUM TEMPERATURE (F)   27       -23      1919


SUNRISE AND SUNSET
DECEMBER 12 2017......SUNRISE   727 AM PST   SUNSET   411 PM PST
DECEMBER 13 2017......SUNRISE   728 AM PST   SUNSET   411 PM PST


-  INDICATES NEGATIVE NUMBERS.
R  INDICATES RECORD WAS SET OR TIED.
MM INDICATES DATA IS MISSING.
T  INDICATES TRACE AMOUNT.

$$
