000
CDUS46 KPDT 050034
CLIPDT

CLIMATE REPORT
NATIONAL WEATHER SERVICE PENDLETON OR
434 PM PST SUN DEC 4 2016


...................................

...THE PENDLETON OR CLIMATE SUMMARY FOR DECEMBER 4 2016...
VALID TODAY AS OF 0400 PM LOCAL TIME.

CLIMATE NORMAL PERIOD 1981 TO 2010
CLIMATE RECORD PERIOD 1890 TO 2016


WEATHER ITEM   OBSERVED TIME   RECORD YEAR NORMAL DEPARTURE LAST
                VALUE   (LST)  VALUE       VALUE  FROM      YEAR
                                                  NORMAL
..................................................................
TEMPERATURE (F)
 TODAY
  MAXIMUM         46    625 AM  70    1923  41      5       45
  MINIMUM         38    359 PM  -1    1972  29      9       33
  AVERAGE         42                        35      7       39

PRECIPITATION (IN)
  TODAY            0.01          1.25 1978   0.05  -0.04     0.01
  MONTH TO DATE    0.01                      0.21  -0.20     0.14
  SINCE OCT 1      3.24                      2.74   0.50     2.13
  SINCE JAN 1     11.31                     11.40  -0.09     7.95

SNOWFALL (IN)
  TODAY            0.0           3.5  1978   0.2   -0.2      0.0
  MONTH TO DATE    0.0                       0.6   -0.6      0.8
  SINCE JAN 1      T                         9.8   -9.8      2.8
  SINCE JUL 1      0.0                       2.1   -2.1      2.4
  SNOW DEPTH       0

DEGREE DAYS
 HEATING
  TODAY           23                        30     -7       26
  MONTH TO DATE   96                       118    -22      135
  SINCE DEC 1     96                       118    -22      135
  SINCE JUL 1   1120                      1371   -251     1335

 COOLING
  TODAY            0                         0      0        0
  MONTH TO DATE    0                         0      0        0
  SINCE DEC 1      0                         0      0        0
  SINCE JAN 1    605                       636    -31      912
..................................................................


WIND (MPH)
  HIGHEST WIND SPEED    36   HIGHEST WIND DIRECTION     W (260)
  HIGHEST GUST SPEED    44   HIGHEST GUST DIRECTION     W (260)
  AVERAGE WIND SPEED    16.0


SKY COVER
  POSSIBLE SUNSHINE  MM
  AVERAGE SKY COVER 0.8


WEATHER CONDITIONS
 THE FOLLOWING WEATHER WAS RECORDED TODAY.
  LIGHT RAIN


RELATIVE HUMIDITY (PERCENT)
 HIGHEST    85          1000 AM
 LOWEST     53          1200 AM
 AVERAGE    69

..........................................................


THE PENDLETON OR CLIMATE NORMALS FOR TOMORROW
                         NORMAL    RECORD    YEAR
 MAXIMUM TEMPERATURE (F)   41        66      1944
                                             1900
 MINIMUM TEMPERATURE (F)   28         1      1972


SUNRISE AND SUNSET
DECEMBER  4 2016......SUNRISE   720 AM PST   SUNSET   412 PM PST
DECEMBER  5 2016......SUNRISE   721 AM PST   SUNSET   412 PM PST


-  INDICATES NEGATIVE NUMBERS.
R  INDICATES RECORD WAS SET OR TIED.
MM INDICATES DATA IS MISSING.
T  INDICATES TRACE AMOUNT.




$$
