000
CDUS46 KPDT 210831
CLIPDT

CLIMATE REPORT
NATIONAL WEATHER SERVICE PENDLETON OR
130 AM PDT MON AUG 21 2017


...................................

...THE PENDLETON OR CLIMATE SUMMARY FOR AUGUST 20 2017...

CLIMATE NORMAL PERIOD 1981 TO 2010
CLIMATE RECORD PERIOD 1890 TO 2017


WEATHER ITEM   OBSERVED TIME   RECORD YEAR NORMAL DEPARTURE LAST
                VALUE   (LST)  VALUE       VALUE  FROM      YEAR
                                                  NORMAL
..................................................................
TEMPERATURE (F)
 YESTERDAY
  MAXIMUM         84    408 PM 106    1897  86     -2       94
  MINIMUM         50    508 AM  38    1916  56     -6       57
                                      1913
  AVERAGE         67                        71     -4       76

PRECIPITATION (IN)
  YESTERDAY        0.00          1.27 1918   0.01  -0.01     0.00
  MONTH TO DATE    0.07                      0.23  -0.16     0.07
  SINCE OCT 1     16.89                     11.94   4.95    11.66
  SINCE JAN 1     11.37                      7.94   3.43     7.39

SNOWFALL (IN)
  YESTERDAY        0.0           0.0  2002   0.0    0.0      0.0
                                      2001
                                      1999
  MONTH TO DATE    0.0                       0.0    0.0      0.0
  SINCE JAN 1     25.9                       7.7   18.2       T
  SINCE JUL 1      0.0                       0.0    0.0      0.0
  SNOW DEPTH       0

DEGREE DAYS
 HEATING
  YESTERDAY        0                         0      0        0
  MONTH TO DATE    1                         0      1        1
  SINCE JUN 1     76                        94    -18       70
  SINCE JUL 1      1                        11    -10        1

 COOLING
  YESTERDAY        2                         7     -5       11
  MONTH TO DATE  236                       164     72      160
  SINCE JUN 1    658                       489    169      503
  SINCE JAN 1    686                       512    174      521
..................................................................


WIND (MPH)
  HIGHEST WIND SPEED    12   HIGHEST WIND DIRECTION    NW (320)
  HIGHEST GUST SPEED    17   HIGHEST GUST DIRECTION    NW (300)
  AVERAGE WIND SPEED     5.2


SKY COVER
  POSSIBLE SUNSHINE  MM
  AVERAGE SKY COVER 0.0


WEATHER CONDITIONS
 THE FOLLOWING WEATHER WAS RECORDED YESTERDAY.
  NO SIGNIFICANT WEATHER WAS OBSERVED.


RELATIVE HUMIDITY (PERCENT)
 HIGHEST    63           500 AM
 LOWEST     21           500 PM
 AVERAGE    42

..........................................................


THE PENDLETON OR CLIMATE NORMALS FOR TODAY
                         NORMAL    RECORD    YEAR
 MAXIMUM TEMPERATURE (F)   86       106      1897
 MINIMUM TEMPERATURE (F)   56        37      1904


SUNRISE AND SUNSET
AUGUST 21 2017........SUNRISE   603 AM PDT   SUNSET   753 PM PDT
AUGUST 22 2017........SUNRISE   605 AM PDT   SUNSET   751 PM PDT


-  INDICATES NEGATIVE NUMBERS.
R  INDICATES RECORD WAS SET OR TIED.
MM INDICATES DATA IS MISSING.
T  INDICATES TRACE AMOUNT.

$$
