000
CDUS46 KPDT 300853
CLIPDT

CLIMATE REPORT
NATIONAL WEATHER SERVICE PENDLETON OR
141 AM PDT SAT AUG 30 2014


...................................

...THE PENDLETON OR CLIMATE SUMMARY FOR AUGUST 29 2014...

CLIMATE NORMAL PERIOD 1981 TO 2010
CLIMATE RECORD PERIOD 1890 TO 2014


WEATHER ITEM   OBSERVED TIME   RECORD YEAR NORMAL DEPARTURE LAST
                VALUE   (LST)  VALUE       VALUE  FROM      YEAR
                                                  NORMAL
..................................................................
TEMPERATURE (F)
 YESTERDAY
  MAXIMUM         86    238 PM 106    1915  83      3       89
  MINIMUM         56    532 AM  36    1927  54      2       58
  AVERAGE         71                        69      2       74

PRECIPITATION (IN)
  YESTERDAY        0.00          0.71 1977   0.02  -0.02     0.00
  MONTH TO DATE    0.59                      0.35   0.24     0.32
  SINCE OCT 1     10.09                     12.06  -1.97     9.73
  SINCE JAN 1      8.30                      8.06   0.24     5.29

SNOWFALL (IN)
  YESTERDAY        0.0           0.0  2002   0.0    0.0      0.0
                                      2001
                                      1999
  MONTH TO DATE    0.0                       0.0    0.0       T
  SINCE JAN 1     15.2                       7.7    7.5      0.2
  SINCE JUL 1      0.0                       0.0    0.0       T
  SNOW DEPTH       0

DEGREE DAYS
 HEATING
  YESTERDAY        0                         1     -1        0
  MONTH TO DATE    0                         6     -6        0
  SINCE JUN 1     45                       100    -55       80
  SINCE JUL 1      2                        17    -15        0

 COOLING
  YESTERDAY        6                         5      1        9
  MONTH TO DATE  274                       214     60      242
  SINCE JUN 1    735                       539    196      665
  SINCE JAN 1    757                       562    195      696
..................................................................


WIND (MPH)
  HIGHEST WIND SPEED    26   HIGHEST WIND DIRECTION     W (260)
  HIGHEST GUST SPEED    31   HIGHEST GUST DIRECTION     W (250)
  AVERAGE WIND SPEED    12.9


SKY COVER
  POSSIBLE SUNSHINE  MM
  AVERAGE SKY COVER 0.0


WEATHER CONDITIONS
 THE FOLLOWING WEATHER WAS RECORDED YESTERDAY.
  NO SIGNIFICANT WEATHER WAS OBSERVED.


RELATIVE HUMIDITY (PERCENT)
 HIGHEST    51           500 AM
 LOWEST     19           400 PM
 AVERAGE    35

..........................................................


THE PENDLETON OR CLIMATE NORMALS FOR TODAY
                         NORMAL    RECORD    YEAR
 MAXIMUM TEMPERATURE (F)   83       103      1967
                                             1915
 MINIMUM TEMPERATURE (F)   54        37      1924
                                             1912


SUNRISE AND SUNSET
AUGUST 30 2014........SUNRISE   614 AM PDT   SUNSET   737 PM PDT
AUGUST 31 2014........SUNRISE   615 AM PDT   SUNSET   735 PM PDT


-  INDICATES NEGATIVE NUMBERS.
R  INDICATES RECORD WAS SET OR TIED.
MM INDICATES DATA IS MISSING.
T  INDICATES TRACE AMOUNT.




$$
