000
CDUS46 KPDT 040917
CLIPDT

CLIMATE REPORT
NATIONAL WEATHER SERVICE PENDLETON OR
117 AM PST WED MAR 4 2015


...................................

...THE PENDLETON OR CLIMATE SUMMARY FOR MARCH 3 2015...

CLIMATE NORMAL PERIOD 1981 TO 2010
CLIMATE RECORD PERIOD 1890 TO 2015


WEATHER ITEM   OBSERVED TIME   RECORD YEAR NORMAL DEPARTURE LAST
                VALUE   (LST)  VALUE       VALUE  FROM      YEAR
                                                  NORMAL
..................................................................
TEMPERATURE (F)
 YESTERDAY
  MAXIMUM         44    341 PM  67    1994  51     -7       54
                                      1921
  MINIMUM         22    637 AM   7    1896  32    -10       27
  AVERAGE         33                        42     -9       41

PRECIPITATION (IN)
  YESTERDAY        0.00          0.57 1977   0.05  -0.05     0.07
  MONTH TO DATE    0.00                      0.14  -0.14     0.29
  SINCE OCT 1      6.25                      6.68  -0.43     4.44
  SINCE JAN 1      1.55                      2.68  -1.13     2.65

SNOWFALL (IN)
  YESTERDAY        0.0           2.4  1960   0.1   -0.1      0.0
  MONTH TO DATE    0.0                       0.2   -0.2      1.0
  SINCE JAN 1      0.4                       7.2   -6.8     15.2
  SINCE JUL 1      7.2                      14.7   -7.5     21.7
  SNOW DEPTH       0

DEGREE DAYS
 HEATING
  YESTERDAY       32                        23      9       24
  MONTH TO DATE   88                        70     18       99
  SINCE MAR 1     88                        70     18       99
  SINCE JUL 1   3581                      3969   -388     4364

 COOLING
  YESTERDAY        0                         0      0        0
  MONTH TO DATE    0                         0      0        0
  SINCE MAR 1      0                         0      0        0
  SINCE JAN 1      0                         0      0        0
..................................................................


WIND (MPH)
  HIGHEST WIND SPEED    22   HIGHEST WIND DIRECTION     N (340)
  HIGHEST GUST SPEED    40   HIGHEST GUST DIRECTION    NW (310)
  AVERAGE WIND SPEED     6.1


SKY COVER
  POSSIBLE SUNSHINE  MM
  AVERAGE SKY COVER 0.0


WEATHER CONDITIONS
THE FOLLOWING WEATHER WAS RECORDED YESTERDAY.
  NO SIGNIFICANT WEATHER WAS OBSERVED.


RELATIVE HUMIDITY (PERCENT)
 HIGHEST    88           700 AM
 LOWEST     30           300 PM
 AVERAGE    59

..........................................................


THE PENDLETON OR CLIMATE NORMALS FOR TODAY
                         NORMAL    RECORD    YEAR
 MAXIMUM TEMPERATURE (F)   52        75      1968
 MINIMUM TEMPERATURE (F)   33         7      1896


SUNRISE AND SUNSET
MARCH  4 2015.........SUNRISE   629 AM PST   SUNSET   546 PM PST
MARCH  5 2015.........SUNRISE   627 AM PST   SUNSET   548 PM PST


-  INDICATES NEGATIVE NUMBERS.
R  INDICATES RECORD WAS SET OR TIED.
MM INDICATES DATA IS MISSING.
T  INDICATES TRACE AMOUNT.

$$
