000
CDUS46 KPDT 260845
CLIPDT

CLIMATE REPORT
NATIONAL WEATHER SERVICE PENDLETON OR
126 AM PDT SAT JUL 26 2014


...................................

...THE PENDLETON OR CLIMATE SUMMARY FOR JULY 25 2014...

CLIMATE NORMAL PERIOD 1981 TO 2010
CLIMATE RECORD PERIOD 1890 TO 2014


WEATHER ITEM   OBSERVED TIME   RECORD YEAR NORMAL DEPARTURE LAST
                VALUE   (LST)  VALUE       VALUE  FROM      YEAR
                                                  NORMAL
..................................................................
TEMPERATURE (F)
 YESTERDAY
  MAXIMUM         84    420 PM 114    1928  90     -6       99
  MINIMUM         48    457 AM  42    1897  59    -11       60
  AVERAGE         66                        74     -8       80

PRECIPITATION (IN)
  YESTERDAY        0.00          0.98 1921   0.01  -0.01     0.00
  MONTH TO DATE    0.22                      0.27  -0.05     0.06
  SINCE OCT 1      9.50                     11.66  -2.16     9.41
  SINCE JAN 1      7.71                      7.66   0.05     4.97

SNOWFALL (IN)
  YESTERDAY        0.0           0.0  2002   0.0    0.0      0.0
                                      2001
                                      2000
  MONTH TO DATE    0.0                       0.0    0.0      0.0
  SINCE JAN 1     15.2                       7.7    7.5      0.2
  SINCE JUL 1      0.0                       0.0    0.0      0.0
  SNOW DEPTH       0

DEGREE DAYS
 HEATING
  YESTERDAY        0                         0      0        0
  MONTH TO DATE    2                         7     -5        0
  SINCE JUN 1     45                        90    -45       80
  SINCE JUL 1      2                         7     -5        0

 COOLING
  YESTERDAY        1                         9     -8       15
  MONTH TO DATE  305                       188    117      280
  SINCE JUN 1    365                       267     98      375
  SINCE JAN 1    387                       290     97      406
..................................................................


WIND (MPH)
  HIGHEST WIND SPEED    13   HIGHEST WIND DIRECTION    NW (320)
  HIGHEST GUST SPEED    17   HIGHEST GUST DIRECTION     N (340)
  AVERAGE WIND SPEED     6.1


SKY COVER
  POSSIBLE SUNSHINE  MM
  AVERAGE SKY COVER 0.0


WEATHER CONDITIONS
 THE FOLLOWING WEATHER WAS RECORDED YESTERDAY.
  NO SIGNIFICANT WEATHER WAS OBSERVED.


RELATIVE HUMIDITY (PERCENT)
 HIGHEST    86           300 AM
 LOWEST     18           400 PM
 AVERAGE    52

..........................................................


THE PENDLETON OR CLIMATE NORMALS FOR TODAY
                         NORMAL    RECORD    YEAR
 MAXIMUM TEMPERATURE (F)   90       109      1928
 MINIMUM TEMPERATURE (F)   59        40      1908


SUNRISE AND SUNSET
JULY 26 2014..........SUNRISE   532 AM PDT   SUNSET   831 PM PDT
JULY 27 2014..........SUNRISE   533 AM PDT   SUNSET   830 PM PDT


-  INDICATES NEGATIVE NUMBERS.
R  INDICATES RECORD WAS SET OR TIED.
MM INDICATES DATA IS MISSING.
T  INDICATES TRACE AMOUNT.




$$
