000
CDUS46 KPQR 152322
CLIPDX


CLIMATE REPORT
NATIONAL WEATHER SERVICE PORTLAND OREGON
421 PM PDT MON SEP 15 2014


...................................

...THE PORTLAND OR CLIMATE SUMMARY FOR SEPTEMBER 15 2014...
VALID TODAY AS OF 0400 PM LOCAL TIME.

CLIMATE NORMAL PERIOD 1981 TO 2010
CLIMATE RECORD PERIOD 1940 TO 2014


WEATHER ITEM   OBSERVED TIME   RECORD YEAR NORMAL DEPARTURE LAST
                VALUE   (LST)  VALUE       VALUE  FROM      YEAR
                                                  NORMAL
..................................................................
TEMPERATURE (F)
 TODAY
  MAXIMUM         90    259 PM  96    1981  76     14       68
  MINIMUM         53    542 AM  40    1970  53      0       61
  AVERAGE         72                        65      7       65

PRECIPITATION (IN)
  TODAY            0.00          0.57 1955   0.04  -0.04     0.03
  MONTH TO DATE    T                         0.61  -0.61     1.45
  SINCE OCT 1     29.97                     35.17  -5.20    38.66
  SINCE JAN 1     24.15                     21.05   3.10    16.73

DEGREE DAYS
 HEATING
  TODAY            0                         2     -2        0
  MONTH TO DATE    1                        21    -20        0
  SINCE SEP 1      1                        21    -20        0
  SINCE JUL 1      2                        48    -46        5

 COOLING
  TODAY            7                         2      5        0
  MONTH TO DATE   63                        40     23       86
  SINCE SEP 1     63                        40     23       86
  SINCE JAN 1    598                       403    195      539
..................................................................


WIND (MPH)
  HIGHEST WIND SPEED    10   HIGHEST WIND DIRECTION     W (280)
  HIGHEST GUST SPEED    13   HIGHEST GUST DIRECTION     W (280)
  AVERAGE WIND SPEED     4.7



WEATHER CONDITIONS
 THE FOLLOWING WEATHER WAS RECORDED TODAY.
  NO SIGNIFICANT WEATHER WAS OBSERVED.


RELATIVE HUMIDITY (PERCENT)
 HIGHEST    83           600 AM
 LOWEST     21           200 PM
 AVERAGE    52

..........................................................


THE PORTLAND OR CLIMATE NORMALS FOR TOMORROW
                         NORMAL    RECORD    YEAR
 MAXIMUM TEMPERATURE (F)   76        92      1994
 MINIMUM TEMPERATURE (F)   53        41      1965


SUNRISE AND SUNSET
SEPTEMBER 15 2014.....SUNRISE   649 AM PDT   SUNSET   721 PM PDT
SEPTEMBER 16 2014.....SUNRISE   650 AM PDT   SUNSET   719 PM PDT


-  INDICATES NEGATIVE NUMBERS.
R  INDICATES RECORD WAS SET OR TIED.
MM INDICATES DATA IS MISSING.
T  INDICATES TRACE AMOUNT.




$$
