000
CDUS46 KPQR 302323
CLIPDX


CLIMATE REPORT
NATIONAL WEATHER SERVICE PORTLAND OREGON
423 PM PDT SAT AUG 30 2014


...................................

...THE PORTLAND OR CLIMATE SUMMARY FOR AUGUST 30 2014...
VALID TODAY AS OF 0400 PM LOCAL TIME.

CLIMATE NORMAL PERIOD 1981 TO 2010
CLIMATE RECORD PERIOD 1940 TO 2014


WEATHER ITEM   OBSERVED TIME   RECORD YEAR NORMAL DEPARTURE LAST
                VALUE   (LST)  VALUE       VALUE  FROM      YEAR
                                                  NORMAL
..................................................................
TEMPERATURE (F)
 TODAY
  MAXIMUM         72    259 PM  98    1987  80     -8       82
  MINIMUM         62    310 AM  46    1951  57      5       65
  AVERAGE         67                        68     -1       74

PRECIPITATION (IN)
  TODAY            T             0.64 1954   0.04  -0.04     0.00
  MONTH TO DATE    0.01                      0.64  -0.63     0.78
  SINCE OCT 1     29.97                     34.53  -4.56    37.21
  SINCE JAN 1     24.15                     20.41   3.74    15.28

DEGREE DAYS
 HEATING
  TODAY            0                         1     -1        0
  MONTH TO DATE    0                         3     -3        3
  SINCE JUN 1     63                       111    -48       54
  SINCE JUL 1      1                        20    -19        5

 COOLING
  TODAY            2                         4     -2        9
  MONTH TO DATE  256                       150    106      194
  SINCE JUN 1    505                       344    161      429
  SINCE JAN 1    533                       361    172      444
..................................................................


WIND (MPH)
  HIGHEST WIND SPEED    18   HIGHEST WIND DIRECTION     S (200)
  HIGHEST GUST SPEED    24   HIGHEST GUST DIRECTION     S (200)
  AVERAGE WIND SPEED     7.6



WEATHER CONDITIONS
 THE FOLLOWING WEATHER WAS RECORDED TODAY.
  LIGHT RAIN
  FOG


RELATIVE HUMIDITY (PERCENT)
 HIGHEST    93           900 AM
 LOWEST     61           300 PM
 AVERAGE    77

..........................................................


THE PORTLAND OR CLIMATE NORMALS FOR TOMORROW
                         NORMAL    RECORD    YEAR
 MAXIMUM TEMPERATURE (F)   79       102      1987
 MINIMUM TEMPERATURE (F)   56        44      1951


SUNRISE AND SUNSET
AUGUST 30 2014........SUNRISE   629 AM PDT   SUNSET   752 PM PDT
AUGUST 31 2014........SUNRISE   631 AM PDT   SUNSET   750 PM PDT


-  INDICATES NEGATIVE NUMBERS.
R  INDICATES RECORD WAS SET OR TIED.
MM INDICATES DATA IS MISSING.
T  INDICATES TRACE AMOUNT.




$$
