000
CDUS46 KPQR 240221
CLIPDX


CLIMATE REPORT
NATIONAL WEATHER SERVICE PORTLAND OREGON
721 PM PDT SUN APR 23 2017


...................................

...THE PORTLAND OR CLIMATE SUMMARY FOR APRIL 23 2017...
VALID TODAY AS OF 0700 PM LOCAL TIME.

CLIMATE NORMAL PERIOD 1981 TO 2010
CLIMATE RECORD PERIOD 1940 TO 2017


WEATHER ITEM   OBSERVED TIME   RECORD YEAR NORMAL DEPARTURE LAST
                VALUE   (LST)  VALUE       VALUE  FROM      YEAR
                                                  NORMAL
..................................................................
TEMPERATURE (F)
 TODAY
  MAXIMUM         56   1056 AM  82    2012  63     -7       62
  MINIMUM         49    543 AM  34    1954  44      5       52
  AVERAGE         53                        53      0       57

PRECIPITATION (IN)
  TODAY            0.07          0.71 1996   0.08  -0.01     0.05
  MONTH TO DATE    2.78                      2.17   0.61     1.81
  SINCE OCT 1     44.28                     28.51  15.77    41.29
  SINCE JAN 1     24.53                     14.39  10.14    17.87

SNOWFALL (IN)
  TODAY            0.0           0.0  2016
  MONTH TO DATE    0.0
  SINCE MAR 1      T
  SINCE JUL 1     11.2

DEGREE DAYS
 HEATING
  TODAY           12                        12      0        8
  MONTH TO DATE  319                       307     12      146
  SINCE MAR 1    849                       829     20      595
  SINCE JUL 1   4054                      3887    167     3198

 COOLING
  TODAY            0                         0      0        0
  MONTH TO DATE    0                         0      0       18
  SINCE MAR 1      0                         0      0       18
  SINCE JAN 1      0                         0      0       18
..................................................................


WIND (MPH)
  HIGHEST WIND SPEED    20   HIGHEST WIND DIRECTION    SW (220)
  HIGHEST GUST SPEED    26   HIGHEST GUST DIRECTION    SW (220)
  AVERAGE WIND SPEED     7.8



WEATHER CONDITIONS
 THE FOLLOWING WEATHER WAS RECORDED TODAY.
  HEAVY RAIN
  LIGHT RAIN
  FOG


RELATIVE HUMIDITY (PERCENT)
 HIGHEST    80           500 AM
 LOWEST     66          1100 AM
 AVERAGE    73

..........................................................


THE PORTLAND OR CLIMATE NORMALS FOR TOMORROW
                         NORMAL    RECORD    YEAR
 MAXIMUM TEMPERATURE (F)   63        79      1999
                                             1946
 MINIMUM TEMPERATURE (F)   44        32      1950


SUNRISE AND SUNSET
APRIL 23 2017.........SUNRISE   610 AM PDT   SUNSET   808 PM PDT
APRIL 24 2017.........SUNRISE   609 AM PDT   SUNSET   809 PM PDT


-  INDICATES NEGATIVE NUMBERS.
R  INDICATES RECORD WAS SET OR TIED.
MM INDICATES DATA IS MISSING.
T  INDICATES TRACE AMOUNT.




$$
