000
CDUS46 KPQR 271141
CLIPDX


CLIMATE REPORT
NATIONAL WEATHER SERVICE PORTLAND OREGON
440 AM PDT FRI MAR 27 2015


...................................

...THE PORTLAND OR CLIMATE SUMMARY FOR MARCH 26 2015...

CLIMATE NORMAL PERIOD 1981 TO 2010
CLIMATE RECORD PERIOD 1940 TO 2015


WEATHER ITEM   OBSERVED TIME   RECORD YEAR NORMAL DEPARTURE LAST
                VALUE   (LST)  VALUE       VALUE  FROM      YEAR
                                                  NORMAL
..................................................................
TEMPERATURE (F)
 YESTERDAY
  MAXIMUM         73R   356 PM  73    1994  58     15       52
  MINIMUM         45    357 AM  31    1996  41      4       45
                                      1995
                                      1957
  AVERAGE         59                        50      9       49

PRECIPITATION (IN)
  YESTERDAY        0.00          1.19 2005   0.11  -0.11     0.38
  MONTH TO DATE    4.51                      3.15   1.36     4.85
  SINCE OCT 1     26.53                     25.81   0.72    18.49
  SINCE JAN 1     11.55                     11.69  -0.14    12.67

DEGREE DAYS
 HEATING
  YESTERDAY        6                        15     -9       16
  MONTH TO DATE  333                       447   -114      409
  SINCE MAR 1    333                       447   -114      409
  SINCE JUL 1   2805                      3505   -700     3707

 COOLING
  YESTERDAY        0                         0      0        0
  MONTH TO DATE    0                         0      0        0
  SINCE MAR 1      0                         0      0        0
  SINCE JAN 1      0                         0      0        0
..................................................................


WIND (MPH)
  HIGHEST WIND SPEED     8   HIGHEST WIND DIRECTION     W (280)
  HIGHEST GUST SPEED    10   HIGHEST GUST DIRECTION     W (280)
  AVERAGE WIND SPEED     2.5


SKY COVER
  POSSIBLE SUNSHINE  MM
  AVERAGE SKY COVER 0.5


WEATHER CONDITIONS
 THE FOLLOWING WEATHER WAS RECORDED YESTERDAY.
  FOG
  FOG W/VISIBILITY <= 1/4 MILE


RELATIVE HUMIDITY (PERCENT)
 HIGHEST   100          1200 AM
 LOWEST     35           400 PM
 AVERAGE    68

..........................................................


THE PORTLAND OR CLIMATE NORMALS FOR TODAY
                         NORMAL    RECORD    YEAR
 MAXIMUM TEMPERATURE (F)   58        77      1994
 MINIMUM TEMPERATURE (F)   41        27      1975


SUNRISE AND SUNSET
MARCH 27 2015.........SUNRISE   700 AM PDT   SUNSET   732 PM PDT
MARCH 28 2015.........SUNRISE   658 AM PDT   SUNSET   733 PM PDT


-  INDICATES NEGATIVE NUMBERS.
R  INDICATES RECORD WAS SET OR TIED.
MM INDICATES DATA IS MISSING.
T  INDICATES TRACE AMOUNT.




$$
