000
CDUS46 KPQR 211144
CLIPDX


CLIMATE REPORT
NATIONAL WEATHER SERVICE PORTLAND OREGON
344 AM PST SAT JAN 21 2017


...................................

...THE PORTLAND OR CLIMATE SUMMARY FOR JANUARY 20 2017...

CLIMATE NORMAL PERIOD 1981 TO 2010
CLIMATE RECORD PERIOD 1940 TO 2017


WEATHER ITEM   OBSERVED TIME   RECORD YEAR NORMAL DEPARTURE LAST
                VALUE   (LST)  VALUE       VALUE  FROM      YEAR
                                                  NORMAL
..................................................................
TEMPERATURE (F)
 YESTERDAY
  MAXIMUM         42   1028 AM  56    1961  48     -6       50
  MINIMUM         37    549 PM  15    1949  36      1       42
  AVERAGE         40                        42     -2       46

PRECIPITATION (IN)
  YESTERDAY        0.26          1.73 1972   0.15   0.11     0.15
  MONTH TO DATE    3.62                      3.29   0.33     5.24
  SINCE OCT 1     23.37                     17.41   5.96    28.66
  SINCE JAN 1      3.62                      3.29   0.33     5.24

SNOWFALL (IN)
  YESTERDAY        0.0           1.5  1943
  MONTH TO DATE    8.4
  SINCE DEC 1     11.2
  SINCE JUL 1     11.2

DEGREE DAYS
 HEATING
  YESTERDAY       25                        23      2       19
  MONTH TO DATE  688                       482    206      497
  SINCE DEC 1   1542                      1245    297     1156
  SINCE JUL 1   2252                      2214     38     1964

 COOLING
  YESTERDAY        0                         0      0        0
  MONTH TO DATE    0                         0      0        0
  SINCE DEC 1      0                         0      0        0
  SINCE JAN 1      0                         0      0        0
..................................................................


WIND (MPH)
  HIGHEST WIND SPEED    20   HIGHEST WIND DIRECTION    SE (120)
  HIGHEST GUST SPEED    23   HIGHEST GUST DIRECTION    SE (120)
  AVERAGE WIND SPEED    11.4


SKY COVER
  POSSIBLE SUNSHINE  MM
  AVERAGE SKY COVER 1.0


WEATHER CONDITIONS
 THE FOLLOWING WEATHER WAS RECORDED YESTERDAY.
  RAIN
  LIGHT RAIN
  FOG


RELATIVE HUMIDITY (PERCENT)
 HIGHEST   100           300 PM
 LOWEST     79           400 AM
 AVERAGE    90

..........................................................


THE PORTLAND OR CLIMATE NORMALS FOR TODAY
                         NORMAL    RECORD    YEAR
 MAXIMUM TEMPERATURE (F)   48        59      1970
 MINIMUM TEMPERATURE (F)   36         9      1962


SUNRISE AND SUNSET
JANUARY 21 2017.......SUNRISE   742 AM PST   SUNSET   502 PM PST
JANUARY 22 2017.......SUNRISE   742 AM PST   SUNSET   503 PM PST


-  INDICATES NEGATIVE NUMBERS.
R  INDICATES RECORD WAS SET OR TIED.
MM INDICATES DATA IS MISSING.
T  INDICATES TRACE AMOUNT.




$$
