000
CDUS46 KPQR 031141
CLIPDX


CLIMATE REPORT
NATIONAL WEATHER SERVICE PORTLAND OREGON
440 AM PDT MON AUG 3 2015


...................................

...THE PORTLAND OR CLIMATE SUMMARY FOR AUGUST 2 2015...

CLIMATE NORMAL PERIOD 1981 TO 2010
CLIMATE RECORD PERIOD 1940 TO 2015


WEATHER ITEM   OBSERVED TIME   RECORD YEAR NORMAL DEPARTURE LAST
                VALUE   (LST)  VALUE       VALUE  FROM      YEAR
                                                  NORMAL
..................................................................
TEMPERATURE (F)
 YESTERDAY
  MAXIMUM         80    402 PM  96    1986  82     -2       87
  MINIMUM         67    558 AM  50    1959  59      8       64
  AVERAGE         74                        71      3       76

PRECIPITATION (IN)
  YESTERDAY        T             0.54 1956   0.02  -0.02     0.00
  MONTH TO DATE    T                         0.03  -0.03      T
  SINCE OCT 1     30.04                     33.92  -3.88    29.96
  SINCE JAN 1     15.06                     19.80  -4.74    24.14

DEGREE DAYS
 HEATING
  YESTERDAY        0                         0      0        0
  MONTH TO DATE    0                         0      0        0
  SINCE JUN 1     19                       108    -89       63
  SINCE JUL 1      0                        17    -17        1

 COOLING
  YESTERDAY        9                         6      3       11
  MONTH TO DATE   24                        12     12       24
  SINCE JUN 1    496                       206    290      273
  SINCE JAN 1    518                       223    295      301
..................................................................


WIND (MPH)
  HIGHEST WIND SPEED    12   HIGHEST WIND DIRECTION     S (160)
  HIGHEST GUST SPEED    14   HIGHEST GUST DIRECTION    SE (150)
  AVERAGE WIND SPEED     3.4


SKY COVER
  POSSIBLE SUNSHINE  MM
  AVERAGE SKY COVER 0.8


WEATHER CONDITIONS
 THE FOLLOWING WEATHER WAS RECORDED YESTERDAY.
  LIGHT RAIN


RELATIVE HUMIDITY (PERCENT)
 HIGHEST    68           700 AM
 LOWEST     40          1200 AM
 AVERAGE    54

..........................................................


THE PORTLAND OR CLIMATE NORMALS FOR TODAY
                         NORMAL    RECORD    YEAR
 MAXIMUM TEMPERATURE (F)   82        99      1952
 MINIMUM TEMPERATURE (F)   59        47      1950


SUNRISE AND SUNSET
AUGUST  3 2015........SUNRISE   556 AM PDT   SUNSET   836 PM PDT
AUGUST  4 2015........SUNRISE   557 AM PDT   SUNSET   835 PM PDT


-  INDICATES NEGATIVE NUMBERS.
R  INDICATES RECORD WAS SET OR TIED.
MM INDICATES DATA IS MISSING.
T  INDICATES TRACE AMOUNT.




$$
