000
CDUS41 KPBZ 222218
CLIPHD


CLIMATE REPORT
NATIONAL WEATHER SERVICE PITTSBURGH PA
517 PM EST MON DEC 22 2014


...................................

...THE NEW PHILADELPHIA OH CLIMATE SUMMARY FOR DECEMBER 22 2014...
VALID TODAY AS OF 0500 PM LOCAL TIME.

CLIMATE NORMAL PERIOD 1981 TO 2010
CLIMATE RECORD PERIOD 1946 TO 2014


WEATHER ITEM   OBSERVED TIME   RECORD YEAR NORMAL DEPARTURE LAST
                VALUE   (LST)  VALUE       VALUE  FROM      YEAR
                                                  NORMAL
..................................................................
TEMPERATURE (F)
 TODAY
  MAXIMUM         48    311 PM  70    2013  39      9       70
  MINIMUM         20    618 AM -16    1989  23     -3       48
  AVERAGE         34                        31      3       59

PRECIPITATION (IN)
  TODAY            0.00         MM      MM   0.10  -0.10     0.42
  MONTH TO DATE    1.97                      1.93   0.04     3.10
  SINCE JUN 1     23.88                     22.56   1.32    24.30
  SINCE JAN 1     39.06                     38.16   0.90    34.34

DEGREE DAYS
 HEATING
  TODAY           31                        34     -3        6
  MONTH TO DATE  644                       688    -44      673
  SINCE DEC 1    644                       688    -44      673
  SINCE JUL 1   1878                      1846     32     1909

 COOLING
  TODAY            0                         0      0        0
  MONTH TO DATE    0                         0      0        0
  SINCE DEC 1      0                         0      0        0
  SINCE JAN 1    630                       697    -67      755
..................................................................


WIND (MPH)
  HIGHEST WIND SPEED     7   HIGHEST WIND DIRECTION     S (170)
  HIGHEST GUST SPEED     8   HIGHEST GUST DIRECTION    SE (130)
  AVERAGE WIND SPEED     1.3


SKY COVER
  POSSIBLE SUNSHINE  MM
  AVERAGE SKY COVER 0.4


WEATHER CONDITIONS
 THE FOLLOWING WEATHER WAS RECORDED TODAY.
  FOG
  HAZE


RELATIVE HUMIDITY (PERCENT)
 HIGHEST    91           300 AM
 LOWEST     56           300 PM
 AVERAGE    74

..........................................................


THE NEW PHILADELPHIA OH CLIMATE NORMALS FOR TOMORROW
                         NORMAL    RECORD    YEAR
 MAXIMUM TEMPERATURE (F)   39        60      1990
 MINIMUM TEMPERATURE (F)   23       -16      1989


SUNRISE AND SUNSET
DECEMBER 22 2014......SUNRISE   746 AM EST   SUNSET   503 PM EST
DECEMBER 23 2014......SUNRISE   746 AM EST   SUNSET   503 PM EST


-  INDICATES NEGATIVE NUMBERS.
R  INDICATES RECORD WAS SET OR TIED.
MM INDICATES DATA IS MISSING.
T  INDICATES TRACE AMOUNT.




$$
