000
CDUS41 KPBZ 230730
CLIPHD


CLIMATE REPORT
NATIONAL WEATHER SERVICE PITTSBURGH PA
330 AM EDT TUE SEP 23 2014


...................................

...THE NEW PHILADELPHIA OH CLIMATE SUMMARY FOR SEPTEMBER 22 2014...

CLIMATE NORMAL PERIOD 1981 TO 2010
CLIMATE RECORD PERIOD 1946 TO 2014


WEATHER ITEM   OBSERVED TIME   RECORD YEAR NORMAL DEPARTURE LAST
                VALUE   (LST)  VALUE       VALUE  FROM      YEAR
                                                  NORMAL
..................................................................
TEMPERATURE (F)
 YESTERDAY
  MAXIMUM         60    329 PM  89    1978  74    -14       63
  MINIMUM         41            34    1991  50     -9       47
  AVERAGE         51                        62    -11       55

PRECIPITATION (IN)
  YESTERDAY        0.01         MM      MM   0.10  -0.09     0.01
  MONTH TO DATE    0.64                      2.58  -1.94     1.30
  SINCE JUN 1     17.58                     13.93   3.65    15.00
  SINCE JAN 1     32.76                     29.53   3.23    25.04

DEGREE DAYS
 HEATING
  YESTERDAY       14                         5      9       10
  MONTH TO DATE   74                        48     26       60
  SINCE SEP 1     74                        48     26       60
  SINCE JUL 1    106                        58     48       74

 COOLING
  YESTERDAY        0                         1     -1        0
  MONTH TO DATE   70                        58     12       79
  SINCE SEP 1     70                        58     12       79
  SINCE JAN 1    619                       680    -61      724
..................................................................


WIND (MPH)
  HIGHEST WIND SPEED    15   HIGHEST WIND DIRECTION     N (340)
  HIGHEST GUST SPEED    20   HIGHEST GUST DIRECTION     N (340)
  AVERAGE WIND SPEED     5.8


SKY COVER
  POSSIBLE SUNSHINE  MM
  AVERAGE SKY COVER 0.7


WEATHER CONDITIONS
 THE FOLLOWING WEATHER WAS RECORDED YESTERDAY.
  LIGHT RAIN
  FOG
  FOG W/VISIBILITY <= 1/4 MILE


RELATIVE HUMIDITY (PERCENT)
 HIGHEST    96          1000 PM
 LOWEST     51          1200 PM
 AVERAGE    74

..........................................................


THE NEW PHILADELPHIA OH CLIMATE NORMALS FOR TODAY
                         NORMAL    RECORD    YEAR
 MAXIMUM TEMPERATURE (F)   73        89      1984
 MINIMUM TEMPERATURE (F)   49        30      1995


SUNRISE AND SUNSET
SEPTEMBER 23 2014.....SUNRISE   714 AM EDT   SUNSET   721 PM EDT
SEPTEMBER 24 2014.....SUNRISE   715 AM EDT   SUNSET   719 PM EDT


-  INDICATES NEGATIVE NUMBERS.
R  INDICATES RECORD WAS SET OR TIED.
MM INDICATES DATA IS MISSING.
T  INDICATES TRACE AMOUNT.




$$
