000
CDUS41 KPBZ 010705
CLIPHD


CLIMATE REPORT
NATIONAL WEATHER SERVICE PITTSBURGH PA
304 AM EDT WED OCT 1 2014


...................................

...THE NEW PHILADELPHIA OH CLIMATE SUMMARY FOR SEPTEMBER 30 2014...

CLIMATE NORMAL PERIOD 1981 TO 2010
CLIMATE RECORD PERIOD 1946 TO 2014


WEATHER ITEM   OBSERVED TIME   RECORD YEAR NORMAL DEPARTURE LAST
                VALUE   (LST)  VALUE       VALUE  FROM      YEAR
                                                  NORMAL
..................................................................
TEMPERATURE (F)
 YESTERDAY
  MAXIMUM         71    353 PM  88    1986  70      1       69
  MINIMUM         50            31    1963  46      4       55
  AVERAGE         61                        58      3       62

PRECIPITATION (IN)
  YESTERDAY        0.20         MM      MM   0.09   0.11     0.00
  MONTH TO DATE    0.84                      3.26  -2.42     1.30
  SINCE JUN 1     17.78                     14.61   3.17    15.00
  SINCE JAN 1     32.96                     30.21   2.75    25.04

DEGREE DAYS
 HEATING
  YESTERDAY        4                         8     -4        3
  MONTH TO DATE  100                        98      2      102
  SINCE SEP 1    100                        96      4      102
  SINCE JUL 1    132                       106     26      116

 COOLING
  YESTERDAY        0                         1     -1        0
  MONTH TO DATE   72                        66      6       79
  SINCE SEP 1     72                        66      6       79
  SINCE JAN 1    621                       688    -67      724
..................................................................


WIND (MPH)
  HIGHEST WIND SPEED    13   HIGHEST WIND DIRECTION    NW (330)
  HIGHEST GUST SPEED    17   HIGHEST GUST DIRECTION    NW (330)
  AVERAGE WIND SPEED     3.4


SKY COVER
  POSSIBLE SUNSHINE  MM
  AVERAGE SKY COVER 0.7


WEATHER CONDITIONS
 THE FOLLOWING WEATHER WAS RECORDED YESTERDAY.
  HEAVY RAIN
  RAIN
  LIGHT RAIN
  FOG
  FOG W/VISIBILITY <= 1/4 MILE


RELATIVE HUMIDITY (PERCENT)
 HIGHEST   100           100 AM
 LOWEST     61           400 PM
 AVERAGE    81

..........................................................


THE NEW PHILADELPHIA OH CLIMATE NORMALS FOR TODAY
                         NORMAL    RECORD    YEAR
 MAXIMUM TEMPERATURE (F)   70        87      1986
 MINIMUM TEMPERATURE (F)   46        31      1963


SUNRISE AND SUNSET
OCTOBER  1 2014.......SUNRISE   722 AM EDT   SUNSET   708 PM EDT
OCTOBER  2 2014.......SUNRISE   723 AM EDT   SUNSET   706 PM EDT


-  INDICATES NEGATIVE NUMBERS.
R  INDICATES RECORD WAS SET OR TIED.
MM INDICATES DATA IS MISSING.
T  INDICATES TRACE AMOUNT.




$$
