000
CDUS41 KPBZ 020725
CLIPHD


CLIMATE REPORT
NATIONAL WEATHER SERVICE PITTSBURGH PA
325 AM EDT WED SEP 2 2015


...................................

...THE NEW PHILADELPHIA OH CLIMATE SUMMARY FOR SEPTEMBER 1 2015...

CLIMATE NORMAL PERIOD 1981 TO 2010
CLIMATE RECORD PERIOD 1946 TO 2015


WEATHER ITEM   OBSERVED TIME   RECORD YEAR NORMAL DEPARTURE LAST
                VALUE   (LST)  VALUE       VALUE  FROM      YEAR
                                                  NORMAL
..................................................................
TEMPERATURE (F)
 YESTERDAY
  MAXIMUM         91    235 PM  96    1993  81     10       82
  MINIMUM         63            41    1967  57      6       69
  AVERAGE         77                        69      8       76

PRECIPITATION (IN)
  YESTERDAY        0.00         MM      MM   0.13  -0.13     0.19
  MONTH TO DATE    0.00                      0.13  -0.13     0.19
  SINCE JUN 1      8.41                     11.48  -3.07    17.13
  SINCE JAN 1     21.63                     27.08  -5.45    32.31

DEGREE DAYS
 HEATING
  YESTERDAY        0                         1     -1        0
  MONTH TO DATE    0                         1     -1        0
  SINCE SEP 1      0                         1     -1        0
  SINCE JUL 1     13                        11      2       32

 COOLING
  YESTERDAY       12                         4      8       11
  MONTH TO DATE   12                         4      8       11
  SINCE SEP 1     12                         4      8       11
  SINCE JAN 1    731                       626    105      560
..................................................................


WIND (MPH)
  HIGHEST WIND SPEED     8   HIGHEST WIND DIRECTION     W (260)
  HIGHEST GUST SPEED    12   HIGHEST GUST DIRECTION    SW (240)
  AVERAGE WIND SPEED     1.2


SKY COVER
  POSSIBLE SUNSHINE  MM
  AVERAGE SKY COVER 0.3


WEATHER CONDITIONS
 THE FOLLOWING WEATHER WAS RECORDED YESTERDAY.
  FOG
  FOG W/VISIBILITY <= 1/4 MILE


RELATIVE HUMIDITY (PERCENT)
 HIGHEST   100           100 AM
 LOWEST     46           400 PM
 AVERAGE    73

..........................................................


THE NEW PHILADELPHIA OH CLIMATE NORMALS FOR TODAY
                         NORMAL    RECORD    YEAR
 MAXIMUM TEMPERATURE (F)   80        93      1973
 MINIMUM TEMPERATURE (F)   57        41      1967


SUNRISE AND SUNSET
SEPTEMBER  2 2015.....SUNRISE   654 AM EDT   SUNSET   756 PM EDT
SEPTEMBER  3 2015.....SUNRISE   655 AM EDT   SUNSET   755 PM EDT


-  INDICATES NEGATIVE NUMBERS.
R  INDICATES RECORD WAS SET OR TIED.
MM INDICATES DATA IS MISSING.
T  INDICATES TRACE AMOUNT.




$$
