000
CDUS41 KPHI 010634
CLIPHL


CLIMATE REPORT
NATIONAL WEATHER SERVICE MOUNT HOLLY NJ
234 AM EDT MON SEP 1 2014


...................................

...THE PHILADELPHIA PA CLIMATE SUMMARY FOR AUGUST 31 2014...

CLIMATE NORMAL PERIOD 1981 TO 2010
CLIMATE RECORD PERIOD 1872 TO 2014


WEATHER ITEM   OBSERVED TIME   RECORD YEAR NORMAL DEPARTURE LAST
                VALUE   (LST)  VALUE       VALUE  FROM      YEAR
                                                  NORMAL
..................................................................
TEMPERATURE (F)
 YESTERDAY
  MAXIMUM         93    143 PM 101    1953  83     10       88
  MINIMUM         72    255 AM  45    1965  66      6       72
  AVERAGE         83                        74      9       80

PRECIPITATION (IN)
  YESTERDAY        1.11          3.41 1911   0.10   1.01     0.00
  MONTH TO DATE    3.55                      3.50   0.05     5.91
  SINCE JUN 1     13.31                     11.28   2.03    29.71
  SINCE JAN 1     35.81                     28.02   7.79    42.24

SNOWFALL (IN)
  YESTERDAY        0.0           0.0  1870   0.0    0.0      0.0
  MONTH TO DATE    0.0                       0.0    0.0      0.0
  SINCE JUN 1      0.0                       0.0    0.0      0.0
  SINCE JUL 1      0.0                       0.0    0.0      0.0
  SNOW DEPTH       0

DEGREE DAYS
 HEATING
  YESTERDAY        0                         0      0        0
  MONTH TO DATE    0                         0      0        0
  SINCE JUN 1      0                        12    -12        0
  SINCE JUL 1      0                         1     -1        0

 COOLING
  YESTERDAY       18                         9      9       15
  MONTH TO DATE  311                       360    -49      306
  SINCE JUN 1   1015                      1026    -11     1092
  SINCE JAN 1   1098                      1117    -19     1216
..................................................................


WIND (MPH)
  HIGHEST WIND SPEED    36   HIGHEST WIND DIRECTION     W (270)
  HIGHEST GUST SPEED    44   HIGHEST GUST DIRECTION     W (260)
  AVERAGE WIND SPEED     8.7


SKY COVER
  POSSIBLE SUNSHINE  MM
  AVERAGE SKY COVER 0.9


WEATHER CONDITIONS
 THE FOLLOWING WEATHER WAS RECORDED YESTERDAY.
  THUNDERSTORM
  HEAVY RAIN
  RAIN
  LIGHT RAIN
  FOG
  HAZE


RELATIVE HUMIDITY (PERCENT)
 HIGHEST    94           900 PM
 LOWEST     49           100 PM
 AVERAGE    72

..........................................................


THE PHILADELPHIA PA CLIMATE NORMALS FOR TODAY
                         NORMAL    RECORD    YEAR
 MAXIMUM TEMPERATURE (F)   83        97      1953
                                             1932
 MINIMUM TEMPERATURE (F)   65        49      1963


SUNRISE AND SUNSET
SEPTEMBER  1 2014.....SUNRISE   629 AM EDT   SUNSET   732 PM EDT
SEPTEMBER  2 2014.....SUNRISE   630 AM EDT   SUNSET   731 PM EDT


-  INDICATES NEGATIVE NUMBERS.
R  INDICATES RECORD WAS SET OR TIED.
MM INDICATES DATA IS MISSING.
T  INDICATES TRACE AMOUNT.




$$
