000
CDUS41 KPHI 070629
CLIPHL


CLIMATE REPORT
NATIONAL WEATHER SERVICE MOUNT HOLLY NJ
128 AM EST SUN FEB 7 2016


...................................

...THE PHILADELPHIA PA CLIMATE SUMMARY FOR FEBRUARY 6 2016...

CLIMATE NORMAL PERIOD 1981 TO 2010
CLIMATE RECORD PERIOD 1872 TO 2016


WEATHER ITEM   OBSERVED TIME   RECORD YEAR NORMAL DEPARTURE LAST
                VALUE   (LST)  VALUE       VALUE  FROM      YEAR
                                                  NORMAL
..................................................................
TEMPERATURE (F)
 YESTERDAY
  MAXIMUM         43    426 PM  68    2008  42      1       32
  MINIMUM         27    713 AM  -3    1895  26      1       14
  AVERAGE         35                        34      1       23

PRECIPITATION (IN)
  YESTERDAY        0.00          3.86 1896   0.10  -0.10     0.00
  MONTH TO DATE    0.97                      0.59   0.38     0.99
  SINCE DEC 1      8.74                      7.18   1.56     8.78
  SINCE JAN 1      3.60                      3.62  -0.02     5.51

SNOWFALL (IN)
  YESTERDAY        0.0          22.0  2010   0.3   -0.3      0.0
  MONTH TO DATE    1.2                       2.1   -0.9      0.8
  SINCE DEC 1     24.1                      12.0   12.1      5.2
  SINCE JUL 1     24.1                      12.3   11.8      5.2
  SNOW DEPTH       0

DEGREE DAYS
 HEATING
  YESTERDAY       30                        31     -1       42
  MONTH TO DATE  125                       187    -62      216
  SINCE DEC 1   1493                      2034   -541     1998
  SINCE JUL 1   2053                      2850   -797     2776

 COOLING
  YESTERDAY        0                         0      0        0
  MONTH TO DATE    0                         0      0        0
  SINCE DEC 1      2                         0      2        0
  SINCE JAN 1      0                         0      0        0
..................................................................


WIND (MPH)
  HIGHEST WIND SPEED    13   HIGHEST WIND DIRECTION     S (200)
  HIGHEST GUST SPEED    16   HIGHEST GUST DIRECTION     S (200)
  AVERAGE WIND SPEED     6.2


SKY COVER
  POSSIBLE SUNSHINE  MM
  AVERAGE SKY COVER 0.6


WEATHER CONDITIONS
 THE FOLLOWING WEATHER WAS RECORDED YESTERDAY.
  NO SIGNIFICANT WEATHER WAS OBSERVED.


RELATIVE HUMIDITY (PERCENT)
 HIGHEST    75           500 AM
 LOWEST     36           200 PM
 AVERAGE    56

..........................................................


THE PHILADELPHIA PA CLIMATE NORMALS FOR TODAY
                         NORMAL    RECORD    YEAR
 MAXIMUM TEMPERATURE (F)   42        67      2008
 MINIMUM TEMPERATURE (F)   27         5      1910
                                             1895
                                             1875


SUNRISE AND SUNSET
FEBRUARY  7 2016......SUNRISE   704 AM EST   SUNSET   527 PM EST
FEBRUARY  8 2016......SUNRISE   703 AM EST   SUNSET   528 PM EST


-  INDICATES NEGATIVE NUMBERS.
R  INDICATES RECORD WAS SET OR TIED.
MM INDICATES DATA IS MISSING.
T  INDICATES TRACE AMOUNT.




$$
