784
CDUS41 KPHI 270628
CLIPHL


CLIMATE REPORT
NATIONAL WEATHER SERVICE MOUNT HOLLY NJ
128 AM EST MON FEB 27 2017


...................................

...THE PHILADELPHIA PA CLIMATE SUMMARY FOR FEBRUARY 26 2017...

CLIMATE NORMAL PERIOD 1981 TO 2010
CLIMATE RECORD PERIOD 1872 TO 2017


WEATHER ITEM   OBSERVED TIME   RECORD YEAR NORMAL DEPARTURE LAST
                VALUE   (LST)  VALUE       VALUE  FROM      YEAR
                                                  NORMAL
..................................................................
TEMPERATURE (F)
 YESTERDAY
  MAXIMUM         46   1239 AM  69    1890  47     -1       41
  MINIMUM         34   1159 PM  10    1990  30      4       32
                                      1970
  AVERAGE         40                        38      2       37

PRECIPITATION (IN)
  YESTERDAY        0.00          2.16 1912   0.10  -0.10     0.00
  MONTH TO DATE    1.12                      2.46  -1.34     4.35
  SINCE DEC 1      6.75                      9.05  -2.30    12.12
  SINCE JAN 1      4.03                      5.49  -1.46     6.98

SNOWFALL (IN)
  YESTERDAY        0.0           5.1  1934   0.2   -0.2      0.0
  MONTH TO DATE    2.0                       8.4   -6.4      3.3
  SINCE DEC 1      8.0                      18.3  -10.3     26.2
  SINCE JUL 1      8.0                      18.6  -10.6     26.2
  SNOW DEPTH       0

DEGREE DAYS
 HEATING
  YESTERDAY       25                        27     -2       28
  MONTH TO DATE  544                       766   -222      703
  SINCE DEC 1   2163                      2613   -450     2071
  SINCE JUL 1   2794                      3429   -635     2631

 COOLING
  YESTERDAY        0                         0      0        0
  MONTH TO DATE    0                         0      0        0
  SINCE DEC 1      0                         0      0        2
  SINCE JAN 1      0                         0      0        0
..................................................................


WIND (MPH)
  HIGHEST WIND SPEED    28   HIGHEST WIND DIRECTION    NW (300)
  HIGHEST GUST SPEED    35   HIGHEST GUST DIRECTION     W (290)
  AVERAGE WIND SPEED    15.0


SKY COVER
  POSSIBLE SUNSHINE  MM
  AVERAGE SKY COVER 0.4


WEATHER CONDITIONS
 THE FOLLOWING WEATHER WAS RECORDED YESTERDAY.
  NO SIGNIFICANT WEATHER WAS OBSERVED.


RELATIVE HUMIDITY (PERCENT)
 HIGHEST    49          1200 AM
 LOWEST     30           100 PM
 AVERAGE    40

..........................................................


THE PHILADELPHIA PA CLIMATE NORMALS FOR TODAY
                         NORMAL    RECORD    YEAR
 MAXIMUM TEMPERATURE (F)   47        74      1997
 MINIMUM TEMPERATURE (F)   30         6      1900


SUNRISE AND SUNSET
FEBRUARY 27 2017......SUNRISE   637 AM EST   SUNSET   551 PM EST
FEBRUARY 28 2017......SUNRISE   635 AM EST   SUNSET   552 PM EST


-  INDICATES NEGATIVE NUMBERS.
R  INDICATES RECORD WAS SET OR TIED.
MM INDICATES DATA IS MISSING.
T  INDICATES TRACE AMOUNT.




$$
