000
CDUS41 KPHI 230630
CLIPHL


CLIMATE REPORT
NATIONAL WEATHER SERVICE MOUNT HOLLY NJ
128 AM EST SUN NOV 23 2014


...................................

...THE PHILADELPHIA PA CLIMATE SUMMARY FOR NOVEMBER 22 2014...

CLIMATE NORMAL PERIOD 1981 TO 2010
CLIMATE RECORD PERIOD 1872 TO 2014


WEATHER ITEM   OBSERVED TIME   RECORD YEAR NORMAL DEPARTURE LAST
                VALUE   (LST)  VALUE       VALUE  FROM      YEAR
                                                  NORMAL
..................................................................
TEMPERATURE (F)
 YESTERDAY
  MAXIMUM         46    320 PM  73    1883  54     -8       56
  MINIMUM         23    553 AM  14    1880  37    -14       49
  AVERAGE         35                        45    -10       53

PRECIPITATION (IN)
  YESTERDAY        T             1.66 2011   0.11  -0.11     0.03
  MONTH TO DATE    2.75                      2.11   0.64     0.45
  SINCE SEP 1      6.97                      9.07  -2.10     6.16
  SINCE JAN 1     42.78                     37.09   5.69    48.40

SNOWFALL (IN)
  YESTERDAY        0.0           1.8  1989   0.0    0.0      0.0
  MONTH TO DATE    T                         0.1   -0.1       T
  SINCE SEP 1      T                         0.1   -0.1       T
  SINCE JUL 1      T                         0.1   -0.1       T
  SNOW DEPTH       0

DEGREE DAYS
 HEATING
  YESTERDAY       30                        20     10       12
  MONTH TO DATE  437                       353     84      352
  SINCE SEP 1    627                       645    -18      581
  SINCE JUL 1    627                       646    -19      581

 COOLING
  YESTERDAY        0                         0      0        0
  MONTH TO DATE    0                         0      0        0
  SINCE SEP 1    213                       183     30      195
  SINCE JAN 1   1311                      1300     11     1411
..................................................................


WIND (MPH)
  HIGHEST WIND SPEED    20   HIGHEST WIND DIRECTION    SW (230)
  HIGHEST GUST SPEED    26   HIGHEST GUST DIRECTION    SW (240)
  AVERAGE WIND SPEED    10.7


SKY COVER
  POSSIBLE SUNSHINE  MM
  AVERAGE SKY COVER 0.4


WEATHER CONDITIONS
 THE FOLLOWING WEATHER WAS RECORDED YESTERDAY.
  LIGHT RAIN


RELATIVE HUMIDITY (PERCENT)
 HIGHEST    68           600 AM
 LOWEST     31           300 PM
 AVERAGE    50

..........................................................


THE PHILADELPHIA PA CLIMATE NORMALS FOR TODAY
                         NORMAL    RECORD    YEAR
 MAXIMUM TEMPERATURE (F)   53        72      1931
                                             1913
 MINIMUM TEMPERATURE (F)   37        10      1880


SUNRISE AND SUNSET
NOVEMBER 23 2014......SUNRISE   655 AM EST   SUNSET   440 PM EST
NOVEMBER 24 2014......SUNRISE   656 AM EST   SUNSET   439 PM EST


-  INDICATES NEGATIVE NUMBERS.
R  INDICATES RECORD WAS SET OR TIED.
MM INDICATES DATA IS MISSING.
T  INDICATES TRACE AMOUNT.




$$
