000
CDUS41 KPHI 280627
CLIPHL


CLIMATE REPORT
NATIONAL WEATHER SERVICE MOUNT HOLLY NJ
226 AM EDT FRI APR 28 2017


...................................

...THE PHILADELPHIA PA CLIMATE SUMMARY FOR APRIL 27 2017...

CLIMATE NORMAL PERIOD 1981 TO 2010
CLIMATE RECORD PERIOD 1872 TO 2017


WEATHER ITEM   OBSERVED TIME   RECORD YEAR NORMAL DEPARTURE LAST
                VALUE   (LST)  VALUE       VALUE  FROM      YEAR
                                                  NORMAL
..................................................................
TEMPERATURE (F)
 YESTERDAY
  MAXIMUM         81    230 PM  93    1915  68     13       55
  MINIMUM         60    456 AM  36    1967  48     12       50
  AVERAGE         71                        58     13       53

PRECIPITATION (IN)
  YESTERDAY        0.00          1.59 1982   0.12  -0.12     0.00
  MONTH TO DATE    3.11                      3.23  -0.12     1.66
  SINCE MAR 1      7.37                      7.02   0.35     3.67
  SINCE JAN 1     11.58                     12.70  -1.12    10.66

SNOWFALL (IN)
  YESTERDAY        0.0           0.1  1967   0.0    0.0      0.0
  MONTH TO DATE    0.0                       0.5   -0.5      0.3
  SINCE MAR 1      7.0                       3.4    3.6      1.3
  SINCE JUL 1     15.0                      22.4   -7.4     27.5
  SNOW DEPTH       0

DEGREE DAYS
 HEATING
  YESTERDAY        0                         8     -8       12
  MONTH TO DATE  199                       322   -123      285
  SINCE MAR 1    902                       987    -85      717
  SINCE JUL 1   3728                      4469   -741     3403

 COOLING
  YESTERDAY        6                         1      5        0
  MONTH TO DATE   19                         9     10       18
  SINCE MAR 1     19                        10      9       23
  SINCE JAN 1     19                        10      9       23
..................................................................


WIND (MPH)
  HIGHEST WIND SPEED    14   HIGHEST WIND DIRECTION    SE (150)
  HIGHEST GUST SPEED    17   HIGHEST GUST DIRECTION    SE (150)
  AVERAGE WIND SPEED     5.4


SKY COVER
  POSSIBLE SUNSHINE  MM
  AVERAGE SKY COVER 0.8


WEATHER CONDITIONS
 THE FOLLOWING WEATHER WAS RECORDED YESTERDAY.
  NO SIGNIFICANT WEATHER WAS OBSERVED.


RELATIVE HUMIDITY (PERCENT)
 HIGHEST    90           300 AM
 LOWEST     54           200 PM
 AVERAGE    72

..........................................................


THE PHILADELPHIA PA CLIMATE NORMALS FOR TODAY
                         NORMAL    RECORD    YEAR
 MAXIMUM TEMPERATURE (F)   68        90      1990
 MINIMUM TEMPERATURE (F)   48        34      1946
                                             1898


SUNRISE AND SUNSET
APRIL 28 2017.........SUNRISE   605 AM EDT   SUNSET   753 PM EDT
APRIL 29 2017.........SUNRISE   603 AM EDT   SUNSET   754 PM EDT


-  INDICATES NEGATIVE NUMBERS.
R  INDICATES RECORD WAS SET OR TIED.
MM INDICATES DATA IS MISSING.
T  INDICATES TRACE AMOUNT.




$$
