000
CDUS41 KPHI 252132
CLIPHL


CLIMATE REPORT
NATIONAL WEATHER SERVICE MOUNT HOLLY NJ
531 PM EDT SAT MAR 25 2017


...................................

...THE PHILADELPHIA PA CLIMATE SUMMARY FOR MARCH 25 2017...
VALID TODAY AS OF 0500 PM LOCAL TIME.

CLIMATE NORMAL PERIOD 1981 TO 2010
CLIMATE RECORD PERIOD 1872 TO 2017


WEATHER ITEM   OBSERVED TIME   RECORD YEAR NORMAL DEPARTURE LAST
                VALUE   (LST)  VALUE       VALUE  FROM      YEAR
                                                  NORMAL
..................................................................
TEMPERATURE (F)
 TODAY
  MAXIMUM         77    147 PM  82    1910  56     21       73
  MINIMUM         46   1227 AM  16    1878  37      9       52
  AVERAGE         62                        46     16       63

PRECIPITATION (IN)
  TODAY            T             2.72 1876   0.13  -0.13      T
  MONTH TO DATE    2.06                      3.00  -0.94     1.55
  SINCE MAR 1      2.06                      3.00  -0.94     1.55
  SINCE JAN 1      6.27                      8.68  -2.41     8.54

SNOWFALL (IN)
  TODAY            0.0           1.7  1965   0.1   -0.1      0.0
  MONTH TO DATE    7.0                       2.7    4.3      1.0
  SINCE MAR 1      7.0                       2.7    4.3      1.0
  SINCE JUL 1     15.0                      21.7   -6.7     27.2
  SNOW DEPTH       0

DEGREE DAYS
 HEATING
  TODAY            3                        19    -16        2
  MONTH TO DATE  602                       562     40      364
  SINCE MAR 1    602                       562     40      364
  SINCE JUL 1   3428                      4044   -616     3050

 COOLING
  TODAY            0                         0      0        0
  MONTH TO DATE    0                         0      0        5
  SINCE MAR 1      0                         0      0        5
  SINCE JAN 1      0                         0      0        5
..................................................................


WIND (MPH)
  HIGHEST WIND SPEED    15   HIGHEST WIND DIRECTION    SW (240)
  HIGHEST GUST SPEED    18   HIGHEST GUST DIRECTION     N (340)
  AVERAGE WIND SPEED     8.7


SKY COVER
  POSSIBLE SUNSHINE  MM
  AVERAGE SKY COVER 0.9


WEATHER CONDITIONS
 THE FOLLOWING WEATHER WAS RECORDED TODAY.
  LIGHT RAIN


RELATIVE HUMIDITY (PERCENT)
 HIGHEST    77           400 AM
 LOWEST     41           200 PM
 AVERAGE    59

..........................................................


THE PHILADELPHIA PA CLIMATE NORMALS FOR TOMORROW
                         NORMAL    RECORD    YEAR
 MAXIMUM TEMPERATURE (F)   56        80      1921
 MINIMUM TEMPERATURE (F)   37        21      1960


SUNRISE AND SUNSET
MARCH 25 2017.........SUNRISE   656 AM EDT   SUNSET   718 PM EDT
MARCH 26 2017.........SUNRISE   654 AM EDT   SUNSET   719 PM EDT


-  INDICATES NEGATIVE NUMBERS.
R  INDICATES RECORD WAS SET OR TIED.
MM INDICATES DATA IS MISSING.
T  INDICATES TRACE AMOUNT.




$$
