000
CDUS43 KUNR 200834
CLIPHP


CLIMATE REPORT
NATIONAL WEATHER SERVICE RAPID CITY SD
133 AM MST TUE FEB 20 2018


...................................

...THE PHILIP SD CLIMATE SUMMARY FOR FEBRUARY 19 2018...

CLIMATE NORMAL PERIOD 1981 TO 2010
CLIMATE RECORD PERIOD 9999 TO 9999


WEATHER ITEM   OBSERVED TIME   NORMAL DEPARTURE LAST
                VALUE   (LST)  VALUE  FROM      YEAR
                                      NORMAL
......................................................
TEMPERATURE (F)
 YESTERDAY
  MAXIMUM          8   1255 AM  39    -31       72
  MINIMUM          2   1159 PM  14    -12       34
  AVERAGE          5            26    -21       53

PRECIPITATION (IN)
  YESTERDAY        0.29          0.02   0.27     0.00
  MONTH TO DATE    0.89          0.24   0.65     0.13
  SINCE DEC 1      1.58          0.97   0.61     1.36
  SINCE JAN 1      1.19          0.54   0.65     0.94

DEGREE DAYS
 HEATING
  YESTERDAY       60            39     21       12
  MONTH TO DATE  996           766    230      665
  SINCE DEC 1   3607          3396    211     3661
  SINCE JUL 1   5056          5031     25     4799

 COOLING
  YESTERDAY        0             0      0        0
  MONTH TO DATE    0             0      0        0
  SINCE DEC 1      0             0      0        0
  SINCE JAN 1      0             0      0        0
......................................................


WIND (MPH)
  HIGHEST WIND SPEED    23   HIGHEST WIND DIRECTION     N (360)
  HIGHEST GUST SPEED    26   HIGHEST GUST DIRECTION     N (360)
  AVERAGE WIND SPEED    15.3


SKY COVER
  AVERAGE SKY COVER 1.0


WEATHER CONDITIONS
 THE FOLLOWING WEATHER WAS RECORDED YESTERDAY.
  LIGHT SNOW
  FOG


RELATIVE HUMIDITY (PERCENT)
 HIGHEST    91           600 PM
 LOWEST     80           100 AM
 AVERAGE    86

..........................................................




SUNRISE AND SUNSET
FEBRUARY 20 2018......SUNRISE   638 AM MST   SUNSET   523 PM MST
FEBRUARY 21 2018......SUNRISE   636 AM MST   SUNSET   524 PM MST


-  INDICATES NEGATIVE NUMBERS.
R  INDICATES RECORD WAS SET OR TIED.
MM INDICATES DATA IS MISSING.
T  INDICATES TRACE AMOUNT.




$$
