000
CDUS43 KUNR 220839
CLIPHP


CLIMATE REPORT
NATIONAL WEATHER SERVICE RAPID CITY SD
138 AM MST MON DEC 22 2014


...................................

...THE PHILIP SD CLIMATE SUMMARY FOR DECEMBER 21 2014...

CLIMATE NORMAL PERIOD 1981 TO 2010
CLIMATE RECORD PERIOD 9999 TO 9999


WEATHER ITEM   OBSERVED TIME   NORMAL DEPARTURE LAST
                VALUE   (LST)  VALUE  FROM      YEAR
                                      NORMAL
......................................................
TEMPERATURE (F)
 YESTERDAY
  MAXIMUM         51    126 PM  34     17        8
  MINIMUM         15    756 AM   9      6      -14
  AVERAGE         33            22     11       -3

PRECIPITATION (IN)
  YESTERDAY        0.02          0.01   0.01     0.01
  MONTH TO DATE    0.02          0.29  -0.27     0.87
  SINCE DEC 1      0.02          0.29  -0.27     0.87
  SINCE JAN 1     16.23         17.21  -0.98    16.14

DEGREE DAYS
 HEATING
  YESTERDAY       32            43    -11       68
  MONTH TO DATE  693           865   -172     1039
  SINCE DEC 1    693           865   -172     1039
  SINCE JUL 1   2348          2500   -152     2550

 COOLING
  YESTERDAY        0             0      0        0
  MONTH TO DATE    0             0      0        0
  SINCE DEC 1      0             0      0        0
  SINCE JAN 1    649           818   -169      945
......................................................


WIND (MPH)
  HIGHEST WIND SPEED    21   HIGHEST WIND DIRECTION    NW (310)
  HIGHEST GUST SPEED    26   HIGHEST GUST DIRECTION    NW (310)
  AVERAGE WIND SPEED     5.5


SKY COVER
  AVERAGE SKY COVER 0.4


WEATHER CONDITIONS
 THE FOLLOWING WEATHER WAS RECORDED YESTERDAY.
  LIGHT RAIN
  FOG


RELATIVE HUMIDITY (PERCENT)
 HIGHEST    92           500 AM
 LOWEST     46           100 PM
 AVERAGE    69

..........................................................




SUNRISE AND SUNSET
DECEMBER 22 2014......SUNRISE   719 AM MST   SUNSET   412 PM MST
DECEMBER 23 2014......SUNRISE   719 AM MST   SUNSET   412 PM MST


-  INDICATES NEGATIVE NUMBERS.
R  INDICATES RECORD WAS SET OR TIED.
MM INDICATES DATA IS MISSING.
T  INDICATES TRACE AMOUNT.




$$
