000
CDUS43 KUNR 270839
CLIPHP


CLIMATE REPORT
NATIONAL WEATHER SERVICE RAPID CITY SD
239 AM MDT THU JUL 27 2017


...................................

...THE PHILIP SD CLIMATE SUMMARY FOR JULY 26 2017...

CLIMATE NORMAL PERIOD 1981 TO 2010
CLIMATE RECORD PERIOD 9999 TO 9999


WEATHER ITEM   OBSERVED TIME   NORMAL DEPARTURE LAST
                VALUE   (LST)  VALUE  FROM      YEAR
                                      NORMAL
......................................................
TEMPERATURE (F)
 YESTERDAY
  MAXIMUM         92    223 PM  91      1       94
  MINIMUM         70   1129 PM  61      9       66
  AVERAGE         81            76      5       80

PRECIPITATION (IN)
  YESTERDAY        0.00          0.05  -0.05     0.00
  MONTH TO DATE    0.13          1.78  -1.65     1.04
  SINCE JUN 1      2.20          4.71  -2.51     1.76
  SINCE JAN 1      7.04         11.63  -4.59     8.48

DEGREE DAYS
 HEATING
  YESTERDAY        0             0      0        0
  MONTH TO DATE    0             3     -3        4
  SINCE JUN 1     23            66    -43       11
  SINCE JUL 1      0             3     -3        4

 COOLING
  YESTERDAY       16            11      5       15
  MONTH TO DATE  396           249    147      284
  SINCE JUN 1    546           372    174      511
  SINCE JAN 1    559           399    160      525
......................................................


WIND (MPH)
  HIGHEST WIND SPEED    20   HIGHEST WIND DIRECTION     E (70)
  HIGHEST GUST SPEED    29   HIGHEST GUST DIRECTION     E (70)
  AVERAGE WIND SPEED     9.5


SKY COVER
  AVERAGE SKY COVER 0.3


WEATHER CONDITIONS
 THE FOLLOWING WEATHER WAS RECORDED YESTERDAY.
  NO SIGNIFICANT WEATHER WAS OBSERVED.


RELATIVE HUMIDITY (PERCENT)
 HIGHEST    79           500 AM
 LOWEST     27           100 PM
 AVERAGE    53

..........................................................




SUNRISE AND SUNSET
JULY 27 2017..........SUNRISE   529 AM MDT   SUNSET   816 PM MDT
JULY 28 2017..........SUNRISE   530 AM MDT   SUNSET   815 PM MDT


-  INDICATES NEGATIVE NUMBERS.
R  INDICATES RECORD WAS SET OR TIED.
MM INDICATES DATA IS MISSING.
T  INDICATES TRACE AMOUNT.




$$
