000
CDUS43 KUNR 230832
CLIPHP


CLIMATE REPORT
NATIONAL WEATHER SERVICE RAPID CITY SD
230 AM MDT SAT AUG 23 2014


...................................

...THE PHILIP SD CLIMATE SUMMARY FOR AUGUST 22 2014...

CLIMATE NORMAL PERIOD 1981 TO 2010
CLIMATE RECORD PERIOD 9999 TO 9999


WEATHER ITEM   OBSERVED TIME   NORMAL DEPARTURE LAST
                VALUE   (LST)  VALUE  FROM      YEAR
                                      NORMAL
......................................................
TEMPERATURE (F)
 YESTERDAY
  MAXIMUM         84    422 PM  88     -4       83
  MINIMUM         64    524 AM  57      7       59
  AVERAGE         74            72      2       71

PRECIPITATION (IN)
  YESTERDAY        T             0.04  -0.04     0.00
  MONTH TO DATE    1.59          1.05   0.54     1.25
  SINCE JUN 1      5.70          6.01  -0.31     4.84
  SINCE JAN 1     10.52         12.93  -2.41    10.40

DEGREE DAYS
 HEATING
  YESTERDAY        0             1     -1        0
  MONTH TO DATE    0             2     -2        0
  SINCE JUN 1     94            73     21       67
  SINCE JUL 1     16            10      6        3

 COOLING
  YESTERDAY        9             8      1        6
  MONTH TO DATE  212           218     -6      140
  SINCE JUN 1    518           646   -128      600
  SINCE JAN 1    558           673   -115      621
......................................................


WIND (MPH)
  HIGHEST WIND SPEED    21   HIGHEST WIND DIRECTION     E (80)
  HIGHEST GUST SPEED    25   HIGHEST GUST DIRECTION     E (70)
  AVERAGE WIND SPEED     9.6


SKY COVER
  AVERAGE SKY COVER 0.5


WEATHER CONDITIONS
 THE FOLLOWING WEATHER WAS RECORDED YESTERDAY.
  THUNDERSTORM
  LIGHT RAIN


RELATIVE HUMIDITY (PERCENT)
 HIGHEST    93           500 AM
 LOWEST     48           400 PM
 AVERAGE    71

..........................................................




SUNRISE AND SUNSET
AUGUST 23 2014........SUNRISE   559 AM MDT   SUNSET   738 PM MDT
AUGUST 24 2014........SUNRISE   600 AM MDT   SUNSET   736 PM MDT


-  INDICATES NEGATIVE NUMBERS.
R  INDICATES RECORD WAS SET OR TIED.
MM INDICATES DATA IS MISSING.
T  INDICATES TRACE AMOUNT.




$$
