000
CDUS43 KUNR 210833
CLIPHP


CLIMATE REPORT
NATIONAL WEATHER SERVICE RAPID CITY SD
231 AM MDT SUN SEP 21 2014


...................................

...THE PHILIP SD CLIMATE SUMMARY FOR SEPTEMBER 20 2014...

CLIMATE NORMAL PERIOD 1981 TO 2010
CLIMATE RECORD PERIOD 9999 TO 9999


WEATHER ITEM   OBSERVED TIME   NORMAL DEPARTURE LAST
                VALUE   (LST)  VALUE  FROM      YEAR
                                      NORMAL
......................................................
TEMPERATURE (F)
 YESTERDAY
  MAXIMUM         82   1257 PM  76      6       76
  MINIMUM         44   1159 PM  45     -1       39
  AVERAGE         63            60      3       58

PRECIPITATION (IN)
  YESTERDAY        0.01          0.05  -0.04     0.00
  MONTH TO DATE    0.50          1.00  -0.50     0.42
  SINCE SEP 1      0.50          1.00  -0.50     0.42
  SINCE JAN 1     13.93         14.38  -0.45    10.83

DEGREE DAYS
 HEATING
  YESTERDAY        2             6     -4        7
  MONTH TO DATE  140            78     62       23
  SINCE SEP 1    140            78     62       23
  SINCE JUL 1    159           103     56       26

 COOLING
  YESTERDAY        0             2     -2        0
  MONTH TO DATE   35            69    -34      159
  SINCE SEP 1     35            69    -34      159
  SINCE JAN 1    614           804   -190      922
......................................................


WIND (MPH)
  HIGHEST WIND SPEED    36   HIGHEST WIND DIRECTION     N (340)
  HIGHEST GUST SPEED    47   HIGHEST GUST DIRECTION    NW (330)
  AVERAGE WIND SPEED    14.3


SKY COVER
  AVERAGE SKY COVER 0.0


WEATHER CONDITIONS
 THE FOLLOWING WEATHER WAS RECORDED YESTERDAY.
  HEAVY RAIN
  RAIN


RELATIVE HUMIDITY (PERCENT)
 HIGHEST    89           500 AM
 LOWEST     24           100 PM
 AVERAGE    57

..........................................................




SUNRISE AND SUNSET
SEPTEMBER 21 2014.....SUNRISE   632 AM MDT   SUNSET   646 PM MDT
SEPTEMBER 22 2014.....SUNRISE   634 AM MDT   SUNSET   644 PM MDT


-  INDICATES NEGATIVE NUMBERS.
R  INDICATES RECORD WAS SET OR TIED.
MM INDICATES DATA IS MISSING.
T  INDICATES TRACE AMOUNT.




$$
