000
CDUS43 KUNR 200849
CLIPHP


CLIMATE REPORT
NATIONAL WEATHER SERVICE RAPID CITY SD
248 AM MDT WED SEP 20 2017


...................................

...THE PHILIP SD CLIMATE SUMMARY FOR SEPTEMBER 19 2017...

CLIMATE NORMAL PERIOD 1981 TO 2010
CLIMATE RECORD PERIOD 9999 TO 9999


WEATHER ITEM   OBSERVED TIME   NORMAL DEPARTURE LAST
                VALUE   (LST)  VALUE  FROM      YEAR
                                      NORMAL
......................................................
TEMPERATURE (F)
 YESTERDAY
  MAXIMUM         77    217 PM  76      1       84
  MINIMUM         46   1159 PM  45      1       53
  AVERAGE         62            61      1       69

PRECIPITATION (IN)
  YESTERDAY        0.02          0.04  -0.02      T
  MONTH TO DATE    0.36          0.95  -0.59     0.15
  SINCE SEP 1      0.36          0.95  -0.59     0.15
  SINCE JAN 1      8.22         14.33  -6.11    12.16

DEGREE DAYS
 HEATING
  YESTERDAY        3             6     -3        0
  MONTH TO DATE   61            72    -11       52
  SINCE SEP 1     61            72    -11       52
  SINCE JUL 1     67            97    -30       71

 COOLING
  YESTERDAY        0             2     -2        4
  MONTH TO DATE   97            67     30       51
  SINCE SEP 1     97            67     30       51
  SINCE JAN 1    893           802     91      881
......................................................


WIND (MPH)
  HIGHEST WIND SPEED    30   HIGHEST WIND DIRECTION    NW (310)
  HIGHEST GUST SPEED    37   HIGHEST GUST DIRECTION    NW (320)
  AVERAGE WIND SPEED    10.9


SKY COVER
  AVERAGE SKY COVER 0.2


WEATHER CONDITIONS
 THE FOLLOWING WEATHER WAS RECORDED YESTERDAY.
  LIGHT RAIN


RELATIVE HUMIDITY (PERCENT)
 HIGHEST    93           700 PM
 LOWEST     33           200 PM
 AVERAGE    63

..........................................................




SUNRISE AND SUNSET
SEPTEMBER 20 2017.....SUNRISE   632 AM MDT   SUNSET   647 PM MDT
SEPTEMBER 21 2017.....SUNRISE   633 AM MDT   SUNSET   645 PM MDT


-  INDICATES NEGATIVE NUMBERS.
R  INDICATES RECORD WAS SET OR TIED.
MM INDICATES DATA IS MISSING.
T  INDICATES TRACE AMOUNT.




$$
