000
CDUS43 KUNR 010836
CLIPHP


CLIMATE REPORT
NATIONAL WEATHER SERVICE RAPID CITY SD
136 AM MST SUN FEB 1 2015


...................................

...THE PHILIP SD CLIMATE SUMMARY FOR JANUARY 31 2015...

CLIMATE NORMAL PERIOD 1981 TO 2010
CLIMATE RECORD PERIOD 9999 TO 9999


WEATHER ITEM   OBSERVED TIME   NORMAL DEPARTURE LAST
                VALUE   (LST)  VALUE  FROM      YEAR
                                      NORMAL
......................................................
TEMPERATURE (F)
 YESTERDAY
  MAXIMUM         27    615 AM  36     -9       39
  MINIMUM         10   1159 PM  11     -1        6
  AVERAGE         19            23     -4       23

PRECIPITATION (IN)
  YESTERDAY        0.01          0.01   0.00     0.00
  MONTH TO DATE    0.02          0.30  -0.28     0.11
  SINCE DEC 1      0.32          0.73  -0.41     1.13
  SINCE JAN 1      0.02          0.30  -0.28     0.11

DEGREE DAYS
 HEATING
  YESTERDAY       46            42      4       42
  MONTH TO DATE 1200          1331   -131     1245
  SINCE DEC 1   2391          2630   -239     2757
  SINCE JUL 1   4046          4265   -219     4268

 COOLING
  YESTERDAY        0             0      0        0
  MONTH TO DATE    0             0      0        0
  SINCE DEC 1      0             0      0        0
  SINCE JAN 1      0             0      0        0
......................................................


WIND (MPH)
  HIGHEST WIND SPEED    20   HIGHEST WIND DIRECTION    NE (50)
  HIGHEST GUST SPEED    24   HIGHEST GUST DIRECTION    NE (50)
  AVERAGE WIND SPEED    12.1


SKY COVER
  AVERAGE SKY COVER 0.8


WEATHER CONDITIONS
 THE FOLLOWING WEATHER WAS RECORDED YESTERDAY.
  LT FREEZING RAIN
  LIGHT SNOW
  FOG
  FOG W/VISIBILITY <= 1/4 MILE


RELATIVE HUMIDITY (PERCENT)
 HIGHEST   100          1000 AM
 LOWEST     67          1100 PM
 AVERAGE    84

..........................................................




SUNRISE AND SUNSET
FEBRUARY  1 2015......SUNRISE   704 AM MST   SUNSET   456 PM MST
FEBRUARY  2 2015......SUNRISE   703 AM MST   SUNSET   458 PM MST


-  INDICATES NEGATIVE NUMBERS.
R  INDICATES RECORD WAS SET OR TIED.
MM INDICATES DATA IS MISSING.
T  INDICATES TRACE AMOUNT.




$$
