000
CDUS43 KUNR 300838
CLIPHP


CLIMATE REPORT
NATIONAL WEATHER SERVICE RAPID CITY SD
235 AM MDT MON MAR 30 2015


...................................

...THE PHILIP SD CLIMATE SUMMARY FOR MARCH 29 2015...

CLIMATE NORMAL PERIOD 1981 TO 2010
CLIMATE RECORD PERIOD 9999 TO 9999


WEATHER ITEM   OBSERVED TIME   NORMAL DEPARTURE LAST
                VALUE   (LST)  VALUE  FROM      YEAR
                                      NORMAL
......................................................
TEMPERATURE (F)
 YESTERDAY
  MAXIMUM         66    426 PM  53     13       72
  MINIMUM         34   1158 PM  26      8       18
  AVERAGE         50            40     10       45

PRECIPITATION (IN)
  YESTERDAY        0.00          0.04  -0.04     0.00
  MONTH TO DATE    0.09          1.18  -1.09     0.49
  SINCE MAR 1      0.09          1.18  -1.09     0.49
  SINCE JAN 1      0.20          1.96  -1.76     0.97

DEGREE DAYS
 HEATING
  YESTERDAY       15            25    -10       20
  MONTH TO DATE  708           888   -180      933
  SINCE MAR 1    708           888   -180      933
  SINCE JUL 1   5848          6253   -405     6536

 COOLING
  YESTERDAY        0             0      0        0
  MONTH TO DATE    3             0      3        0
  SINCE MAR 1      3             0      3        0
  SINCE JAN 1      3             0      3        0
......................................................


WIND (MPH)
  HIGHEST WIND SPEED    46   HIGHEST WIND DIRECTION    NW (300)
  HIGHEST GUST SPEED    56   HIGHEST GUST DIRECTION    NW (300)
  AVERAGE WIND SPEED    18.0


SKY COVER
  AVERAGE SKY COVER 0.1


WEATHER CONDITIONS
 THE FOLLOWING WEATHER WAS RECORDED YESTERDAY.
  NO SIGNIFICANT WEATHER WAS OBSERVED.


RELATIVE HUMIDITY (PERCENT)
 HIGHEST    60           400 AM
 LOWEST     20           100 PM
 AVERAGE    40

..........................................................




SUNRISE AND SUNSET
MARCH 30 2015.........SUNRISE   632 AM MDT   SUNSET   711 PM MDT
MARCH 31 2015.........SUNRISE   630 AM MDT   SUNSET   712 PM MDT


-  INDICATES NEGATIVE NUMBERS.
R  INDICATES RECORD WAS SET OR TIED.
MM INDICATES DATA IS MISSING.
T  INDICATES TRACE AMOUNT.




$$
