000
CDUS43 KUNR 230830
CLIPHP


CLIMATE REPORT
NATIONAL WEATHER SERVICE RAPID CITY SD
230 AM MDT THU OCT 23 2014


...................................

...THE PHILIP SD CLIMATE SUMMARY FOR OCTOBER 22 2014...

CLIMATE NORMAL PERIOD 1981 TO 2010
CLIMATE RECORD PERIOD 9999 TO 9999


WEATHER ITEM   OBSERVED TIME   NORMAL DEPARTURE LAST
                VALUE   (LST)  VALUE  FROM      YEAR
                                      NORMAL
......................................................
TEMPERATURE (F)
 YESTERDAY
  MAXIMUM         68    252 PM  60      8       54
  MINIMUM         32   1159 PM  32      0       39
  AVERAGE         50            46      4       47

PRECIPITATION (IN)
  YESTERDAY        T             0.05  -0.05      T
  MONTH TO DATE    0.22          1.10  -0.88     3.59
  SINCE SEP 1      2.49          2.59  -0.10     4.17
  SINCE JAN 1     15.92         15.97  -0.05    14.58

DEGREE DAYS
 HEATING
  YESTERDAY       15            19     -4       18
  MONTH TO DATE  265           323    -58      315
  SINCE SEP 1    437           484    -47      375
  SINCE JUL 1    456           509    -53      378

 COOLING
  YESTERDAY        0             0      0        0
  MONTH TO DATE    0             0      0        0
  SINCE SEP 1     70            79     -9      182
  SINCE JAN 1    649           814   -165      945
......................................................


WIND (MPH)
  HIGHEST WIND SPEED    25   HIGHEST WIND DIRECTION    NW (300)
  HIGHEST GUST SPEED    32   HIGHEST GUST DIRECTION    NW (310)
  AVERAGE WIND SPEED    10.0


SKY COVER
  AVERAGE SKY COVER 0.3


WEATHER CONDITIONS
 THE FOLLOWING WEATHER WAS RECORDED YESTERDAY.
  LIGHT RAIN


RELATIVE HUMIDITY (PERCENT)
 HIGHEST    82          1100 PM
 LOWEST     27           200 PM
 AVERAGE    55

..........................................................




SUNRISE AND SUNSET
OCTOBER 23 2014.......SUNRISE   711 AM MDT   SUNSET   550 PM MDT
OCTOBER 24 2014.......SUNRISE   712 AM MDT   SUNSET   548 PM MDT


-  INDICATES NEGATIVE NUMBERS.
R  INDICATES RECORD WAS SET OR TIED.
MM INDICATES DATA IS MISSING.
T  INDICATES TRACE AMOUNT.




$$
