000
CDUS43 KUNR 200836
CLIPHP


CLIMATE REPORT
NATIONAL WEATHER SERVICE RAPID CITY SD
234 AM MDT SUN APR 20 2014


...................................

...THE PHILIP SD CLIMATE SUMMARY FOR APRIL 19 2014...

CLIMATE NORMAL PERIOD 1981 TO 2010
CLIMATE RECORD PERIOD 9999 TO 9999


WEATHER ITEM   OBSERVED TIME   NORMAL DEPARTURE LAST
                VALUE   (LST)  VALUE  FROM      YEAR
                                      NORMAL
......................................................
TEMPERATURE (F)
 YESTERDAY
  MAXIMUM         68    325 PM  62      6       47
  MINIMUM         37   1159 PM  34      3       26
  AVERAGE         53            48      5       37

PRECIPITATION (IN)
  YESTERDAY        0.00          0.08  -0.08      T
  MONTH TO DATE    0.54          0.94  -0.40     1.44
  SINCE MAR 1      1.08          2.21  -1.13     1.84
  SINCE JAN 1      1.56          2.99  -1.43     2.66

DEGREE DAYS
 HEATING
  YESTERDAY       12            17     -5       28
  MONTH TO DATE  414           394     20      560
  SINCE MAR 1   1404          1332     72     1515
  SINCE JUL 1   7007          6697    310     6541

 COOLING
  YESTERDAY        0             0      0        0
  MONTH TO DATE    0             0      0        0
  SINCE MAR 1      0             0      0        0
  SINCE JAN 1      0             0      0        0
......................................................


WIND (MPH)
  HIGHEST WIND SPEED    26   HIGHEST WIND DIRECTION    NW (320)
  HIGHEST GUST SPEED    34   HIGHEST GUST DIRECTION    NW (320)
  AVERAGE WIND SPEED     8.1


SKY COVER
  AVERAGE SKY COVER 0.0


WEATHER CONDITIONS
 THE FOLLOWING WEATHER WAS RECORDED YESTERDAY.
  NO SIGNIFICANT WEATHER WAS OBSERVED.


RELATIVE HUMIDITY (PERCENT)
 HIGHEST    79           600 AM
 LOWEST     18           100 PM
 AVERAGE    49

..........................................................




SUNRISE AND SUNSET
APRIL 20 2014.........SUNRISE   555 AM MDT   SUNSET   737 PM MDT
APRIL 21 2014.........SUNRISE   553 AM MDT   SUNSET   738 PM MDT


-  INDICATES NEGATIVE NUMBERS.
R  INDICATES RECORD WAS SET OR TIED.
MM INDICATES DATA IS MISSING.
T  INDICATES TRACE AMOUNT.




$$
