000
CDUS43 KUNR 260833
CLIPHP


CLIMATE REPORT
NATIONAL WEATHER SERVICE RAPID CITY SD
132 AM MST SUN FEB 26 2017


...................................

...THE PHILIP SD CLIMATE SUMMARY FOR FEBRUARY 25 2017...

CLIMATE NORMAL PERIOD 1981 TO 2010
CLIMATE RECORD PERIOD 9999 TO 9999


WEATHER ITEM   OBSERVED TIME   NORMAL DEPARTURE LAST
                VALUE   (LST)  VALUE  FROM      YEAR
                                      NORMAL
......................................................
TEMPERATURE (F)
 YESTERDAY
  MAXIMUM         42    229 PM  41      1       44
  MINIMUM         14    634 AM  15     -1       18
  AVERAGE         28            28      0       31

PRECIPITATION (IN)
  YESTERDAY        T             0.02  -0.02     0.00
  MONTH TO DATE    0.16          0.38  -0.22     0.26
  SINCE DEC 1      1.39          1.11   0.28     1.46
  SINCE JAN 1      0.97          0.68   0.29     0.47

DEGREE DAYS
 HEATING
  YESTERDAY       37            37      0       34
  MONTH TO DATE  815           992   -177      761
  SINCE DEC 1   3811          3622    189     3370
  SINCE JUL 1   4949          5257   -308     4710

 COOLING
  YESTERDAY        0             0      0        0
  MONTH TO DATE    0             0      0        0
  SINCE DEC 1      0             0      0        0
  SINCE JAN 1      0             0      0        0
......................................................


WIND (MPH)
  HIGHEST WIND SPEED    24   HIGHEST WIND DIRECTION     W (280)
  HIGHEST GUST SPEED    30   HIGHEST GUST DIRECTION     W (290)
  AVERAGE WIND SPEED     8.5


SKY COVER
  AVERAGE SKY COVER 0.8


WEATHER CONDITIONS
 THE FOLLOWING WEATHER WAS RECORDED YESTERDAY.
  LIGHT SNOW


RELATIVE HUMIDITY (PERCENT)
 HIGHEST    91          1100 PM
 LOWEST     30           300 PM
 AVERAGE    61

..........................................................




SUNRISE AND SUNSET
FEBRUARY 26 2017......SUNRISE   628 AM MST   SUNSET   531 PM MST
FEBRUARY 27 2017......SUNRISE   626 AM MST   SUNSET   533 PM MST


-  INDICATES NEGATIVE NUMBERS.
R  INDICATES RECORD WAS SET OR TIED.
MM INDICATES DATA IS MISSING.
T  INDICATES TRACE AMOUNT.




$$
