000
CDUS45 KPSR 300807
CLIPHX

CLIMATE REPORT
NATIONAL WEATHER SERVICE PHOENIX AZ
106 AM MST THU OCT 30 2014

...................................

...THE PHOENIX AZ CLIMATE SUMMARY FOR OCTOBER 29 2014...

CLIMATE NORMAL PERIOD 1981 TO 2010
CLIMATE RECORD PERIOD 1895 TO 2014


WEATHER ITEM   OBSERVED TIME   RECORD YEAR NORMAL DEPARTURE LAST
                VALUE   (LST)  VALUE       VALUE  FROM      YEAR
                                                  NORMAL
..................................................................
TEMPERATURE (F)
 YESTERDAY
  MAXIMUM         91    343 PM  95    2007  83      8       74
  MINIMUM         64    610 AM  40    1971  60      4       61
  AVERAGE         78                        72      6       68

PRECIPITATION (IN)
  YESTERDAY        0.00          0.48 1959   0.02  -0.02     0.00
  MONTH TO DATE    0.13                      0.54  -0.41      T
  SINCE OCT 1      0.13                      0.54  -0.41      T
  SINCE JAN 1      7.46                      6.46   1.00     5.60

SNOWFALL (IN)
  YESTERDAY        0.0
  MONTH TO DATE    0.0
  SINCE JAN 1      0.0
  SINCE JUL 1      0.0
  SNOW DEPTH       0

DEGREE DAYS
 HEATING
  YESTERDAY        0                         1     -1        0
  MONTH TO DATE    0                         1     -1        1
  SINCE SEP 1      0                         1     -1        1
  SINCE JUL 1      0                         1     -1        1

 COOLING
  YESTERDAY       13                         7      6        3
  MONTH TO DATE  441                       354     87      305
  SINCE SEP 1   1169                      1054    115     1024
  SINCE JAN 1   4914                      4523    391     4912
..................................................................


WIND (MPH)
  HIGHEST WIND SPEED     9   HIGHEST WIND DIRECTION    SW (240)
  HIGHEST GUST SPEED    13   HIGHEST GUST DIRECTION    NW (320)
  AVERAGE WIND SPEED     3.6


SKY COVER
  AVERAGE SKY COVER 0.0


WEATHER CONDITIONS
 THE FOLLOWING WEATHER WAS RECORDED YESTERDAY.
  NO SIGNIFICANT WEATHER WAS OBSERVED.


RELATIVE HUMIDITY (PERCENT)
 HIGHEST    52           300 AM
 LOWEST     17           400 PM
 AVERAGE    35

..........................................................


THE PHOENIX AZ CLIMATE NORMALS FOR TODAY
                         NORMAL    RECORD    YEAR
 MAXIMUM TEMPERATURE (F)   83        94      2008
                                             1990
 MINIMUM TEMPERATURE (F)   59        34      1971


SUNRISE AND SUNSET
OCTOBER 30 2014.......SUNRISE   645 AM MST   SUNSET   538 PM MST
OCTOBER 31 2014.......SUNRISE   646 AM MST   SUNSET   537 PM MST


-  INDICATES NEGATIVE NUMBERS.
R  INDICATES RECORD WAS SET OR TIED.
MM INDICATES DATA IS MISSING.
T  INDICATES TRACE AMOUNT.

&&
.....................................................................

DEW POINT
  HIGHEST DEW POINT    49
   LOWEST DEW POINT    40
  AVERAGE DEW POINT    46
.....................................................................

$$
