000
CDUS45 KPSR 251820 CCA
CLIPHX

CLIMATE REPORT
NATIONAL WEATHER SERVICE PHOENIX AZ
119 AM MST SAT MAR 25 2017


...................................

...THE PHOENIX AZ CLIMATE SUMMARY FOR MARCH 24 2017...

CLIMATE NORMAL PERIOD 1981 TO 2010
CLIMATE RECORD PERIOD 1895 TO 2017


WEATHER ITEM   OBSERVED TIME   RECORD YEAR NORMAL DEPARTURE LAST
                VALUE   (LST)  VALUE       VALUE  FROM      YEAR
                                                  NORMAL
..................................................................
TEMPERATURE (F)
 YESTERDAY
  MAXIMUM         78    343 PM  94    1990  79     -1       80
  MINIMUM         52    653 AM  36    1962  55     -3       52
                                      1917
                                      1898
  AVERAGE         65                        67     -2       66

PRECIPITATION (IN)
  YESTERDAY        0.00          0.40 1902   0.03  -0.03     0.00
  MONTH TO DATE    0.06                      0.84  -0.78     0.00
  SINCE OCT 1      4.23                      4.78  -0.55     2.48
  SINCE JAN 1      2.40                      2.67  -0.27     1.31

SNOWFALL (IN)
  YESTERDAY        0.0
  MONTH TO DATE    0.0
  SINCE JAN 1      0.0
  SINCE JUL 1      0.0
  SNOW DEPTH       0

DEGREE DAYS
 HEATING
  YESTERDAY        0                         2     -2        0
  MONTH TO DATE   21                        70    -49        7
  SINCE MAR 1     21                        70    -49        7
  SINCE JUL 1    689                       903   -214      820

 COOLING
  YESTERDAY        0                         4     -4        1
  MONTH TO DATE  172                        57    115      137
  SINCE MAR 1    172                        57    115      137
  SINCE JAN 1    192                        74    118      250
..................................................................


WIND (MPH)
  HIGHEST WIND SPEED    13   HIGHEST WIND DIRECTION     E (80)
  HIGHEST GUST SPEED    16   HIGHEST GUST DIRECTION    NW (310)
  AVERAGE WIND SPEED     5.0


SKY COVER
  AVERAGE SKY COVER 0.0


WEATHER CONDITIONS
 THE FOLLOWING WEATHER WAS RECORDED YESTERDAY.
  NO SIGNIFICANT WEATHER WAS OBSERVED.


RELATIVE HUMIDITY (PERCENT)
 HIGHEST    68           700 AM
 LOWEST     18           400 PM
 AVERAGE    43

..........................................................


THE PHOENIX AZ CLIMATE NORMALS FOR TODAY
                         NORMAL    RECORD    YEAR
 MAXIMUM TEMPERATURE (F)   79        93      1990
                                             1988
 MINIMUM TEMPERATURE (F)   55        34      1929
                                             1913


SUNRISE AND SUNSET
MARCH 25 2017.........SUNRISE   625 AM MST   SUNSET   644 PM MST
MARCH 26 2017.........SUNRISE   623 AM MST   SUNSET   644 PM MST


-  INDICATES NEGATIVE NUMBERS.
R  INDICATES RECORD WAS SET OR TIED.
MM INDICATES DATA IS MISSING.
T  INDICATES TRACE AMOUNT.

&&

.....................................................................

DEW POINT
  HIGHEST DEW POINT    41
   LOWEST DEW POINT    30
  AVERAGE DEW POINT    36
.....................................................................

$$
