000
CDUS45 KPSR 220027
CLIPHX

CLIMATE REPORT
NATIONAL WEATHER SERVICE PHOENIX AZ
527 PM MST SAT OCT 21 2017


...................................

...THE PHOENIX AZ CLIMATE SUMMARY FOR OCTOBER 21 2017...
VALID TODAY AS OF 0500 PM LOCAL TIME.

CLIMATE NORMAL PERIOD 1981 TO 2010
CLIMATE RECORD PERIOD 1895 TO 2017


WEATHER ITEM   OBSERVED TIME   RECORD YEAR NORMAL DEPARTURE LAST
                VALUE   (LST)  VALUE       VALUE  FROM      YEAR
                                                  NORMAL
..................................................................
TEMPERATURE (F)
 TODAY
  MAXIMUM         85    416 PM 103    2003  87     -2       97
  MINIMUM         66    715 AM  39    1949  63      3       73
  AVERAGE         76                        75      1       85

PRECIPITATION (IN)
  TODAY            0.00          0.40 2000   0.02  -0.02     0.00
  MONTH TO DATE    0.00                      0.40  -0.40     0.20
  SINCE OCT 1      0.00                      0.40  -0.40     0.20
  SINCE JAN 1      4.73                      6.32  -1.59     4.56

SNOWFALL (IN)
  TODAY            0.0
  MONTH TO DATE    0.0
  SINCE JAN 1      0.0
  SINCE JUL 1      0.0
  SNOW DEPTH       0

DEGREE DAYS
 HEATING
  TODAY            0                         0      0        0
  MONTH TO DATE    0                         0      0        0
  SINCE SEP 1      0                         0      0        0
  SINCE JUL 1      0                         0      0        0

 COOLING
  TODAY           11                        10      1       20
  MONTH TO DATE  356                       288     68      329
  SINCE SEP 1   1050                       988     62      984
  SINCE JAN 1   4867                      4457    410     4736
..................................................................


WIND (MPH)
  HIGHEST WIND SPEED    12   HIGHEST WIND DIRECTION     W (270)
  HIGHEST GUST SPEED    14   HIGHEST GUST DIRECTION     W (260)
  AVERAGE WIND SPEED     5.1


SKY COVER
  AVERAGE SKY COVER 0.3


WEATHER CONDITIONS
 THE FOLLOWING WEATHER WAS RECORDED TODAY.
  NO SIGNIFICANT WEATHER WAS OBSERVED.


RELATIVE HUMIDITY (PERCENT)
 HIGHEST    52           700 AM
 LOWEST     23           400 PM
 AVERAGE    38

..........................................................


THE PHOENIX AZ CLIMATE NORMALS FOR TOMORROW
                         NORMAL    RECORD    YEAR
 MAXIMUM TEMPERATURE (F)   86       102      2003
 MINIMUM TEMPERATURE (F)   62        37      1906


SUNRISE AND SUNSET
OCTOBER 21 2017.......SUNRISE   638 AM MST   SUNSET   547 PM MST
OCTOBER 22 2017.......SUNRISE   639 AM MST   SUNSET   546 PM MST


-  INDICATES NEGATIVE NUMBERS.
R  INDICATES RECORD WAS SET OR TIED.
MM INDICATES DATA IS MISSING.
T  INDICATES TRACE AMOUNT.

$$
