000
CDUS45 KPSR 300826
CLIPHX

CLIMATE REPORT
NATIONAL WEATHER SERVICE PHOENIX AZ
126 AM MST SAT AUG 30 2014


...................................

...THE PHOENIX AZ CLIMATE SUMMARY FOR AUGUST 29 2014...

CLIMATE NORMAL PERIOD 1981 TO 2010
CLIMATE RECORD PERIOD 1895 TO 2014


WEATHER ITEM   OBSERVED TIME   RECORD YEAR NORMAL DEPARTURE LAST
                VALUE   (LST)  VALUE       VALUE  FROM      YEAR
                                                  NORMAL
..................................................................
TEMPERATURE (F)
 YESTERDAY
  MAXIMUM        108    404 PM 113    2009 104      4      100
                                      2007
                                      1981
  MINIMUM         83    608 AM  64    1920  82      1       81
  AVERAGE         96                        93      3       91

PRECIPITATION (IN)
  YESTERDAY        0.00          0.68 1943   0.03  -0.03     0.00
  MONTH TO DATE    1.17                      0.95   0.22     0.36
  SINCE OCT 1      5.04                      7.34  -2.30     5.66
  SINCE JAN 1      2.22                      5.23  -3.01     4.74

SNOWFALL (IN)
  YESTERDAY        0.0
  MONTH TO DATE    0.0
  SINCE JAN 1      0.0
  SINCE JUL 1      0.0
  SNOW DEPTH       0

DEGREE DAYS
 HEATING
  YESTERDAY        0                         0      0        0
  MONTH TO DATE    0                         0      0        0
  SINCE JUN 1      0                         0      0        0
  SINCE JUL 1      0                         0      0        0

 COOLING
  YESTERDAY       31                        28      3       26
  MONTH TO DATE  768                       830    -62      877
  SINCE JUN 1   2607                      2528     79     2738
  SINCE JAN 1   3682                      3414    268     3836
..................................................................


WIND (MPH)
  HIGHEST WIND SPEED    14   HIGHEST WIND DIRECTION     W (250)
  HIGHEST GUST SPEED    20   HIGHEST GUST DIRECTION    NW (320)
  AVERAGE WIND SPEED     5.6


SKY COVER
  AVERAGE SKY COVER 0.0


WEATHER CONDITIONS
 THE FOLLOWING WEATHER WAS RECORDED YESTERDAY.
  NO SIGNIFICANT WEATHER WAS OBSERVED.


RELATIVE HUMIDITY (PERCENT)
 HIGHEST    32           400 AM
 LOWEST      9           200 PM
 AVERAGE    21

..........................................................


THE PHOENIX AZ CLIMATE NORMALS FOR TODAY
                         NORMAL    RECORD    YEAR
 MAXIMUM TEMPERATURE (F)  104       113      2011
 MINIMUM TEMPERATURE (F)   81        64      1920
                                             1907


SUNRISE AND SUNSET
AUGUST 30 2014........SUNRISE   601 AM MST   SUNSET   656 PM MST
AUGUST 31 2014........SUNRISE   602 AM MST   SUNSET   655 PM MST


-  INDICATES NEGATIVE NUMBERS.
R  INDICATES RECORD WAS SET OR TIED.
MM INDICATES DATA IS MISSING.
T  INDICATES TRACE AMOUNT.

&&
.....................................................................

DEW POINT
  HIGHEST DEW POINT    52
   LOWEST DEW POINT    36
  AVERAGE DEW POINT    44
.....................................................................

$$
