000
CDUS45 KPSR 230807
CLIPHX

CLIMATE REPORT
NATIONAL WEATHER SERVICE PHOENIX AZ
106 AM MST WED AUG 23 2017

...................................

...THE PHOENIX AZ CLIMATE SUMMARY FOR AUGUST 22 2017...

CLIMATE NORMAL PERIOD 1981 TO 2010
CLIMATE RECORD PERIOD 1895 TO 2017


WEATHER ITEM   OBSERVED TIME   RECORD YEAR NORMAL DEPARTURE LAST
                VALUE   (LST)  VALUE       VALUE  FROM      YEAR
                                                  NORMAL
..................................................................
TEMPERATURE (F)
 YESTERDAY
  MAXIMUM        108    223 PM 113    2011 104      4      100
  MINIMUM         83    645 AM  65    1917  82      1       79
  AVERAGE         96                        93      3       90

PRECIPITATION (IN)
  YESTERDAY        0.00          0.50 1992   0.03  -0.03     0.00
  MONTH TO DATE    1.37                      0.73   0.64     1.13
  SINCE OCT 1      6.50                      7.12  -0.62     5.07
  SINCE JAN 1      4.67                      5.01  -0.34     3.90

SNOWFALL (IN)
  YESTERDAY        0.0
  MONTH TO DATE    0.0
  SINCE JAN 1      0.0
  SINCE JUL 1      0.0
  SNOW DEPTH       0

DEGREE DAYS
 HEATING
  YESTERDAY        0                         0      0        0
  MONTH TO DATE    0                         0      0        0
  SINCE JUN 1      0                         0      0        0
  SINCE JUL 1      0                         0      0        0

 COOLING
  YESTERDAY       31                        28      3       25
  MONTH TO DATE  616                       634    -18      611
  SINCE JUN 1   2452                      2332    120     2517
  SINCE JAN 1   3526                      3218    308     3524
..................................................................


WIND (MPH)
  HIGHEST WIND SPEED    12   HIGHEST WIND DIRECTION     W (260)
  HIGHEST GUST SPEED    15   HIGHEST GUST DIRECTION    NW (300)
  AVERAGE WIND SPEED     5.2


SKY COVER
  AVERAGE SKY COVER 0.3


WEATHER CONDITIONS
 THE FOLLOWING WEATHER WAS RECORDED YESTERDAY.
  NO SIGNIFICANT WEATHER WAS OBSERVED.


RELATIVE HUMIDITY (PERCENT)
 HIGHEST    40           600 AM
 LOWEST     13           400 PM
 AVERAGE    27

..........................................................


THE PHOENIX AZ CLIMATE NORMALS FOR TODAY
                         NORMAL    RECORD    YEAR
 MAXIMUM TEMPERATURE (F)  104       114      2011
 MINIMUM TEMPERATURE (F)   82        61      1968


SUNRISE AND SUNSET
AUGUST 23 2017........SUNRISE   556 AM MST   SUNSET   704 PM MST
AUGUST 24 2017........SUNRISE   557 AM MST   SUNSET   703 PM MST


-  INDICATES NEGATIVE NUMBERS.
R  INDICATES RECORD WAS SET OR TIED.
MM INDICATES DATA IS MISSING.
T  INDICATES TRACE AMOUNT.

&&
.....................................................................

DEW POINT
  HIGHEST DEW POINT    57
   LOWEST DEW POINT    46
  AVERAGE DEW POINT    52
.....................................................................

$$
