000
CDUS45 KPSR 130850
CLIPHX

CLIMATE REPORT
NATIONAL WEATHER SERVICE PHOENIX AZ
148 AM MST SAT FEB 13 2016


...................................

...THE PHOENIX AZ CLIMATE SUMMARY FOR FEBRUARY 12 2016...

CLIMATE NORMAL PERIOD 1981 TO 2010
CLIMATE RECORD PERIOD 1895 TO 2016


WEATHER ITEM   OBSERVED TIME   RECORD YEAR NORMAL DEPARTURE LAST
                VALUE   (LST)  VALUE       VALUE  FROM      YEAR
                                                  NORMAL
..................................................................
TEMPERATURE (F)
 YESTERDAY
  MAXIMUM         87R   436 PM  84    1988  70     17       78
                                      1971
                                      1921
  MINIMUM         55    455 AM  28    1965  48      7       58
                                      1948
  AVERAGE         71                        59     12       68

PRECIPITATION (IN)
  YESTERDAY        0.00          0.74 1931   0.02  -0.02     0.00
  MONTH TO DATE    0.00                      0.34  -0.34     0.00
  SINCE OCT 1      2.48                      3.36  -0.88     1.85
  SINCE JAN 1      1.31                      1.25   0.06     0.81

SNOWFALL (IN)
  YESTERDAY        0.0
  MONTH TO DATE    0.0
  SINCE JAN 1      0.0
  SINCE JUL 1      0.0
  SNOW DEPTH       0

DEGREE DAYS
 HEATING
  YESTERDAY        0                         6     -6        0
  MONTH TO DATE   86                        80      6       11
  SINCE DEC 1    692                       647     45      427
  SINCE JUL 1    813                       750     63      481

 COOLING
  YESTERDAY        6                         0      6        3
  MONTH TO DATE   27                         0     27       27
  SINCE DEC 1     27                         3     24       37
  SINCE JAN 1     27                         2     25       27
..................................................................


WIND (MPH)
  HIGHEST WIND SPEED    13   HIGHEST WIND DIRECTION     E (100)
  HIGHEST GUST SPEED    15   HIGHEST GUST DIRECTION     E (110)
  AVERAGE WIND SPEED     5.3


SKY COVER
  AVERAGE SKY COVER 0.1


WEATHER CONDITIONS
 THE FOLLOWING WEATHER WAS RECORDED YESTERDAY.
  NO SIGNIFICANT WEATHER WAS OBSERVED.


RELATIVE HUMIDITY (PERCENT)
 HIGHEST    47           500 AM
 LOWEST      8           500 PM
 AVERAGE    28

..........................................................


THE PHOENIX AZ CLIMATE NORMALS FOR TODAY
                         NORMAL    RECORD    YEAR
 MAXIMUM TEMPERATURE (F)   70        88      1957
 MINIMUM TEMPERATURE (F)   48        27      1948


SUNRISE AND SUNSET
FEBRUARY 13 2016......SUNRISE   714 AM MST   SUNSET   611 PM MST
FEBRUARY 14 2016......SUNRISE   713 AM MST   SUNSET   611 PM MST


-  INDICATES NEGATIVE NUMBERS.
R  INDICATES RECORD WAS SET OR TIED.
MM INDICATES DATA IS MISSING.
T  INDICATES TRACE AMOUNT.

&&
.....................................................................

DEW POINT
  HIGHEST DEW POINT    37
   LOWEST DEW POINT    20
  AVERAGE DEW POINT    30
.....................................................................

$$
