000
CDUS43 KILX 220650
CLIPIA


CLIMATE REPORT
NATIONAL WEATHER SERVICE LINCOLN IL
1250 AM CST WED FEB 22 2017


...................................

...THE PEORIA IL CLIMATE SUMMARY FOR FEBRUARY 21 2017...

CLIMATE NORMAL PERIOD 1981 TO 2010
CLIMATE RECORD PERIOD 1883 TO 2017


WEATHER ITEM   OBSERVED TIME   RECORD YEAR NORMAL DEPARTURE LAST
                VALUE   (LST)  VALUE       VALUE  FROM      YEAR
                                                  NORMAL
..................................................................
TEMPERATURE (F)
 YESTERDAY
  MAXIMUM         68    307 PM  69    1930  40     28       50
  MINIMUM         53   1030 PM -10    1885  23     30       32
  AVERAGE         61                        31     30       41

PRECIPITATION (IN)
  YESTERDAY        0.11          1.81 1997   0.06   0.05     0.00
  MONTH TO DATE    0.68                      1.25  -0.57     0.61
  SINCE DEC 1      3.47                      5.45  -1.98     7.68
  SINCE JAN 1      2.25                      3.03  -0.78     1.37

SNOWFALL (IN)
  YESTERDAY        0.0           5.6  2010   0.2   -0.2      0.0
  MONTH TO DATE    3.5                       4.9   -1.4      2.8
  SINCE DEC 1      9.5                      18.9   -9.4     10.5
  SINCE JUL 1      9.5                      20.0  -10.5     15.1
  SNOW DEPTH       0

DEGREE DAYS
 HEATING
  YESTERDAY        4                        34    -30       24
  MONTH TO DATE  544                       771   -227      714
  SINCE DEC 1   2735                      3144   -409     2627
  SINCE JUL 1   3473                      4292   -819     3384

 COOLING
  YESTERDAY        0                         0      0        0
  MONTH TO DATE    0                         0      0        0
  SINCE DEC 1      0                         0      0        0
  SINCE JAN 1      0                         0      0        0
..................................................................


WIND (MPH)
  HIGHEST WIND SPEED    10   HIGHEST WIND DIRECTION     S (180)
  HIGHEST GUST SPEED    14   HIGHEST GUST DIRECTION     S (200)
  AVERAGE WIND SPEED     3.9


SKY COVER
  POSSIBLE SUNSHINE  MM
  AVERAGE SKY COVER 0.6


WEATHER CONDITIONS
 THE FOLLOWING WEATHER WAS RECORDED YESTERDAY.
  LIGHT RAIN
  FOG
  FOG W/VISIBILITY <= 1/4 MILE
  HAZE


RELATIVE HUMIDITY (PERCENT)
 HIGHEST   100           200 AM
 LOWEST     68           300 PM
 AVERAGE    84

..........................................................


THE PEORIA IL CLIMATE NORMALS FOR TODAY
                         NORMAL    RECORD    YEAR
 MAXIMUM TEMPERATURE (F)   40        71      1922
 MINIMUM TEMPERATURE (F)   23       -13      1885


SUNRISE AND SUNSET
FEBRUARY 22 2017......SUNRISE   643 AM CST   SUNSET   542 PM CST
FEBRUARY 23 2017......SUNRISE   641 AM CST   SUNSET   543 PM CST


-  INDICATES NEGATIVE NUMBERS.
R  INDICATES RECORD WAS SET OR TIED.
MM INDICATES DATA IS MISSING.
T  INDICATES TRACE AMOUNT.




$$
