000
CDUS43 KILX 010640
CLIPIA


CLIMATE REPORT
NATIONAL WEATHER SERVICE LINCOLN IL
140 AM CDT WED OCT 1 2014


...................................

...THE PEORIA IL CLIMATE SUMMARY FOR SEPTEMBER 30 2014...

CLIMATE NORMAL PERIOD 1981 TO 2010
CLIMATE RECORD PERIOD 1883 TO 2014


WEATHER ITEM   OBSERVED TIME   RECORD YEAR NORMAL DEPARTURE LAST
                VALUE   (LST)  VALUE       VALUE  FROM      YEAR
                                                  NORMAL
..................................................................
TEMPERATURE (F)
 YESTERDAY
  MAXIMUM         71    350 PM  91    1933  71      0       78
  MINIMUM         55   1159 PM  26    1899  49      6       48
  AVERAGE         63                        60      3       63

PRECIPITATION (IN)
  YESTERDAY        0.00          1.63 1925   0.09  -0.09     0.00
  MONTH TO DATE    4.98                      3.15   1.83     1.85
  SINCE SEP 1      4.98                      3.15   1.83     1.85
  SINCE JAN 1     35.06                     28.10   6.96    33.68

SNOWFALL (IN)
  YESTERDAY        0.0           0.0    MM   0.0    0.0      0.0
  MONTH TO DATE    0.0                       0.0    0.0      0.0
  SINCE SEP 1      0.0                       0.0    0.0      0.0
  SINCE JUL 1      0.0                       0.0    0.0      0.0
  SNOW DEPTH       0

DEGREE DAYS
 HEATING
  YESTERDAY        2                         7     -5        2
  MONTH TO DATE   76                        85     -9       27
  SINCE SEP 1     76                        84     -8       27
  SINCE JUL 1     78                        90    -12       32

 COOLING
  YESTERDAY        0                         2     -2        0
  MONTH TO DATE  123                       117      6      192
  SINCE SEP 1    123                       117      6      192
  SINCE JAN 1   1147                      1024    123     1134
..................................................................


WIND (MPH)
  HIGHEST WIND SPEED    20   HIGHEST WIND DIRECTION     E (90)
  HIGHEST GUST SPEED    25   HIGHEST GUST DIRECTION     E (80)
  AVERAGE WIND SPEED    10.7


SKY COVER
  POSSIBLE SUNSHINE  MM
  AVERAGE SKY COVER 0.5


WEATHER CONDITIONS
 THE FOLLOWING WEATHER WAS RECORDED YESTERDAY.
  FOG
  HAZE


RELATIVE HUMIDITY (PERCENT)
 HIGHEST    84          1200 AM
 LOWEST     57           200 PM
 AVERAGE    71

..........................................................


THE PEORIA IL CLIMATE NORMALS FOR TODAY
                         NORMAL    RECORD    YEAR
 MAXIMUM TEMPERATURE (F)   71        89      1937
                                             1922
                                             1891
 MINIMUM TEMPERATURE (F)   48        32      1920
                                             1908


SUNRISE AND SUNSET
OCTOBER  1 2014.......SUNRISE   655 AM CDT   SUNSET   641 PM CDT
OCTOBER  2 2014.......SUNRISE   656 AM CDT   SUNSET   639 PM CDT


-  INDICATES NEGATIVE NUMBERS.
R  INDICATES RECORD WAS SET OR TIED.
MM INDICATES DATA IS MISSING.
T  INDICATES TRACE AMOUNT.




$$
