000
CDUS43 KILX 210647
CLIPIA


CLIMATE REPORT
NATIONAL WEATHER SERVICE LINCOLN IL
1247 AM CST SUN JAN 21 2018


...................................

...THE PEORIA IL CLIMATE SUMMARY FOR JANUARY 20 2018...

CLIMATE NORMAL PERIOD 1981 TO 2010
CLIMATE RECORD PERIOD 1883 TO 2018


WEATHER ITEM   OBSERVED TIME   RECORD YEAR NORMAL DEPARTURE LAST
                VALUE   (LST)  VALUE       VALUE  FROM      YEAR
                                                  NORMAL
..................................................................
TEMPERATURE (F)
 YESTERDAY
  MAXIMUM         47    337 PM  65    1906  33     14       51
  MINIMUM         28    732 AM -22    1985  17     11       38
  AVERAGE         38                        25     13       45

PRECIPITATION (IN)
  YESTERDAY        0.00          1.14 1959   0.05  -0.05     0.02
  MONTH TO DATE    0.56                      1.21  -0.65     1.51
  SINCE DEC 1      1.36                      3.63  -2.27     2.73
  SINCE JAN 1      0.56                      1.21  -0.65     1.51

SNOWFALL (IN)
  YESTERDAY        0.0           6.4  1959   0.2   -0.2      0.0
  MONTH TO DATE    3.4                       4.5   -1.1      0.4
  SINCE DEC 1     10.8                      11.6   -0.8      5.9
  SINCE JUL 1     10.8                      12.7   -1.9      5.9
  SNOW DEPTH       T

DEGREE DAYS
 HEATING
  YESTERDAY       27                        40    -13       20
  MONTH TO DATE  963                       800    163      737
  SINCE DEC 1   2090                      1930    160     1865
  SINCE JUL 1   3077                      3078     -1     2603

 COOLING
  YESTERDAY        0                         0      0        0
  MONTH TO DATE    0                         0      0        0
  SINCE DEC 1      0                         0      0        0
  SINCE JAN 1      0                         0      0        0
..................................................................


WIND (MPH)
  HIGHEST WIND SPEED    14   HIGHEST WIND DIRECTION    SW (220)
  HIGHEST GUST SPEED    19   HIGHEST GUST DIRECTION    SW (220)
  AVERAGE WIND SPEED     7.0


SKY COVER
  POSSIBLE SUNSHINE  MM
  AVERAGE SKY COVER 0.6


WEATHER CONDITIONS
 THE FOLLOWING WEATHER WAS RECORDED YESTERDAY.
  NO SIGNIFICANT WEATHER WAS OBSERVED.


RELATIVE HUMIDITY (PERCENT)
 HIGHEST    89           700 PM
 LOWEST     70          1200 AM
 AVERAGE    80

..........................................................


THE PEORIA IL CLIMATE NORMALS FOR TODAY
                         NORMAL    RECORD    YEAR
 MAXIMUM TEMPERATURE (F)   33        62      1957
 MINIMUM TEMPERATURE (F)   17       -19      1883


SUNRISE AND SUNSET
JANUARY 21 2018.......SUNRISE   717 AM CST   SUNSET   503 PM CST
JANUARY 22 2018.......SUNRISE   717 AM CST   SUNSET   504 PM CST


-  INDICATES NEGATIVE NUMBERS.
R  INDICATES RECORD WAS SET OR TIED.
MM INDICATES DATA IS MISSING.
T  INDICATES TRACE AMOUNT.




$$
