000
CDUS43 KILX 270645
CLIPIA


CLIMATE REPORT
NATIONAL WEATHER SERVICE LINCOLN IL
140 AM CDT WED MAY 27 2015


...................................

...THE PEORIA IL CLIMATE SUMMARY FOR MAY 26 2015...

CLIMATE NORMAL PERIOD 1981 TO 2010
CLIMATE RECORD PERIOD 1883 TO 2015


WEATHER ITEM   OBSERVED TIME   RECORD YEAR NORMAL DEPARTURE LAST
                VALUE   (LST)  VALUE       VALUE  FROM      YEAR
                                                  NORMAL
..................................................................
TEMPERATURE (F)
 YESTERDAY
  MAXIMUM         79   1245 PM  95    1911  76      3       90
  MINIMUM         67    920 AM  34    1979  55     12       65
  AVERAGE         73                        66      7       78

PRECIPITATION (IN)
  YESTERDAY        0.57          1.80 1922   0.14   0.43     0.11
  MONTH TO DATE    4.43                      3.69   0.74     1.31
  SINCE MAR 1      8.46                     10.12  -1.66     6.97
  SINCE JAN 1     12.18                     13.69  -1.51    11.84

SNOWFALL (IN)
  YESTERDAY        0.0           0.0    MM   0.0    0.0      0.0
  MONTH TO DATE    0.0                       0.0    0.0      0.0
  SINCE MAR 1      2.7                       3.3   -0.6      7.4
  SINCE JUL 1     27.0                      24.6    2.4     57.6
  SNOW DEPTH       0

DEGREE DAYS
 HEATING
  YESTERDAY        0                         3     -3        0
  MONTH TO DATE   74                       136    -62      119
  SINCE MAR 1   1091                      1285   -194     1407
  SINCE JUL 1   5797                      5801     -4     6586

 COOLING
  YESTERDAY        8                         3      5       13
  MONTH TO DATE  116                        48     68       97
  SINCE MAR 1    127                        62     65      103
  SINCE JAN 1    127                        62     65      103
..................................................................


WIND (MPH)
  HIGHEST WIND SPEED    29   HIGHEST WIND DIRECTION    SW (230)
  HIGHEST GUST SPEED    37   HIGHEST GUST DIRECTION    SW (220)
  AVERAGE WIND SPEED    14.0


SKY COVER
  POSSIBLE SUNSHINE  MM
  AVERAGE SKY COVER 0.7


WEATHER CONDITIONS
 THE FOLLOWING WEATHER WAS RECORDED YESTERDAY.
  HEAVY RAIN
  RAIN
  LIGHT RAIN
  FOG


RELATIVE HUMIDITY (PERCENT)
 HIGHEST    90           200 AM
 LOWEST     56           400 PM
 AVERAGE    73

..........................................................


THE PEORIA IL CLIMATE NORMALS FOR TODAY
                         NORMAL    RECORD    YEAR
 MAXIMUM TEMPERATURE (F)   77        94      1911
 MINIMUM TEMPERATURE (F)   55        35      1992


SUNRISE AND SUNSET
MAY 27 2015...........SUNRISE   533 AM CDT   SUNSET   820 PM CDT
MAY 28 2015...........SUNRISE   532 AM CDT   SUNSET   820 PM CDT


-  INDICATES NEGATIVE NUMBERS.
R  INDICATES RECORD WAS SET OR TIED.
MM INDICATES DATA IS MISSING.
T  INDICATES TRACE AMOUNT.




$$
