728
CDUS43 KILX 230634
CLIPIA


CLIMATE REPORT
NATIONAL WEATHER SERVICE LINCOLN IL
133 AM CDT WED AUG 23 2017


...................................

...THE PEORIA IL CLIMATE SUMMARY FOR AUGUST 22 2017...

CLIMATE NORMAL PERIOD 1981 TO 2010
CLIMATE RECORD PERIOD 1883 TO 2017


WEATHER ITEM   OBSERVED TIME   RECORD YEAR NORMAL DEPARTURE LAST
                VALUE   (LST)  VALUE       VALUE  FROM      YEAR
                                                  NORMAL
..................................................................
TEMPERATURE (F)
 YESTERDAY
  MAXIMUM         80    308 PM 102    1936  84     -4       80
  MINIMUM         60   1159 PM  46    1923  63     -3       56
  AVERAGE         70                        73     -3       68

PRECIPITATION (IN)
  YESTERDAY        0.38          1.61 1917   0.10   0.28     0.00
  MONTH TO DATE    0.85                      2.28  -1.43     3.55
  SINCE JUN 1      7.10                      9.66  -2.56    12.00
  SINCE JAN 1     25.59                     23.99   1.60    21.11

SNOWFALL (IN)
  YESTERDAY        0.0           0.0    MM   0.0    0.0      0.0
  MONTH TO DATE    0.0                       0.0    0.0      0.0
  SINCE JUN 1      0.0                       0.0    0.0      0.0
  SINCE JUL 1      0.0                       0.0    0.0      0.0
  SNOW DEPTH       0

DEGREE DAYS
 HEATING
  YESTERDAY        0                         0      0        0
  MONTH TO DATE    0                         0      0        0
  SINCE JUN 1      6                        19    -13        4
  SINCE JUL 1      0                         1     -1        4

 COOLING
  YESTERDAY        5                         9     -4        3
  MONTH TO DATE  172                       207    -35      260
  SINCE JUN 1    804                       757     47      951
  SINCE JAN 1    885                       838     47     1057
..................................................................


WIND (MPH)
  HIGHEST WIND SPEED    17   HIGHEST WIND DIRECTION    SW (240)
  HIGHEST GUST SPEED    28   HIGHEST GUST DIRECTION     W (290)
  AVERAGE WIND SPEED     6.8


SKY COVER
  POSSIBLE SUNSHINE  MM
  AVERAGE SKY COVER 0.4


WEATHER CONDITIONS
 THE FOLLOWING WEATHER WAS RECORDED YESTERDAY.
  THUNDERSTORM
  RAIN
  LIGHT RAIN
  FOG


RELATIVE HUMIDITY (PERCENT)
 HIGHEST   100           300 AM
 LOWEST     48           400 PM
 AVERAGE    74

..........................................................


THE PEORIA IL CLIMATE NORMALS FOR TODAY
                         NORMAL    RECORD    YEAR
 MAXIMUM TEMPERATURE (F)   83       101      1947
 MINIMUM TEMPERATURE (F)   63        50      1945
                                             1923
                                             1908


SUNRISE AND SUNSET
AUGUST 23 2017........SUNRISE   617 AM CDT   SUNSET   745 PM CDT
AUGUST 24 2017........SUNRISE   618 AM CDT   SUNSET   743 PM CDT


-  INDICATES NEGATIVE NUMBERS.
R  INDICATES RECORD WAS SET OR TIED.
MM INDICATES DATA IS MISSING.
T  INDICATES TRACE AMOUNT.




$$
