000
CDUS43 KILX 130628
CLIPIA


CLIMATE REPORT
NATIONAL WEATHER SERVICE LINCOLN IL
127 AM CDT SUN JUL 13 2014


...................................

...THE PEORIA IL CLIMATE SUMMARY FOR JULY 12 2014...

CLIMATE NORMAL PERIOD 1981 TO 2010
CLIMATE RECORD PERIOD 1883 TO 2014


WEATHER ITEM   OBSERVED TIME   RECORD YEAR NORMAL DEPARTURE LAST
                VALUE   (LST)  VALUE       VALUE  FROM      YEAR
                                                  NORMAL
..................................................................
TEMPERATURE (F)
 YESTERDAY
  MAXIMUM         90    337 PM 107    1936  86      4       85
  MINIMUM         74   1130 PM  50    1975  66      8       58
  AVERAGE         82                        76      6       72

PRECIPITATION (IN)
  YESTERDAY        0.04          2.73 1924   0.13  -0.09     0.00
  MONTH TO DATE    0.77                      1.52  -0.75     0.39
  SINCE JUN 1     10.44                      5.05   5.39     2.58
  SINCE JAN 1     22.42                     19.38   3.04    30.10

SNOWFALL (IN)
  YESTERDAY        0.0           0.0    MM   0.0    0.0      0.0
  MONTH TO DATE    0.0                       0.0    0.0      0.0
  SINCE JUN 1      0.0                       0.0    0.0      0.0
  SINCE JUL 1      0.0                       0.0    0.0      0.0
  SNOW DEPTH       0

DEGREE DAYS
 HEATING
  YESTERDAY        0                         0      0        0
  MONTH TO DATE    0                         0      0        0
  SINCE JUN 1      0                        18    -18       18
  SINCE JUL 1      0                         0      0        0

 COOLING
  YESTERDAY       17                        11      6        7
  MONTH TO DATE   99                       130    -31      116
  SINCE JUN 1    391                       352     39      339
  SINCE JAN 1    549                       433    116      446
..................................................................


WIND (MPH)
  HIGHEST WIND SPEED    23   HIGHEST WIND DIRECTION    SW (240)
  HIGHEST GUST SPEED    31   HIGHEST GUST DIRECTION     W (250)
  AVERAGE WIND SPEED     9.2


SKY COVER
  POSSIBLE SUNSHINE  MM
  AVERAGE SKY COVER 0.3


WEATHER CONDITIONS
 THE FOLLOWING WEATHER WAS RECORDED YESTERDAY.
  THUNDERSTORM
  LIGHT RAIN
  HAZE


RELATIVE HUMIDITY (PERCENT)
 HIGHEST    84           400 AM
 LOWEST     62          1200 AM
 AVERAGE    73

..........................................................


THE PEORIA IL CLIMATE NORMALS FOR TODAY
                         NORMAL    RECORD    YEAR
 MAXIMUM TEMPERATURE (F)   86       109      1936
 MINIMUM TEMPERATURE (F)   66        48      1975


SUNRISE AND SUNSET
JULY 13 2014..........SUNRISE   539 AM CDT   SUNSET   830 PM CDT
JULY 14 2014..........SUNRISE   540 AM CDT   SUNSET   829 PM CDT


-  INDICATES NEGATIVE NUMBERS.
R  INDICATES RECORD WAS SET OR TIED.
MM INDICATES DATA IS MISSING.
T  INDICATES TRACE AMOUNT.




$$
