000
CDUS45 KPIH 280731
CLIPIH


CLIMATE REPORT
NATIONAL WEATHER SERVICE POCATELLO ID
129 AM MDT WED JUN 28 2017


...................................

...THE POCATELLO ID CLIMATE SUMMARY FOR JUNE 27 2017...

CLIMATE NORMAL PERIOD 1981 TO 2010
CLIMATE RECORD PERIOD 1939 TO 2017


WEATHER ITEM   OBSERVED TIME   RECORD YEAR NORMAL DEPARTURE LAST
                VALUE   (LST)  VALUE       VALUE  FROM      YEAR
                                                  NORMAL
..................................................................
TEMPERATURE (F)
 YESTERDAY
  MAXIMUM         85    400 PM  98    2015  82      3       96
  MINIMUM         57   1159 PM  36    2011  49      8       43
                                      1949
  AVERAGE         71                        66      5       70

PRECIPITATION (IN)
  YESTERDAY        T             0.51 1952   0.02  -0.02     0.00
  MONTH TO DATE    1.14                      0.93   0.21     0.02
  SINCE OCT 1     17.61                      9.98   7.63    10.73
  SINCE JAN 1     11.05                      6.76   4.29     7.16

SNOWFALL (IN)
  YESTERDAY        0.0
  MONTH TO DATE    0.0
  SINCE JUN 1      0.0
  SINCE JUL 1     87.6
  SNOW DEPTH       0

DEGREE DAYS
 HEATING
  YESTERDAY        0                         2     -2        0
  MONTH TO DATE   83                       125    -42       43
  SINCE JUN 1     83                       125    -42       43
  SINCE JUL 1   6944                      7172   -228     6392

 COOLING
  YESTERDAY        6                         3      3        5
  MONTH TO DATE   60                        38     22       66
  SINCE JUN 1     60                        38     22       66
  SINCE JAN 1     62                        43     19       66
..................................................................


WIND (MPH)
  HIGHEST WIND SPEED    31   HIGHEST WIND DIRECTION    SW (230)
  HIGHEST GUST SPEED    36   HIGHEST GUST DIRECTION    SW (230)
  AVERAGE WIND SPEED    14.9


SKY COVER
  POSSIBLE SUNSHINE  MM
  AVERAGE SKY COVER 0.2


WEATHER CONDITIONS
 THE FOLLOWING WEATHER WAS RECORDED YESTERDAY.
  LIGHT RAIN


RELATIVE HUMIDITY (PERCENT)
 HIGHEST    78           500 AM
 LOWEST     20           300 PM
 AVERAGE    49

..........................................................


THE POCATELLO ID CLIMATE NORMALS FOR TODAY
                         NORMAL    RECORD    YEAR
 MAXIMUM TEMPERATURE (F)   83       101      2015
 MINIMUM TEMPERATURE (F)   49        37      1965


SUNRISE AND SUNSET
JUNE 28 2017..........SUNRISE   554 AM MDT   SUNSET   913 PM MDT
JUNE 29 2017..........SUNRISE   555 AM MDT   SUNSET   913 PM MDT


-  INDICATES NEGATIVE NUMBERS.
R  INDICATES RECORD WAS SET OR TIED.
MM INDICATES DATA IS MISSING.
T  INDICATES TRACE AMOUNT.




$$
