000
CDUS45 KPIH 290738
CLIPIH


CLIMATE REPORT
NATIONAL WEATHER SERVICE POCATELLO ID
136 AM MDT WED JUL 29 2015


...................................

...THE POCATELLO ID CLIMATE SUMMARY FOR JULY 28 2015...

CLIMATE NORMAL PERIOD 1981 TO 2010
CLIMATE RECORD PERIOD 1939 TO 2015


WEATHER ITEM   OBSERVED TIME   RECORD YEAR NORMAL DEPARTURE LAST
                VALUE   (LST)  VALUE       VALUE  FROM      YEAR
                                                  NORMAL
..................................................................
TEMPERATURE (F)
 YESTERDAY
  MAXIMUM         73    543 PM 100    2006  90    -17       90
  MINIMUM         39R   555 AM  43    1993  53    -14       54
  AVERAGE         56                        71    -15       72

PRECIPITATION (IN)
  YESTERDAY        0.00          0.37 1984   0.02  -0.02     0.11
  MONTH TO DATE    1.38                      0.58   0.80     0.43
  SINCE OCT 1      8.68                     10.62  -1.94     7.94
  SINCE JAN 1      6.29                      7.40  -1.11     6.57

SNOWFALL (IN)
  YESTERDAY        0.0
  MONTH TO DATE    0.0
  SINCE JUN 1      0.0
  SINCE JUL 1      0.0
  SNOW DEPTH       0

DEGREE DAYS
 HEATING
  YESTERDAY        9                         0      9        0
  MONTH TO DATE   19                        17      2        2
  SINCE JUN 1     47                       148   -101      112
  SINCE JUL 1     19                        17      2        2

 COOLING
  YESTERDAY        0                         7     -7        7
  MONTH TO DATE  155                       151      4      231
  SINCE JUN 1    290                       197     93      251
  SINCE JAN 1    294                       202     92      251
..................................................................


WIND (MPH)
  HIGHEST WIND SPEED    12   HIGHEST WIND DIRECTION     N (360)
  HIGHEST GUST SPEED    16   HIGHEST GUST DIRECTION    NW (330)
  AVERAGE WIND SPEED     2.9


SKY COVER
  POSSIBLE SUNSHINE  MM
  AVERAGE SKY COVER 0.1


WEATHER CONDITIONS
 THE FOLLOWING WEATHER WAS RECORDED YESTERDAY.
  FOG


RELATIVE HUMIDITY (PERCENT)
 HIGHEST   100           100 AM
 LOWEST     16           600 PM
 AVERAGE    58

..........................................................


THE POCATELLO ID CLIMATE NORMALS FOR TODAY
                         NORMAL    RECORD    YEAR
 MAXIMUM TEMPERATURE (F)   90       101      1994
 MINIMUM TEMPERATURE (F)   53        46      1959


SUNRISE AND SUNSET
JULY 29 2015..........SUNRISE   618 AM MDT   SUNSET   855 PM MDT
JULY 30 2015..........SUNRISE   619 AM MDT   SUNSET   854 PM MDT


-  INDICATES NEGATIVE NUMBERS.
R  INDICATES RECORD WAS SET OR TIED.
MM INDICATES DATA IS MISSING.
T  INDICATES TRACE AMOUNT.




$$
