000
CDUS45 KPIH 231642
CLIPIH

CLIMATE REPORT
NATIONAL WEATHER SERVICE POCATELLO ID
130 AM MDT WED JUL 23 2014

...................................

...THE POCATELLO ID CLIMATE SUMMARY FOR JULY 22 2014...

CLIMATE NORMAL PERIOD 1981 TO 2010
CLIMATE RECORD PERIOD 1939 TO 2014


WEATHER ITEM   OBSERVED TIME   RECORD YEAR NORMAL DEPARTURE LAST
                VALUE   (LST)  VALUE       VALUE  FROM      YEAR
                                                  NORMAL
..................................................................
TEMPERATURE (F)
 YESTERDAY
  MAXIMUM         93    241 PM 104    2000  89      4       98
  MINIMUM         56    506 AM  41    1954  53      3       46
  AVERAGE         75                        71      4       72

PRECIPITATION (IN)
  YESTERDAY        0.0           0.78 1973   0.02  -0.02     0.00
  MONTH TO DATE    0.32                      0.45  -0.13     0.27
  SINCE OCT 1      7.83                     10.49  -2.66     7.98
  SINCE JAN 1      6.46                      7.27  -0.81     3.82

SNOWFALL (IN)
  YESTERDAY        0.0
  MONTH TO DATE    0.0
  SINCE JUN 1      0.0
  SINCE JUL 1      0.0
  SNOW DEPTH       0

DEGREE DAYS
 HEATING
  YESTERDAY        0                         0      0        0
  MONTH TO DATE    2                        17    -15        0
  SINCE JUN 1    112                       148    -36       90
  SINCE JUL 1      2                        17    -15        0

 COOLING
  YESTERDAY       10                         6      4        7
  MONTH TO DATE  198                       112     86      218
  SINCE JUN 1    218                       158     60      311
  SINCE JAN 1    218                       163     55      320
..................................................................


WIND (MPH)
  HIGHEST WIND SPEED    14   HIGHEST WIND DIRECTION    NW (300)
  HIGHEST GUST SPEED    21   HIGHEST GUST DIRECTION    NW (330)
  AVERAGE WIND SPEED     6.6


SKY COVER
  POSSIBLE SUNSHINE  MM
  AVERAGE SKY COVER 0.1


WEATHER CONDITIONS
 THE FOLLOWING WEATHER WAS RECORDED YESTERDAY.
  LIGHT RAIN


RELATIVE HUMIDITY (PERCENT)
 HIGHEST    86           600 AM
 LOWEST     20           600 PM
 AVERAGE    53

..........................................................

THE POCATELLO ID CLIMATE NORMALS FOR TODAY
                         NORMAL    RECORD    YEAR
 MAXIMUM TEMPERATURE (F)   90       102      1976
 MINIMUM TEMPERATURE (F)   53        41      1954


SUNRISE AND SUNSET
JULY 23 2014..........SUNRISE   612 AM MDT   SUNSET   901 PM MDT
JULY 24 2014..........SUNRISE   613 AM MDT   SUNSET   900 PM MDT


-  INDICATES NEGATIVE NUMBERS.
R  INDICATES RECORD WAS SET OR TIED.
MM INDICATES DATA IS MISSING.
T  INDICATES TRACE AMOUNT.

$$
