000
CDUS45 KPIH 010730
CLIPIH


CLIMATE REPORT
NATIONAL WEATHER SERVICE POCATELLO ID
1229 AM MST WED MAR 1 2017


...................................

...THE POCATELLO ID CLIMATE SUMMARY FOR FEBRUARY 28 2017...

CLIMATE NORMAL PERIOD 1981 TO 2010
CLIMATE RECORD PERIOD 1939 TO 2017


WEATHER ITEM   OBSERVED TIME   RECORD YEAR NORMAL DEPARTURE LAST
                VALUE   (LST)  VALUE       VALUE  FROM      YEAR
                                                  NORMAL
..................................................................
TEMPERATURE (F)
 YESTERDAY
  MAXIMUM         30    410 PM  64    1992  43    -13       56
  MINIMUM         19    309 AM -17    1993  23     -4       28
  AVERAGE         25                        32     -7       42

PRECIPITATION (IN)
  YESTERDAY        0.01          0.67 2004   0.04  -0.03      T
  MONTH TO DATE    3.10                      0.97   2.13     0.20
  SINCE OCT 1     12.51                      5.18   7.33     5.18
  SINCE JAN 1      5.95                      1.96   3.99     1.61

SNOWFALL (IN)
  YESTERDAY        0.2
  MONTH TO DATE   20.2
  SINCE DEC 1     80.9
  SINCE JUL 1     83.5
  SNOW DEPTH       4

DEGREE DAYS
 HEATING
  YESTERDAY       40                        32      8       23
  MONTH TO DATE  916                      1027   -111      925
  SINCE DEC 1   3814                      3545    269     3373
  SINCE JUL 1   5249                      5273    -24     4817

 COOLING
  YESTERDAY        0                         0      0        0
  MONTH TO DATE    0                         0      0        0
  SINCE DEC 1      0                         0      0        0
  SINCE JAN 1      0                         0      0        0
..................................................................


WIND (MPH)
  HIGHEST WIND SPEED    33   HIGHEST WIND DIRECTION    SW (240)
  HIGHEST GUST SPEED    40   HIGHEST GUST DIRECTION     W (250)
  AVERAGE WIND SPEED    18.4


SKY COVER
  POSSIBLE SUNSHINE  MM
  AVERAGE SKY COVER 0.5


WEATHER CONDITIONS
 THE FOLLOWING WEATHER WAS RECORDED YESTERDAY.
  LIGHT SNOW
  FOG
  HAZE


RELATIVE HUMIDITY (PERCENT)
 HIGHEST    92           800 AM
 LOWEST     55           600 AM
 AVERAGE    74

..........................................................


THE POCATELLO ID CLIMATE NORMALS FOR TODAY
                         NORMAL    RECORD    YEAR
 MAXIMUM TEMPERATURE (F)   43        63      1992
 MINIMUM TEMPERATURE (F)   23        -9      1993


SUNRISE AND SUNSET
MARCH  1 2017.........SUNRISE   706 AM MST   SUNSET   620 PM MST
MARCH  2 2017.........SUNRISE   704 AM MST   SUNSET   621 PM MST


-  INDICATES NEGATIVE NUMBERS.
R  INDICATES RECORD WAS SET OR TIED.
MM INDICATES DATA IS MISSING.
T  INDICATES TRACE AMOUNT.




$$
