000
CDUS45 KPIH 162326
CLIPIH


CLIMATE REPORT
NATIONAL WEATHER SERVICE POCATELLO ID
523 PM MDT WED AUG 16 2017


...................................

...THE POCATELLO ID CLIMATE SUMMARY FOR AUGUST 16 2017...
VALID TODAY AS OF 0500 PM LOCAL TIME.

CLIMATE NORMAL PERIOD 1981 TO 2010
CLIMATE RECORD PERIOD 1939 TO 2017


WEATHER ITEM   OBSERVED TIME   RECORD YEAR NORMAL DEPARTURE LAST
                VALUE   (LST)  VALUE       VALUE  FROM      YEAR
                                                  NORMAL
..................................................................
TEMPERATURE (F)
 TODAY
  MAXIMUM         87    352 PM  97    1966  88     -1       96
                                      1958
  MINIMUM         42    549 AM  39    1968  51     -9       52
  AVERAGE         65                        69     -4       74

PRECIPITATION (IN)
  TODAY            0.00          0.61 1995   0.02  -0.02     0.00
  MONTH TO DATE    0.33                      0.30   0.03     0.24
  SINCE OCT 1     18.09                     10.98   7.11    11.15
  SINCE JAN 1     11.53                      7.76   3.77     7.58

SNOWFALL (IN)
  TODAY            0.0
  MONTH TO DATE    0.0
  SINCE JUN 1      0.0
  SINCE JUL 1      0.0
  SNOW DEPTH       0

DEGREE DAYS
 HEATING
  TODAY            0                         1     -1        0
  MONTH TO DATE    4                         3      1        3
  SINCE JUN 1     93                       154    -61       63
  SINCE JUL 1      4                        23    -19       20

 COOLING
  TODAY            0                         5     -5        9
  MONTH TO DATE   90                        92     -2       73
  SINCE JUN 1    429                       310    119      359
  SINCE JAN 1    431                       315    116      359
..................................................................


WIND (MPH)
  HIGHEST WIND SPEED    21   HIGHEST WIND DIRECTION     W (250)
  HIGHEST GUST SPEED    25   HIGHEST GUST DIRECTION     W (280)
  AVERAGE WIND SPEED     6.2


SKY COVER
  POSSIBLE SUNSHINE  MM
  AVERAGE SKY COVER 0.0


WEATHER CONDITIONS
 THE FOLLOWING WEATHER WAS RECORDED TODAY.
  NO SIGNIFICANT WEATHER WAS OBSERVED.


RELATIVE HUMIDITY (PERCENT)
 HIGHEST    83           200 AM
 LOWEST     15           300 PM
 AVERAGE    49

..........................................................


THE POCATELLO ID CLIMATE NORMALS FOR TOMORROW
                         NORMAL    RECORD    YEAR
 MAXIMUM TEMPERATURE (F)   87        97      2013
                                             2001
 MINIMUM TEMPERATURE (F)   51        38      2009


SUNRISE AND SUNSET
AUGUST 16 2017........SUNRISE   638 AM MDT   SUNSET   830 PM MDT
AUGUST 17 2017........SUNRISE   639 AM MDT   SUNSET   829 PM MDT


-  INDICATES NEGATIVE NUMBERS.
R  INDICATES RECORD WAS SET OR TIED.
MM INDICATES DATA IS MISSING.
T  INDICATES TRACE AMOUNT.




$$
