000
CDUS43 KABR 301035
CLIPIR


CLIMATE REPORT
NATIONAL WEATHER SERVICE ABERDEEN SD
534 AM CDT SUN AUG 30 2015


...................................

...THE PIERRE SD CLIMATE SUMMARY FOR AUGUST 29 2015...

CLIMATE NORMAL PERIOD 1981 TO 2010
CLIMATE RECORD PERIOD 1892 TO 2015


WEATHER ITEM   OBSERVED TIME   RECORD YEAR NORMAL DEPARTURE LAST
                VALUE   (LST)  VALUE       VALUE  FROM      YEAR
                                                  NORMAL
..................................................................
TEMPERATURE (F)
 YESTERDAY
  MAXIMUM         94    354 PM 111    2012  84     10       82
  MINIMUM         60    639 AM  40    1946  57      3       57
  AVERAGE         77                        70      7       70

PRECIPITATION (IN)
  YESTERDAY        0.00          2.46 1999   0.05  -0.05     0.00
  MONTH TO DATE    2.49                      1.70   0.79     2.98
  SINCE JUN 1     10.80                      7.88   2.92     8.24
  SINCE JAN 1     18.15                     15.08   3.07    16.17

DEGREE DAYS
 HEATING
  YESTERDAY        0                         1     -1        0
  MONTH TO DATE   23                         9     14        9
  SINCE JUN 1     30                        68    -38       95
  SINCE JUL 1     25                        15     10       28

 COOLING
  YESTERDAY       12                         7      5        5
  MONTH TO DATE  243                       271    -28      198
  SINCE JUN 1    672                       732    -60      487
  SINCE JAN 1    686                       764    -78      535
..................................................................


WIND (MPH)
  RESULTANT WIND SPEED   7   RESULTANT WIND DIRECTION   S (160)
  HIGHEST WIND SPEED    17   HIGHEST WIND DIRECTION     S (170)
  HIGHEST GUST SPEED    23   HIGHEST GUST DIRECTION     S (180)
  AVERAGE WIND SPEED     7.6




RELATIVE HUMIDITY (PERCENT)
 HIGHEST   100           200 AM
 LOWEST     33           300 PM
 AVERAGE    67

..........................................................


THE PIERRE SD CLIMATE NORMALS FOR TODAY
                         NORMAL    RECORD    YEAR
 MAXIMUM TEMPERATURE (F)   84       107      2000
 MINIMUM TEMPERATURE (F)   56        42      2003
                                             1892


SUNRISE AND SUNSET
AUGUST 30 2015........SUNRISE   701 AM CDT   SUNSET   821 PM CDT
AUGUST 31 2015........SUNRISE   702 AM CDT   SUNSET   820 PM CDT


-  INDICATES NEGATIVE NUMBERS.
R  INDICATES RECORD WAS SET OR TIED.
MM INDICATES DATA IS MISSING.
T  INDICATES TRACE AMOUNT.




$$
