000
CDUS43 KABR 291343
CLIPIR


CLIMATE REPORT
NATIONAL WEATHER SERVICE ABERDEEN SD
842 AM CDT SUN MAR 29 2015


...................................

...THE PIERRE SD CLIMATE SUMMARY FOR MARCH 28 2015...

CLIMATE NORMAL PERIOD 1981 TO 2010
CLIMATE RECORD PERIOD 1892 TO 2015


WEATHER ITEM   OBSERVED TIME   RECORD YEAR NORMAL DEPARTURE LAST
                VALUE   (LST)  VALUE       VALUE  FROM      YEAR
                                                  NORMAL
..................................................................
TEMPERATURE (F)
 YESTERDAY
  MAXIMUM         74    406 PM  87    1946  51     23       36
  MINIMUM         22    654 AM   5    1944  28     -6       18
  AVERAGE         48                        39      9       27

PRECIPITATION (IN)
  YESTERDAY        0.00          1.17 1905   0.05  -0.05     0.00
  MONTH TO DATE    0.33                      1.06  -0.73     0.34
  SINCE MAR 1      0.33                      1.06  -0.73     0.34
  SINCE JAN 1      0.68                      2.07  -1.39     0.91

SNOWFALL (IN)
  YESTERDAY        0.0           5.0  1965   0.2   -0.2      0.0
  MONTH TO DATE    4.8                       5.5   -0.7      3.7
  SINCE OCT 1     27.1                      27.3   -0.2     28.6
  SINCE JUL 1     27.1                      27.3   -0.2     28.6
  SNOW DEPTH       0

DEGREE DAYS
 HEATING
  YESTERDAY       17                        26     -9       38
  MONTH TO DATE  715                       872   -157      999
  SINCE MAR 1    715                       872   -157      999
  SINCE JUL 1   6224                      6370   -146     6994

 COOLING
  YESTERDAY        0                         0      0        0
  MONTH TO DATE    5                         0      5        0
  SINCE MAR 1      5                         0      5        0
  SINCE JAN 1      5                         0      5        0
..................................................................


WIND (MPH)
  RESULTANT WIND SPEED  11   RESULTANT WIND DIRECTION  SE (130)
  HIGHEST WIND SPEED    37   HIGHEST WIND DIRECTION     N (340)
  HIGHEST GUST SPEED    46   HIGHEST GUST DIRECTION    NW (330)
  AVERAGE WIND SPEED    15.7




RELATIVE HUMIDITY (PERCENT)
 HIGHEST   100           700 AM
 LOWEST     25           400 PM
 AVERAGE    63

..........................................................


THE PIERRE SD CLIMATE NORMALS FOR TODAY
                         NORMAL    RECORD    YEAR
 MAXIMUM TEMPERATURE (F)   51        80      1943
 MINIMUM TEMPERATURE (F)   28        -7      1965


SUNRISE AND SUNSET
MARCH 29 2015.........SUNRISE   728 AM CDT   SUNSET   805 PM CDT
MARCH 30 2015.........SUNRISE   726 AM CDT   SUNSET   806 PM CDT


-  INDICATES NEGATIVE NUMBERS.
R  INDICATES RECORD WAS SET OR TIED.
MM INDICATES DATA IS MISSING.
T  INDICATES TRACE AMOUNT.




$$
