000
CDUS43 KABR 041029
CLIPIR


CLIMATE REPORT
NATIONAL WEATHER SERVICE ABERDEEN SD
529 AM CDT TUE AUG 4 2015


...................................

...THE PIERRE SD CLIMATE SUMMARY FOR AUGUST 3 2015...

CLIMATE NORMAL PERIOD 1981 TO 2010
CLIMATE RECORD PERIOD 1892 TO 2015


WEATHER ITEM   OBSERVED TIME   RECORD YEAR NORMAL DEPARTURE LAST
                VALUE   (LST)  VALUE       VALUE  FROM      YEAR
                                                  NORMAL
..................................................................
TEMPERATURE (F)
 YESTERDAY
  MAXIMUM         86    516 PM 110    1947  90     -4       89
  MINIMUM         55    415 AM  42    1978  63     -8       59
  AVERAGE         71                        76     -5       74

PRECIPITATION (IN)
  YESTERDAY        0.00          2.36 2007   0.08  -0.08     0.00
  MONTH TO DATE    0.00                      0.24  -0.24     0.02
  SINCE JUN 1      8.31                      6.42   1.89     5.28
  SINCE JAN 1     15.66                     13.62   2.04    13.21

DEGREE DAYS
 HEATING
  YESTERDAY        0                         0      0        0
  MONTH TO DATE    0                         0      0        0
  SINCE JUN 1      7                        59    -52       86
  SINCE JUL 1      2                         6     -4       19

 COOLING
  YESTERDAY        6                        11     -5        9
  MONTH TO DATE   31                        33     -2       31
  SINCE JUN 1    460                       494    -34      320
  SINCE JAN 1    474                       526    -52      368
..................................................................


WIND (MPH)
  RESULTANT WIND SPEED   3   RESULTANT WIND DIRECTION   E (90)
  HIGHEST WIND SPEED    10   HIGHEST WIND DIRECTION    SE (120)
  HIGHEST GUST SPEED    14   HIGHEST GUST DIRECTION     E (110)
  AVERAGE WIND SPEED     4.2




RELATIVE HUMIDITY (PERCENT)
 HIGHEST    93           500 AM
 LOWEST     32           400 PM
 AVERAGE    63

..........................................................


THE PIERRE SD CLIMATE NORMALS FOR TODAY
                         NORMAL    RECORD    YEAR
 MAXIMUM TEMPERATURE (F)   89       110      1947
 MINIMUM TEMPERATURE (F)   62        46      1978


SUNRISE AND SUNSET
AUGUST  4 2015........SUNRISE   631 AM CDT   SUNSET   902 PM CDT
AUGUST  5 2015........SUNRISE   632 AM CDT   SUNSET   901 PM CDT


-  INDICATES NEGATIVE NUMBERS.
R  INDICATES RECORD WAS SET OR TIED.
MM INDICATES DATA IS MISSING.
T  INDICATES TRACE AMOUNT.




$$
