000
CDUS43 KABR 201038
CLIPIR


CLIMATE REPORT
NATIONAL WEATHER SERVICE ABERDEEN SD
537 AM CDT SUN APR 20 2014


...................................

...THE PIERRE SD CLIMATE SUMMARY FOR APRIL 19 2014...

CLIMATE NORMAL PERIOD 1981 TO 2010
CLIMATE RECORD PERIOD 1892 TO 2014


WEATHER ITEM   OBSERVED TIME   RECORD YEAR NORMAL DEPARTURE LAST
                VALUE   (LST)  VALUE       VALUE  FROM      YEAR
                                                  NORMAL
..................................................................
TEMPERATURE (F)
 YESTERDAY
  MAXIMUM         69    526 PM  88    1961  62      7       43
  MINIMUM         40   1108 PM  17    1966  36      4       21
  AVERAGE         55                        48      7       32

PRECIPITATION (IN)
  YESTERDAY        0.00          1.61 1971   0.06  -0.06     0.00
  MONTH TO DATE    0.07                      1.02  -0.95     2.44
  SINCE MAR 1      1.06                      2.25  -1.19     2.59
  SINCE JAN 1      1.63                      3.26  -1.63     4.25

SNOWFALL (IN)
  YESTERDAY        0.0           2.5  1959   0.2   -0.2      0.0
  MONTH TO DATE    T                         3.1   -3.1     15.0
  SINCE OCT 1     34.6                      30.9    3.7     49.7
  SINCE JUL 1     34.6                      30.9    3.7     49.7
  SNOW DEPTH       0

DEGREE DAYS
 HEATING
  YESTERDAY       10                        17     -7       33
  MONTH TO DATE  448                       388     60      597
  SINCE MAR 1   1521                      1335    186     1698
  SINCE JUL 1   7516                      6833    683     7122

 COOLING
  YESTERDAY        0                         0      0        0
  MONTH TO DATE    0                         0      0        0
  SINCE MAR 1      0                         0      0        0
  SINCE JAN 1      0                         0      0        0
..................................................................


WIND (MPH)
  RESULTANT WIND SPEED   7   RESULTANT WIND DIRECTION   W (280)
  HIGHEST WIND SPEED    36   HIGHEST WIND DIRECTION    NW (320)
  HIGHEST GUST SPEED    47   HIGHEST GUST DIRECTION    NW (320)
  AVERAGE WIND SPEED     9.1




RELATIVE HUMIDITY (PERCENT)
 HIGHEST    70           500 AM
 LOWEST     15           400 PM
 AVERAGE    43

..........................................................


THE PIERRE SD CLIMATE NORMALS FOR TODAY
                         NORMAL    RECORD    YEAR
 MAXIMUM TEMPERATURE (F)   62        95      1980
 MINIMUM TEMPERATURE (F)   36        12      1966


SUNRISE AND SUNSET
APRIL 20 2014.........SUNRISE   649 AM CDT   SUNSET   832 PM CDT
APRIL 21 2014.........SUNRISE   647 AM CDT   SUNSET   833 PM CDT


-  INDICATES NEGATIVE NUMBERS.
R  INDICATES RECORD WAS SET OR TIED.
MM INDICATES DATA IS MISSING.
T  INDICATES TRACE AMOUNT.




$$
