000
CDUS43 KABR 201037
CLIPIR


CLIMATE REPORT
NATIONAL WEATHER SERVICE ABERDEEN SD
536 AM CDT WED SEP 20 2017


...................................

...THE PIERRE SD CLIMATE SUMMARY FOR SEPTEMBER 19 2017...

CLIMATE NORMAL PERIOD 1981 TO 2010
CLIMATE RECORD PERIOD 1892 TO 2017


WEATHER ITEM   OBSERVED TIME   RECORD YEAR NORMAL DEPARTURE LAST
                VALUE   (LST)  VALUE       VALUE  FROM      YEAR
                                                  NORMAL
..................................................................
TEMPERATURE (F)
 YESTERDAY
  MAXIMUM         82    346 PM 100    1984  75      7       83
  MINIMUM         55   1107 PM  24    1991  48      7       52
  AVERAGE         69                        61      8       68

PRECIPITATION (IN)
  YESTERDAY        0.00          2.45 1996   0.07  -0.07      T
  MONTH TO DATE    0.55                      1.15  -0.60     0.92
  SINCE SEP 1      0.55                      1.15  -0.60     0.92
  SINCE JAN 1     10.99                     16.33  -5.34    16.64

DEGREE DAYS
 HEATING
  YESTERDAY        0                         6     -6        0
  MONTH TO DATE   50                        65    -15       49
  SINCE SEP 1     50                        65    -15       49
  SINCE JUL 1     55                        85    -30       69

 COOLING
  YESTERDAY        4                         2      2        3
  MONTH TO DATE   99                        75     24       60
  SINCE SEP 1     99                        75     24       60
  SINCE JAN 1    857                       852      5      924
..................................................................


WIND (MPH)
  RESULTANT WIND SPEED   6   RESULTANT WIND DIRECTION   S (170)
  HIGHEST WIND SPEED    32   HIGHEST WIND DIRECTION     W (290)
  HIGHEST GUST SPEED    40   HIGHEST GUST DIRECTION     W (280)
  AVERAGE WIND SPEED    18.2




RELATIVE HUMIDITY (PERCENT)
 HIGHEST    97           700 AM
 LOWEST     45           800 PM
 AVERAGE    71

..........................................................


THE PIERRE SD CLIMATE NORMALS FOR TODAY
                         NORMAL    RECORD    YEAR
 MAXIMUM TEMPERATURE (F)   74       104      1937
 MINIMUM TEMPERATURE (F)   47        33      1983


SUNRISE AND SUNSET
SEPTEMBER 20 2017.....SUNRISE   726 AM CDT   SUNSET   742 PM CDT
SEPTEMBER 21 2017.....SUNRISE   727 AM CDT   SUNSET   740 PM CDT


-  INDICATES NEGATIVE NUMBERS.
R  INDICATES RECORD WAS SET OR TIED.
MM INDICATES DATA IS MISSING.
T  INDICATES TRACE AMOUNT.




$$
