000
CDUS43 KABR 251543
CLIPIR


CLIMATE REPORT
NATIONAL WEATHER SERVICE ABERDEEN SD
943 AM CST SUN FEB 25 2018


...................................

...THE PIERRE SD CLIMATE SUMMARY FOR FEBRUARY 24 2018...

CLIMATE NORMAL PERIOD 1981 TO 2010
CLIMATE RECORD PERIOD 1892 TO 2018


WEATHER ITEM   OBSERVED TIME   RECORD YEAR NORMAL DEPARTURE LAST
                VALUE   (LST)  VALUE       VALUE  FROM      YEAR
                                                  NORMAL
..................................................................
TEMPERATURE (F)
 YESTERDAY
  MAXIMUM         20   1129 PM  65    1995  38    -18       32
  MINIMUM         -8   1208 AM -22    1955  17    -25       18
  AVERAGE          6                        27    -21       25

PRECIPITATION (IN)
  YESTERDAY        0.14          0.44 1987   0.03   0.11     0.00
  MONTH TO DATE    1.49                      0.48   1.01     0.16
  SINCE DEC 1      2.04                      1.45   0.59     2.81
  SINCE JAN 1      1.57                      0.90   0.67     1.11

SNOWFALL (IN)
  YESTERDAY        1.4           7.5  2001   0.3    1.1      0.0
  MONTH TO DATE   16.6                       4.9   11.7      0.2
  SINCE OCT 1     21.0                      20.8    0.2     27.1
  SINCE JUL 1     21.0                      20.8    0.2     27.1
  SNOW DEPTH       9

DEGREE DAYS
 HEATING
  YESTERDAY       59                        38     21       40
  MONTH TO DATE 1344                       990    354      831
  SINCE DEC 1   4030                      3730    300     3882
  SINCE JUL 1   5487                      5350    137     5019

 COOLING
  YESTERDAY        0                         0      0        0
  MONTH TO DATE    0                         0      0        0
  SINCE DEC 1      0                         0      0        0
  SINCE JAN 1      0                         0      0        0
..................................................................


WIND (MPH)
  RESULTANT WIND SPEED   1   RESULTANT WIND DIRECTION   S (180)
  HIGHEST WIND SPEED    24   HIGHEST WIND DIRECTION     W (260)
  HIGHEST GUST SPEED    37   HIGHEST GUST DIRECTION    SW (240)
  AVERAGE WIND SPEED    10.3




RELATIVE HUMIDITY (PERCENT)
 HIGHEST   100          1200 AM
 LOWEST     67          1100 PM
 AVERAGE    84

..........................................................


THE PIERRE SD CLIMATE NORMALS FOR TODAY
                         NORMAL    RECORD    YEAR
 MAXIMUM TEMPERATURE (F)   38        72      1958
 MINIMUM TEMPERATURE (F)   17       -17      2011


SUNRISE AND SUNSET
FEBRUARY 25 2018......SUNRISE   725 AM CST   SUNSET   624 PM CST
FEBRUARY 26 2018......SUNRISE   723 AM CST   SUNSET   625 PM CST


-  INDICATES NEGATIVE NUMBERS.
R  INDICATES RECORD WAS SET OR TIED.
MM INDICATES DATA IS MISSING.
T  INDICATES TRACE AMOUNT.




$$
