000
CDUS43 KABR 302229
CLIPIR


CLIMATE REPORT
NATIONAL WEATHER SERVICE ABERDEEN SD
528 PM CDT WED JUL 30 2014


...................................

...THE PIERRE SD CLIMATE SUMMARY FOR JULY 30 2014...
VALID TODAY AS OF 0500 PM LOCAL TIME.

CLIMATE NORMAL PERIOD 1981 TO 2010
CLIMATE RECORD PERIOD 1892 TO 2014


WEATHER ITEM   OBSERVED TIME   RECORD YEAR NORMAL DEPARTURE LAST
                VALUE   (LST)  VALUE       VALUE  FROM      YEAR
                                                  NORMAL
..................................................................
TEMPERATURE (F)
 TODAY
  MAXIMUM         88    334 PM 111    2006  90     -2       76
  MINIMUM         59    541 AM  42    1971  63     -4       56
  AVERAGE         74                        76     -2       66

PRECIPITATION (IN)
  TODAY            0.03          1.18 1997   0.09  -0.06     0.01
  MONTH TO DATE    0.87                      2.53  -1.66     2.58
  SINCE JUN 1      5.26                      6.10  -0.84     5.54
  SINCE JAN 1     13.19                     13.30  -0.11    14.40

DEGREE DAYS
 COOLING
  TODAY            9                        11     -2        1
  MONTH TO DATE  222                       311    -89      259
  SINCE JUN 1    281                       445   -164      378
  SINCE JAN 1    329                       477   -148      400
..................................................................


WIND (MPH)
  HIGHEST GUST SPEED    23   HIGHEST GUST DIRECTION     N (340)




..........................................................


THE PIERRE SD CLIMATE NORMALS FOR TOMORROW
                         NORMAL    RECORD    YEAR
 MAXIMUM TEMPERATURE (F)   90       108      1988
 MINIMUM TEMPERATURE (F)   63        50      1968


SUNRISE AND SUNSET
JULY 30 2014..........SUNRISE   626 AM CDT   SUNSET   908 PM CDT
JULY 31 2014..........SUNRISE   627 AM CDT   SUNSET   907 PM CDT


-  INDICATES NEGATIVE NUMBERS.
R  INDICATES RECORD WAS SET OR TIED.
MM INDICATES DATA IS MISSING.
T  INDICATES TRACE AMOUNT.




$$
