000
CDUS43 KABR 231037
CLIPIR


CLIMATE REPORT
NATIONAL WEATHER SERVICE ABERDEEN SD
437 AM CST THU NOV 23 2017


...................................

...THE PIERRE SD CLIMATE SUMMARY FOR NOVEMBER 22 2017...

CLIMATE NORMAL PERIOD 1981 TO 2010
CLIMATE RECORD PERIOD 1892 TO 2017


WEATHER ITEM   OBSERVED TIME   RECORD YEAR NORMAL DEPARTURE LAST
                VALUE   (LST)  VALUE       VALUE  FROM      YEAR
                                                  NORMAL
..................................................................
TEMPERATURE (F)
 YESTERDAY
  MAXIMUM         60    345 PM  68    2006  40     20       45
                                      1974
  MINIMUM         11   1208 AM  -2    1985  20     -9       31
                                      1947
  AVERAGE         36                        30      6       38

PRECIPITATION (IN)
  YESTERDAY        0.00          0.25 1909   0.02  -0.02     0.00
  MONTH TO DATE    0.05                      0.60  -0.55     0.20
  SINCE SEP 1      3.02                      4.12  -1.10     2.25
  SINCE JAN 1     13.46                     19.30  -5.84    17.97

SNOWFALL (IN)
  YESTERDAY        0.0           2.8  1909   0.2   -0.2      0.0
  MONTH TO DATE    T                         3.6   -3.6      1.1
  SINCE OCT 1      T                         4.6   -4.6      1.1
  SINCE JUL 1      T                         4.6   -4.6      1.1
  SNOW DEPTH       0

DEGREE DAYS
 HEATING
  YESTERDAY       29                        35     -6       27
  MONTH TO DATE  680                       643     37      407
  SINCE SEP 1   1274                      1304    -30      858
  SINCE JUL 1   1279                      1324    -45      878

 COOLING
  YESTERDAY        0                         0      0        0
  MONTH TO DATE    0                         0      0        0
  SINCE SEP 1    110                        91     19       97
  SINCE JAN 1    868                       868      0      961
..................................................................


WIND (MPH)
  RESULTANT WIND SPEED   3   RESULTANT WIND DIRECTION   S (190)
  HIGHEST WIND SPEED    14   HIGHEST WIND DIRECTION    NW (310)
  HIGHEST GUST SPEED    17   HIGHEST GUST DIRECTION    NW (310)
  AVERAGE WIND SPEED     7.3




RELATIVE HUMIDITY (PERCENT)
 HIGHEST    84           800 AM
 LOWEST     37           400 PM
 AVERAGE    61

..........................................................


THE PIERRE SD CLIMATE NORMALS FOR TODAY
                         NORMAL    RECORD    YEAR
 MAXIMUM TEMPERATURE (F)   40        65      1984
 MINIMUM TEMPERATURE (F)   20       -11      1985


SUNRISE AND SUNSET
NOVEMBER 23 2017......SUNRISE   748 AM CST   SUNSET   507 PM CST
NOVEMBER 24 2017......SUNRISE   749 AM CST   SUNSET   506 PM CST


-  INDICATES NEGATIVE NUMBERS.
R  INDICATES RECORD WAS SET OR TIED.
MM INDICATES DATA IS MISSING.
T  INDICATES TRACE AMOUNT.




$$
