000
CDUS41 KPBZ 232118
CLIPIT

CLIMATE REPORT
NATIONAL WEATHER SERVICE PITTSBURGH PA
518 PM EDT MON MAY 23 2016

...................................

...THE PITTSBURGH PA CLIMATE SUMMARY FOR MAY 23 2016...
VALID TODAY AS OF 0500 PM LOCAL TIME.

CLIMATE NORMAL PERIOD 1981 TO 2010
CLIMATE RECORD PERIOD 1871 TO 2016

WEATHER ITEM   OBSERVED TIME   RECORD YEAR NORMAL DEPARTURE LAST
                VALUE   (LST)  VALUE       VALUE  FROM      YEAR
                                                  NORMAL
..................................................................
TEMPERATURE (F)
 TODAY
  MAXIMUM         79    306 PM  92    1884  73      6       73
  MINIMUM         49    554 AM  32    1963  51     -2       37
  AVERAGE         64                        62      2       55

PRECIPITATION (IN)
  TODAY            0.01          1.59 2000   0.14  -0.13     0.00
  MONTH TO DATE    3.61                      2.82   0.79     1.94
  SINCE JUN 1     39.70                     37.06   2.64    35.45
  SINCE JAN 1     13.62                     13.97  -0.35    13.70

SNOWFALL (IN)
  TODAY            0.0           0.0  2002   0.0    0.0      0.0
                                      2001
  MONTH TO DATE    T                         0.0    0.0      0.0
  SINCE OCT 1     29.6                      41.9  -12.3     47.5
  SINCE JUL 1     29.6                      41.9  -12.3     47.5
  SNOW DEPTH       0

DEGREE DAYS
 HEATING
  TODAY            1                         5     -4       10
  MONTH TO DATE  178                       165     13       90
  SINCE MAR 1   1104                      1384   -280     1347
  SINCE JUL 1   4670                      5641   -971     6015

 COOLING
  TODAY            0                         2     -2        0
  MONTH TO DATE    3                        26    -23       82
  SINCE MAR 1      6                        36    -30       83
  SINCE JAN 1      6                        36    -30       83
..................................................................

WIND (MPH)
  HIGHEST WIND SPEED    18   HIGHEST WIND DIRECTION    NE (40)
  HIGHEST GUST SPEED    24   HIGHEST GUST DIRECTION    NE (30)
  AVERAGE WIND SPEED     4.4


SKY COVER
  POSSIBLE SUNSHINE  MM
  AVERAGE SKY COVER 0.3


WEATHER CONDITIONS
 THE FOLLOWING WEATHER WAS RECORDED TODAY.
  LIGHT RAIN
  FOG
  HAZE


RELATIVE HUMIDITY (PERCENT)
 HIGHEST    93           400 AM
 LOWEST     35           300 PM
 AVERAGE    64

..........................................................


THE PITTSBURGH PA CLIMATE NORMALS FOR TOMORROW
                         NORMAL    RECORD    YEAR
 MAXIMUM TEMPERATURE (F)   73        92      1875
 MINIMUM TEMPERATURE (F)   52        30      1963


SUNRISE AND SUNSET
MAY 23 2016...........SUNRISE   557 AM EDT   SUNSET   838 PM EDT
MAY 24 2016...........SUNRISE   557 AM EDT   SUNSET   839 PM EDT


-  INDICATES NEGATIVE NUMBERS.
R  INDICATES RECORD WAS SET OR TIED.
MM INDICATES DATA IS MISSING.
T  INDICATES TRACE AMOUNT.

&&

SNOW DEPTH IS MEASURED AT 7 AM EST OR 8 AM EDT.

$$
