000
CDUS41 KPBZ 210812
CLIPIT

CLIMATE REPORT
NATIONAL WEATHER SERVICE PITTSBURGH PA
300 AM EST SAT JAN 21 2017

...................................

...THE PITTSBURGH PA CLIMATE SUMMARY FOR JANUARY 20 2017...

CLIMATE NORMAL PERIOD 1981 TO 2010
CLIMATE RECORD PERIOD 1871 TO 2017

WEATHER ITEM   OBSERVED TIME   RECORD YEAR NORMAL DEPARTURE LAST
                VALUE   (LST)  VALUE       VALUE  FROM      YEAR
                                                  NORMAL
..................................................................
TEMPERATURE (F)
 YESTERDAY
  MAXIMUM         56    515 PM  68    1951  36     20       19
  MINIMUM         32   1215 AM -18    1985  21     11        4
  AVERAGE         44                        28     16       12

PRECIPITATION (IN)
  YESTERDAY        0.22          1.14 1978   0.08   0.14     0.06
  MONTH TO DATE    2.19                      1.76   0.43     1.36
  SINCE JUN 1     23.58                     24.85  -1.27    27.44
  SINCE JAN 1      2.19                      1.76   0.43     1.36

SNOWFALL (IN)
  YESTERDAY        0.0          10.2  1978   0.4   -0.4      2.0
  MONTH TO DATE    2.4                       7.3   -4.9      9.0
  SINCE OCT 1     10.5                      18.0   -7.5      9.3
  SINCE JUL 1     10.5                      18.0   -7.5      9.3
  SNOW DEPTH       0

DEGREE DAYS
 HEATING
  YESTERDAY       21                        37    -16       53
  MONTH TO DATE  639                       736    -97      784
  SINCE DEC 1   1608                      1748   -140     1413
  SINCE JUL 1   2455                      2911   -456     2267

 COOLING
  YESTERDAY        0                         0      0        0
  MONTH TO DATE    0                         0      0        0
  SINCE DEC 1      0                         0      0        0
  SINCE JAN 1      0                         0      0        0
..................................................................

WIND (MPH)
  HIGHEST WIND SPEED    14   HIGHEST WIND DIRECTION    SW (220)
  HIGHEST GUST SPEED    21   HIGHEST GUST DIRECTION    SW (220)
  AVERAGE WIND SPEED     4.5


SKY COVER
  POSSIBLE SUNSHINE  MM
  AVERAGE SKY COVER 0.9


WEATHER CONDITIONS
 THE FOLLOWING WEATHER WAS RECORDED YESTERDAY.
  LIGHT RAIN
  FOG


RELATIVE HUMIDITY (PERCENT)
 HIGHEST   100          1200 AM
 LOWEST     86           400 PM
 AVERAGE    93

..........................................................


THE PITTSBURGH PA CLIMATE NORMALS FOR TODAY
                         NORMAL    RECORD    YEAR
 MAXIMUM TEMPERATURE (F)   36        74      1906
 MINIMUM TEMPERATURE (F)   21       -18      1985


SUNRISE AND SUNSET
JANUARY 21 2017.......SUNRISE   739 AM EST   SUNSET   526 PM EST
JANUARY 22 2017.......SUNRISE   738 AM EST   SUNSET   527 PM EST


-  INDICATES NEGATIVE NUMBERS.
R  INDICATES RECORD WAS SET OR TIED.
MM INDICATES DATA IS MISSING.
T  INDICATES TRACE AMOUNT.

&&

SNOW DEPTH IS MEASURED AT 7 AM EST OR 8 AM EDT.

$$
