000
CDUS41 KPBZ 210742 CCA
CLIPIT

CLIMATE REPORT...CORRECTED
NATIONAL WEATHER SERVICE PITTSBURGH PA
342 AM EDT TUE OCT 21 2014


...................................

...THE PITTSBURGH PA CLIMATE SUMMARY FOR OCTOBER 20 2014...

CLIMATE NORMAL PERIOD 1981 TO 2010
CLIMATE RECORD PERIOD 1871 TO 2014


WEATHER ITEM   OBSERVED TIME   RECORD YEAR NORMAL DEPARTURE LAST
                VALUE   (LST)  VALUE       VALUE  FROM      YEAR
                                                  NORMAL
..................................................................
TEMPERATURE (F)
 YESTERDAY
  MAXIMUM         57    408 PM  81    1920  61     -4       59
                                      1894
                                      1884
  MINIMUM         42    555 AM  20    1972  42      0       40
  AVERAGE         50                        51     -1       50

PRECIPITATION (IN)
  YESTERDAY        0.01          1.96 1873   0.07  -0.06     0.00
  MONTH TO DATE    1.59                      1.43   0.16     1.92
  SINCE JUN 1     16.85                     16.15   0.70    17.65
  SINCE JAN 1     31.94                     31.25   0.69    29.99

SNOWFALL (IN)
  YESTERDAY        0.0           0.1  1952   0.0    0.0      0.0
  MONTH TO DATE    T                         0.1   -0.1      0.0
  SINCE OCT 1      T                         0.1   -0.1      0.0
  SINCE JUL 1      T                         0.1   -0.1      0.0
  SNOW DEPTH       0

DEGREE DAYS
 HEATING
  YESTERDAY       15                        14      1       15
  MONTH TO DATE  191                       219    -28       95
  SINCE SEP 1    283                       320    -37      193
  SINCE JUL 1    304                       333    -29      204

 COOLING
  YESTERDAY        0                         0      0        0
  MONTH TO DATE    4                         6     -2       36
  SINCE SEP 1     79                        82     -3      112
  SINCE JAN 1    700                       734    -34      831
..................................................................


WIND (MPH)
  HIGHEST WIND SPEED    16   HIGHEST WIND DIRECTION     S (200)
  HIGHEST GUST SPEED    23   HIGHEST GUST DIRECTION     S (200)
  AVERAGE WIND SPEED     7.1


SKY COVER
  POSSIBLE SUNSHINE  MM
  AVERAGE SKY COVER 1.0


WEATHER CONDITIONS
 THE FOLLOWING WEATHER WAS RECORDED YESTERDAY.
  LIGHT RAIN


RELATIVE HUMIDITY (PERCENT)
 HIGHEST    82           600 AM
 LOWEST     55           100 PM
 AVERAGE    69

..........................................................


THE PITTSBURGH PA CLIMATE NORMALS FOR TODAY
                         NORMAL    RECORD    YEAR
 MAXIMUM TEMPERATURE (F)   61        82      1949
 MINIMUM TEMPERATURE (F)   41        23      1952


SUNRISE AND SUNSET
OCTOBER 21 2014.......SUNRISE   738 AM EDT   SUNSET   632 PM EDT
OCTOBER 22 2014.......SUNRISE   739 AM EDT   SUNSET   631 PM EDT


-  INDICATES NEGATIVE NUMBERS.
R  INDICATES RECORD WAS SET OR TIED.
MM INDICATES DATA IS MISSING.
T  INDICATES TRACE AMOUNT.





&&
SNOW DEPTH IS MEASURED AT 7 AM EST OR 8 AM EDT.
$$
