000
CDUS41 KPBZ 250701
CLIPIT

CLIMATE REPORT
NATIONAL WEATHER SERVICE PITTSBURGH PA
301 AM EDT SUN JUN 25 2017

...................................

...THE PITTSBURGH PA CLIMATE SUMMARY FOR JUNE 24 2017...

CLIMATE NORMAL PERIOD 1981 TO 2010
CLIMATE RECORD PERIOD 1871 TO 2017

WEATHER ITEM   OBSERVED TIME   RECORD YEAR NORMAL DEPARTURE LAST
                VALUE   (LST)  VALUE       VALUE  FROM      YEAR
                                                  NORMAL
..................................................................
TEMPERATURE (F)
 YESTERDAY
  MAXIMUM         79    316 PM  96    1882  81     -2       84
  MINIMUM         65   1151 PM  44    1982  61      4       66
                                      1915
  AVERAGE         72                        71      1       75

PRECIPITATION (IN)
  YESTERDAY        0.07          3.11 1996   0.14  -0.07     0.00
  MONTH TO DATE    3.20                      3.44  -0.24     3.09
  SINCE JUN 1      3.20                      3.44  -0.24     3.09
  SINCE JAN 1     21.91                     18.54   3.37    16.71

SNOWFALL (IN)
  YESTERDAY        0.0           0.0  2002   0.0    0.0      0.0
                                      2001
  MONTH TO DATE    0.0                       0.0    0.0      0.0
  SINCE OCT 1     32.0                      41.9   -9.9     29.6
  SINCE JUL 1     32.0                      41.9   -9.9     29.6
  SNOW DEPTH       0

DEGREE DAYS
 HEATING
  YESTERDAY        0                         1     -1        0
  MONTH TO DATE   19                        38    -19       13
  SINCE JUN 1     19                        38    -19       13
  SINCE JUL 1   4641                      5710  -1069     4683

 COOLING
  YESTERDAY        7                         6      1       10
  MONTH TO DATE  155                       108     47      170
  SINCE JUN 1    155                       108     47      170
  SINCE JAN 1    229                       160     69      240
..................................................................

WIND (MPH)
  HIGHEST WIND SPEED    21   HIGHEST WIND DIRECTION     W (280)
  HIGHEST GUST SPEED    28   HIGHEST GUST DIRECTION     W (280)
  AVERAGE WIND SPEED     9.2


SKY COVER
  POSSIBLE SUNSHINE  MM
  AVERAGE SKY COVER 0.5


WEATHER CONDITIONS
 THE FOLLOWING WEATHER WAS RECORDED YESTERDAY.
  LIGHT RAIN
  FOG


RELATIVE HUMIDITY (PERCENT)
 HIGHEST   100           400 AM
 LOWEST     46          1100 AM
 AVERAGE    73

..........................................................


THE PITTSBURGH PA CLIMATE NORMALS FOR TODAY
                         NORMAL    RECORD    YEAR
 MAXIMUM TEMPERATURE (F)   81        98      1988
 MINIMUM TEMPERATURE (F)   61        45      1979


SUNRISE AND SUNSET
JUNE 25 2017..........SUNRISE   552 AM EDT   SUNSET   855 PM EDT
JUNE 26 2017..........SUNRISE   552 AM EDT   SUNSET   855 PM EDT


-  INDICATES NEGATIVE NUMBERS.
R  INDICATES RECORD WAS SET OR TIED.
MM INDICATES DATA IS MISSING.
T  INDICATES TRACE AMOUNT.

&&

SNOW DEPTH IS MEASURED AT 7 AM EST OR 8 AM EDT.

$$
