000
CDUS41 KPBZ 021223
CLIPIT


CLIMATE REPORT
NATIONAL WEATHER SERVICE PITTSBURGH PA
823 AM EDT THU OCT 2 2014


...................................

...THE PITTSBURGH PA CLIMATE SUMMARY FOR OCTOBER 2 2014...
VALID AS OF 0800 AM LOCAL TIME.

CLIMATE NORMAL PERIOD 1981 TO 2010
CLIMATE RECORD PERIOD 1871 TO 2014


WEATHER ITEM   OBSERVED TIME   RECORD YEAR NORMAL DEPARTURE LAST
                VALUE   (LST)  VALUE       VALUE  FROM      YEAR
                                                  NORMAL
..................................................................
TEMPERATURE (F)
 TODAY
  MINIMUM         50    352 AM  32    2003  48      2       57
                                      1958
                                      1947

PRECIPITATION (IN)
  TODAY            0.00          3.22 1929   0.07  -0.07     0.00
  MONTH TO DATE    T                         0.15  -0.15     0.00
  SINCE JUN 1     15.26                     14.87   0.39    15.73
  SINCE JAN 1     30.35                     29.97   0.38    28.07

SNOWFALL (IN)
  TODAY            0.0           T    1974   0.0    0.0      0.0
  MONTH TO DATE    0.0                       0.0    0.0      0.0
  SINCE OCT 1      0.0                       0.0    0.0      0.0
  SINCE JUL 1      0.0                       0.0    0.0      0.0
  SNOW DEPTH       0

DEGREE DAYS
 HEATING
  TODAY           12

 COOLING
  TODAY            0
..................................................................





WEATHER CONDITIONS
 THE FOLLOWING WEATHER WAS RECORDED TODAY.
  FOG
  FOG W/VISIBILITY <= 1/4 MILE


RELATIVE HUMIDITY (PERCENT)
 HIGHEST   100          1200 AM

..........................................................


THE PITTSBURGH PA CLIMATE NORMALS FOR TOMORROW
                         NORMAL    RECORD    YEAR
 MAXIMUM TEMPERATURE (F)   67        91      1884
 MINIMUM TEMPERATURE (F)   47        29      2003


SUNRISE AND SUNSET
OCTOBER  2 2014.......SUNRISE   718 AM EDT   SUNSET   701 PM EDT
OCTOBER  3 2014.......SUNRISE   719 AM EDT   SUNSET   700 PM EDT


-  INDICATES NEGATIVE NUMBERS.
R  INDICATES RECORD WAS SET OR TIED.
MM INDICATES DATA IS MISSING.
T  INDICATES TRACE AMOUNT.





&&
SNOW DEPTH IS MEASURED AT 7 AM EST OR 8 AM EDT.
$$
