000
CDUS41 KPBZ 202122
CLIPIT

CLIMATE REPORT
NATIONAL WEATHER SERVICE PITTSBURGH PA
519 PM EDT FRI OCT 20 2017

...................................

...THE PITTSBURGH PA CLIMATE SUMMARY FOR OCTOBER 20 2017...
VALID TODAY AS OF 0500 PM LOCAL TIME.

CLIMATE NORMAL PERIOD 1981 TO 2010
CLIMATE RECORD PERIOD 1871 TO 2017

WEATHER ITEM   OBSERVED TIME   RECORD YEAR NORMAL DEPARTURE LAST
                VALUE   (LST)  VALUE       VALUE  FROM      YEAR
                                                  NORMAL
..................................................................
TEMPERATURE (F)
 TODAY
  MAXIMUM         73    340 PM  81    1920  61     12       79
                                      1894
                                      1884
  MINIMUM         46    712 AM  20    1972  42      4       60
  AVERAGE         60                        51      9       70

PRECIPITATION (IN)
  TODAY            0.00          1.96 1873   0.07  -0.07     1.25
  MONTH TO DATE    2.53                      1.43   1.10     2.21
  SINCE JUN 1     15.94                     16.15  -0.21    14.80
  SINCE JAN 1     34.65                     31.25   3.40    28.42

SNOWFALL (IN)
  TODAY            0.0           0.1  1952   0.0    0.0      0.0
  MONTH TO DATE    0.0                       0.1   -0.1      0.0
  SINCE OCT 1      0.0                       0.1   -0.1      0.0
  SINCE JUL 1      0.0                       0.1   -0.1      0.0
  SNOW DEPTH       0

DEGREE DAYS
 HEATING
  TODAY            5                        14     -9        0
  MONTH TO DATE   61                       219   -158      117
  SINCE SEP 1    129                       320   -191      132
  SINCE JUL 1    134                       333   -199      133

 COOLING
  TODAY            0                         0      0        5
  MONTH TO DATE   39                         6     33       23
  SINCE SEP 1    160                        82     78      179
  SINCE JAN 1    864                       734    130     1154
..................................................................

WIND (MPH)
  HIGHEST WIND SPEED     8   HIGHEST WIND DIRECTION    NE (30)
  HIGHEST GUST SPEED    11   HIGHEST GUST DIRECTION     N (360)
  AVERAGE WIND SPEED     2.4


SKY COVER
  POSSIBLE SUNSHINE  MM
  AVERAGE SKY COVER 0.4


WEATHER CONDITIONS
 THE FOLLOWING WEATHER WAS RECORDED TODAY.
  NO SIGNIFICANT WEATHER WAS OBSERVED.


RELATIVE HUMIDITY (PERCENT)
 HIGHEST    93           600 AM
 LOWEST     18           100 PM
 AVERAGE    56

..........................................................


THE PITTSBURGH PA CLIMATE NORMALS FOR TOMORROW
                         NORMAL    RECORD    YEAR
 MAXIMUM TEMPERATURE (F)   61        82      1949
 MINIMUM TEMPERATURE (F)   41        23      1952


SUNRISE AND SUNSET
OCTOBER 20 2017.......SUNRISE   738 AM EDT   SUNSET   633 PM EDT
OCTOBER 21 2017.......SUNRISE   739 AM EDT   SUNSET   632 PM EDT


-  INDICATES NEGATIVE NUMBERS.
R  INDICATES RECORD WAS SET OR TIED.
MM INDICATES DATA IS MISSING.
T  INDICATES TRACE AMOUNT.

&&

SNOW DEPTH IS MEASURED AT 7 AM EST OR 8 AM EDT.

$$
