000
CDUS41 KRLX 290717
CLIPKB


CLIMATE REPORT
NATIONAL WEATHER SERVICE CHARLESTON WV
316 AM EDT MON AUG 29 2016


...................................

...THE PARKERSBURG WV CLIMATE SUMMARY FOR AUGUST 28 2016...

CLIMATE NORMAL PERIOD 1981 TO 2010
CLIMATE RECORD PERIOD 1889 TO 2016


WEATHER ITEM   OBSERVED TIME   RECORD YEAR NORMAL DEPARTURE LAST
                VALUE   (LST)  VALUE       VALUE  FROM      YEAR
                                                  NORMAL
..................................................................
TEMPERATURE (F)
 YESTERDAY
  MAXIMUM         94    226 PM  98    1948  83     11       83
  MINIMUM         70    252 AM  42    1965  61      9       51
  AVERAGE         82                        72     10       67

PRECIPITATION (IN)
  YESTERDAY        0.00          1.20 2006   0.11  -0.11     0.00
  MONTH TO DATE    1.28                      3.27  -1.99     2.74
  SINCE JAN 1     25.84                     28.45  -2.61    27.97

SNOWFALL (IN)
  YESTERDAY       MM
  MONTH TO DATE   MM
  SINCE SEP 1     MM
  SNOW DEPTH      MM

DEGREE DAYS
 HEATING
  YESTERDAY        0                         0      0        0
  MONTH TO DATE    0                         0      0        3
  SINCE JUN 1      7                        20    -13       18
  SINCE JUL 1      0                         1     -1        3

 COOLING
  YESTERDAY       17                         7     10        2
  MONTH TO DATE  374                       240    134      184
  SINCE JUN 1    952                       723    229      686
  SINCE JAN 1   1040                       807    233      847
..................................................................


WIND (MPH)
  HIGHEST WIND SPEED    13   HIGHEST WIND DIRECTION    NE (40)
  HIGHEST GUST SPEED    15   HIGHEST GUST DIRECTION    NE (30)
  AVERAGE WIND SPEED     2.3


SKY COVER
  POSSIBLE SUNSHINE  MM
  AVERAGE SKY COVER 0.1


WEATHER CONDITIONS
 THE FOLLOWING WEATHER WAS RECORDED YESTERDAY.
  THUNDERSTORM
  FOG


RELATIVE HUMIDITY (PERCENT)
 HIGHEST    93           100 AM
 LOWEST     49           300 PM
 AVERAGE    71

..........................................................


THE PARKERSBURG WV CLIMATE NORMALS FOR TODAY
                         NORMAL    RECORD    YEAR
 MAXIMUM TEMPERATURE (F)   83        99      1953
 MINIMUM TEMPERATURE (F)   61        40      1986


SUNRISE AND SUNSET
AUGUST 29 2016........SUNRISE   652 AM EDT   SUNSET   800 PM EDT
AUGUST 30 2016........SUNRISE   653 AM EDT   SUNSET   759 PM EDT


-  INDICATES NEGATIVE NUMBERS.
R  INDICATES RECORD WAS SET OR TIED.
MM INDICATES DATA IS MISSING.
T  INDICATES TRACE AMOUNT.




$$
