000
CDUS41 KRLX 300912
CLIPKB


CLIMATE REPORT
NATIONAL WEATHER SERVICE CHARLESTON WV
319 AM EST FRI JAN 30 2015


...................................

...THE PARKERSBURG WV CLIMATE SUMMARY FOR JANUARY 29 2015...

CLIMATE NORMAL PERIOD 1981 TO 2010
CLIMATE RECORD PERIOD 1889 TO 2015


WEATHER ITEM   OBSERVED TIME   RECORD YEAR NORMAL DEPARTURE LAST
                VALUE   (LST)  VALUE       VALUE  FROM      YEAR
                                                  NORMAL
..................................................................
TEMPERATURE (F)
 YESTERDAY
  MAXIMUM         47    555 PM  73    1903  40      7       21
  MINIMUM         22   1201 AM -11    2014  24     -2      -11
  AVERAGE         35                        32      3        5

PRECIPITATION (IN)
  YESTERDAY        0.18          0.88 2008   0.09   0.09     0.00
  MONTH TO DATE    2.11                      2.75  -0.64     2.26
  SINCE JAN 1      2.11                      2.75  -0.64     2.26

SNOWFALL (IN)
  YESTERDAY       MM
  MONTH TO DATE   MM
  SINCE SEP 1     MM
  SINCE JUL 1     MM
  SNOW DEPTH      MM

DEGREE DAYS
 HEATING
  YESTERDAY       30                        33     -3       60
  MONTH TO DATE 1026                       972     54     1145
  SINCE DEC 1   1844                      1897    -53     1993
  SINCE JUL 1     MM                      2882     MM     3095

 COOLING
  YESTERDAY        0                         0      0        0
  MONTH TO DATE    0                         0      0        0
  SINCE DEC 1      0                         0      0        0
  SINCE JAN 1      0                         0      0        0
..................................................................


WIND (MPH)
  HIGHEST WIND SPEED    25   HIGHEST WIND DIRECTION     W (290)
  HIGHEST GUST SPEED    35   HIGHEST GUST DIRECTION     W (290)
  AVERAGE WIND SPEED     8.5


SKY COVER
  POSSIBLE SUNSHINE  MM
  AVERAGE SKY COVER 0.6


WEATHER CONDITIONS
 THE FOLLOWING WEATHER WAS RECORDED YESTERDAY.
  LIGHT RAIN
  LIGHT SNOW
  FOG
  HAZE


RELATIVE HUMIDITY (PERCENT)
 HIGHEST    89          1100 PM
 LOWEST     44           900 AM
 AVERAGE    67

..........................................................


THE PARKERSBURG WV CLIMATE NORMALS FOR TODAY
                         NORMAL    RECORD    YEAR
 MAXIMUM TEMPERATURE (F)   41        71      1947
 MINIMUM TEMPERATURE (F)   24        -2      1966


SUNRISE AND SUNSET
JANUARY 30 2015.......SUNRISE   735 AM EST   SUNSET   544 PM EST
JANUARY 31 2015.......SUNRISE   734 AM EST   SUNSET   545 PM EST


-  INDICATES NEGATIVE NUMBERS.
R  INDICATES RECORD WAS SET OR TIED.
MM INDICATES DATA IS MISSING.
T  INDICATES TRACE AMOUNT.




$$
