000
CDUS41 KRLX 042118
CLIPKB


CLIMATE REPORT
NATIONAL WEATHER SERVICE CHARLESTON WV
516 PM EDT TUE AUG 4 2015


...................................

...THE PARKERSBURG WV CLIMATE SUMMARY FOR AUGUST 4 2015...
VALID TODAY AS OF 0500 PM LOCAL TIME.

CLIMATE NORMAL PERIOD 1981 TO 2010
CLIMATE RECORD PERIOD 1889 TO 2015


WEATHER ITEM   OBSERVED TIME   RECORD YEAR NORMAL DEPARTURE LAST
                VALUE   (LST)  VALUE       VALUE  FROM      YEAR
                                                  NORMAL
..................................................................
TEMPERATURE (F)
 TODAY
  MAXIMUM         88    336 PM 102    1930  85      3       85
  MINIMUM         66    611 AM  48    1965  64      2       58
  AVERAGE         77                        74      3       72

PRECIPITATION (IN)
  TODAY            0.00          1.25 2000   0.12  -0.12    0.00
  MONTH TO DATE    0.00                      0.48  -0.48    0.04
  SINCE JUN 1      7.04                      8.71  -1.67    MM
  SINCE JAN 1     25.23                     25.66  -0.43    MM

DEGREE DAYS
 HEATING
  TODAY            0                         0      0        0
  MONTH TO DATE    0                         0      0        0
  SINCE JUN 1     15                        20     -5       MM
  SINCE JUL 1      0                         1     -1       MM

 COOLING
  TODAY           12                         9      3        7
  MONTH TO DATE   39                        36      3       25
  SINCE JUN 1    541                       519     22       MM
  SINCE JAN 1    702                       603     99       MM
..................................................................


WIND (MPH)
  HIGHEST WIND SPEED    13   HIGHEST WIND DIRECTION    NW (320)
  HIGHEST GUST SPEED    19   HIGHEST GUST DIRECTION    NW (320)
  AVERAGE WIND SPEED     3.0


SKY COVER
  POSSIBLE SUNSHINE  MM
  AVERAGE SKY COVER 0.3


WEATHER CONDITIONS
 THE FOLLOWING WEATHER WAS RECORDED TODAY.
  FOG


RELATIVE HUMIDITY (PERCENT)
 HIGHEST    93           600 AM
 LOWEST     39          1000 AM
 AVERAGE    66

..........................................................


THE PARKERSBURG WV CLIMATE NORMALS FOR TOMORROW
                         NORMAL    RECORD    YEAR
 MAXIMUM TEMPERATURE (F)   85       100      1918
 MINIMUM TEMPERATURE (F)   64        49      1912


SUNRISE AND SUNSET
AUGUST  4 2015........SUNRISE   628 AM EDT   SUNSET   835 PM EDT
AUGUST  5 2015........SUNRISE   629 AM EDT   SUNSET   834 PM EDT


-  INDICATES NEGATIVE NUMBERS.
R  INDICATES RECORD WAS SET OR TIED.
MM INDICATES DATA IS MISSING.
T  INDICATES TRACE AMOUNT.




$$
