000
CDUS41 KRLX 232136
CLIPKB


CLIMATE REPORT
NATIONAL WEATHER SERVICE CHARLESTON WV
536 PM EDT MON OCT 23 2017


...................................

...THE PARKERSBURG WV CLIMATE SUMMARY FOR OCTOBER 23 2017...
VALID TODAY AS OF 0500 PM LOCAL TIME.

CLIMATE NORMAL PERIOD 1981 TO 2010
CLIMATE RECORD PERIOD 1889 TO 2017


WEATHER ITEM   OBSERVED TIME   RECORD YEAR NORMAL DEPARTURE LAST
                VALUE   (LST)  VALUE       VALUE  FROM      YEAR
                                                  NORMAL
..................................................................
TEMPERATURE (F)
 TODAY
  MAXIMUM         67   1217 AM  84    1947  64      3       70
  MINIMUM         58    359 PM  27    1952  42     16       39
  AVERAGE         63                        53     10       55

PRECIPITATION (IN)
  TODAY            0.75          1.15 1959   0.09   0.66     0.00
  MONTH TO DATE    2.77                      2.08   0.69     2.62
  SINCE SEP 1      4.06                      5.16  -1.10     4.90
  SINCE JAN 1     43.53                     33.95   9.58    30.79

DEGREE DAYS
 HEATING
  TODAY            2                        12    -10       10
  MONTH TO DATE   82                       210   -128      126
  SINCE SEP 1    140                       281   -141      137
  SINCE JUL 1    142                       286   -144      137

 COOLING
  TODAY            0                         0      0        0
  MONTH TO DATE   46                        13     33       36
  SINCE SEP 1    171                       119     52      271
  SINCE JAN 1    973                       949     24     1349
..................................................................


WIND (MPH)
  HIGHEST WIND SPEED    20   HIGHEST WIND DIRECTION     W (270)
  HIGHEST GUST SPEED    33   HIGHEST GUST DIRECTION     W (270)
  AVERAGE WIND SPEED     7.1


SKY COVER
  POSSIBLE SUNSHINE  MM
  AVERAGE SKY COVER 0.5


WEATHER CONDITIONS
 THE FOLLOWING WEATHER WAS RECORDED TODAY.
  THUNDERSTORM
  HEAVY RAIN
  RAIN
  LIGHT RAIN
  FOG


RELATIVE HUMIDITY (PERCENT)
 HIGHEST    97           300 PM
 LOWEST     56          1200 AM
 AVERAGE    77

..........................................................


THE PARKERSBURG WV CLIMATE NORMALS FOR TOMORROW
                         NORMAL    RECORD    YEAR
 MAXIMUM TEMPERATURE (F)   64        83      1975
                                             1963
 MINIMUM TEMPERATURE (F)   42        26      1964


SUNRISE AND SUNSET
OCTOBER 23 2017.......SUNRISE   744 AM EDT   SUNSET   635 PM EDT
OCTOBER 24 2017.......SUNRISE   745 AM EDT   SUNSET   634 PM EDT


-  INDICATES NEGATIVE NUMBERS.
R  INDICATES RECORD WAS SET OR TIED.
MM INDICATES DATA IS MISSING.
T  INDICATES TRACE AMOUNT.




$$
