000
CDUS41 KRLX 110830
CLIPKB


CLIMATE REPORT
NATIONAL WEATHER SERVICE CHARLESTON WV
329 AM EST THU FEB 11 2016


...................................

...THE PARKERSBURG WV CLIMATE SUMMARY FOR FEBRUARY 10 2016...

CLIMATE NORMAL PERIOD 1981 TO 2010
CLIMATE RECORD PERIOD 1889 TO 2016


WEATHER ITEM   OBSERVED TIME   RECORD YEAR NORMAL DEPARTURE LAST
                VALUE   (LST)  VALUE       VALUE  FROM      YEAR
                                                  NORMAL
..................................................................
TEMPERATURE (F)
 YESTERDAY
  MAXIMUM         23    146 AM  72    1976  43    -20       36
  MINIMUM         14   1159 PM -27    1899  25    -11       21
  AVERAGE         19                        34    -15       29

PRECIPITATION (IN)
  YESTERDAY        0.03          0.89 2009   0.09  -0.06     0.00
  MONTH TO DATE    1.10                      0.97   0.13     0.67
  SINCE JAN 1      2.85                      3.92  -1.07     2.90

SNOWFALL (IN)
  YESTERDAY       MM
  MONTH TO DATE   MM
  SINCE SEP 1     MM
  SINCE JUL 1     MM
  SNOW DEPTH      MM

DEGREE DAYS
 HEATING
  YESTERDAY       46                        31     15       36
  MONTH TO DATE  282                       320    -38      310
  SINCE DEC 1   1910                      2280   -370     2240
  SINCE JUL 1   2672                      3265   -593     3351

 COOLING
  YESTERDAY        0                         0      0        0
  MONTH TO DATE    0                         0      0        0
  SINCE DEC 1      0                         0      0        0
  SINCE JAN 1      0                         0      0        0
..................................................................


WIND (MPH)
  HIGHEST WIND SPEED    21   HIGHEST WIND DIRECTION     W (280)
  HIGHEST GUST SPEED    29   HIGHEST GUST DIRECTION     W (280)
  AVERAGE WIND SPEED     9.7


SKY COVER
  POSSIBLE SUNSHINE  MM
  AVERAGE SKY COVER 1.0


WEATHER CONDITIONS
 THE FOLLOWING WEATHER WAS RECORDED YESTERDAY.
  HEAVY SNOW
  SNOW
  LIGHT SNOW
  FOG
  HAZE


RELATIVE HUMIDITY (PERCENT)
 HIGHEST    84           200 AM
 LOWEST     67           700 AM
 AVERAGE    76

..........................................................


THE PARKERSBURG WV CLIMATE NORMALS FOR TODAY
                         NORMAL    RECORD    YEAR
 MAXIMUM TEMPERATURE (F)   43        77      1932
 MINIMUM TEMPERATURE (F)   25       -11      1899


SUNRISE AND SUNSET
FEBRUARY 11 2016......SUNRISE   723 AM EST   SUNSET   557 PM EST
FEBRUARY 12 2016......SUNRISE   722 AM EST   SUNSET   559 PM EST


-  INDICATES NEGATIVE NUMBERS.
R  INDICATES RECORD WAS SET OR TIED.
MM INDICATES DATA IS MISSING.
T  INDICATES TRACE AMOUNT.




$$
